{"id":93532,"date":"2021-02-21T21:46:00","date_gmt":"2021-02-21T21:46:00","guid":{"rendered":"https:\/\/www.autonvaraosahaku.fi\/?product=ate-24-0218-0011-1-jarrurumpu"},"modified":"2021-02-21T21:46:01","modified_gmt":"2021-02-21T21:46:01","slug":"ate-24-0218-0011-1-jarrurumpu","status":"publish","type":"product","link":"https:\/\/www.autonvaraosahaku.fi\/?product=ate-24-0218-0011-1-jarrurumpu","title":{"rendered":"ATE 24.0218-0011.1 Jarrurumpu"},"content":{"rendered":"<p>Rumpul\u00e4pimitta: 180,0; Suurin mahdollinen rummun sis\u00e4mitta (mm): 181,4; J-rumpu sis\u00e4leveys [mm]: 40,0; Reikien m\u00e4\u00e4r\u00e4: 4; Reik\u00e4ympyr\u00e4-\u00d8 [mm]: 98,0; Reik\u00e4-\u00d8 [mm]: 13,0; J-rumpu ulkoleveys [mm]: 54,0; Jarrurummun ulkol\u00e4pim. [mm]: 214,0; L\u00e4pimitta sis\u00e4\u00e4notto [mm]: 59,0; MAPP-koodi saatavilla: ; Valmistusvuoteen: 06\/2013; FORD: KA RU8; FIAT: PUNTO 188,PANDA 169,500 312,500 C 312,PUNTO 176,PANDA Van 169,PUNTO Van 188AX,BRAVO I 182,BRAVA 182,PUNTO Cabriolet 176C,TIPO 160,TEMPRA 159,PUNTO Van 176L; LANCIA: Y 840A,DELTA II 836,DEDRA 835,DEDRA SW 835; 46819776, 51863510, 51900803, 7599325, 7750119, 1541801, 1544173, 1680868, 1680869, 9S511113AA, 9S511113BA, 9S511113CA, 9S511113DA<\/p>\n","protected":false},"excerpt":{"rendered":"<p>ATE Jarrurumpu 24.0218-0011.1  FORD,FIAT,LANCIA,KA RU8,PUNTO 188,PANDA 169,500 312,500 C 312,PUNTO 176,PANDA Van 169,PUNTO Van 188AX,BRAVO I 182<\/p>\n","protected":false},"featured_media":0,"template":"","meta":{"site-sidebar-layout":"default","site-content-layout":"default","ast-global-header-display":"","ast-main-header-display":"","ast-hfb-above-header-display":"","ast-hfb-below-header-display":"","ast-hfb-mobile-header-display":"","site-post-title":"","ast-breadcrumbs-content":"","ast-featured-img":"","footer-sml-layout":"","theme-transparent-header-meta":"","adv-header-id-meta":"","stick-header-meta":"","header-above-stick-meta":"","header-main-stick-meta":"","header-below-stick-meta":""},"pwb-brand":[108],"product_cat":[304],"product_tag":[],"class_list":{"0":"post-93532","1":"product","2":"type-product","3":"status-publish","5":"pwb-brand-ate","6":"product_cat-jarrurumpu","7":"desktop-align-left","8":"tablet-align-left","9":"mobile-align-left","11":"first","12":"instock","13":"product-type-external"},"brands":[{"id":108,"name":"ATE","slug":"ate"}],"_links":{"self":[{"href":"https:\/\/www.autonvaraosahaku.fi\/index.php?rest_route=\/wp\/v2\/product\/93532","targetHints":{"allow":["GET"]}}],"collection":[{"href":"https:\/\/www.autonvaraosahaku.fi\/index.php?rest_route=\/wp\/v2\/product"}],"about":[{"href":"https:\/\/www.autonvaraosahaku.fi\/index.php?rest_route=\/wp\/v2\/types\/product"}],"wp:attachment":[{"href":"https:\/\/www.autonvaraosahaku.fi\/index.php?rest_route=%2Fwp%2Fv2%2Fmedia&parent=93532"}],"wp:term":[{"taxonomy":"pwb-brand","embeddable":true,"href":"https:\/\/www.autonvaraosahaku.fi\/index.php?rest_route=%2Fwp%2Fv2%2Fpwb-brand&post=93532"},{"taxonomy":"product_cat","embeddable":true,"href":"https:\/\/www.autonvaraosahaku.fi\/index.php?rest_route=%2Fwp%2Fv2%2Fproduct_cat&post=93532"},{"taxonomy":"product_tag","embeddable":true,"href":"https:\/\/www.autonvaraosahaku.fi\/index.php?rest_route=%2Fwp%2Fv2%2Fproduct_tag&post=93532"}],"curies":[{"name":"wp","href":"https:\/\/api.w.org\/{rel}","templated":true}]}}