{"id":93722,"date":"2021-02-21T21:47:14","date_gmt":"2021-02-21T21:47:14","guid":{"rendered":"https:\/\/www.autonvaraosahaku.fi\/?product=ate-24-0218-0732-2-jarrurumpu"},"modified":"2021-02-21T21:47:19","modified_gmt":"2021-02-21T21:47:19","slug":"ate-24-0218-0732-2-jarrurumpu","status":"publish","type":"product","link":"https:\/\/www.autonvaraosahaku.fi\/?product=ate-24-0218-0732-2-jarrurumpu","title":{"rendered":"ATE 24.0218-0732.2 Jarrurumpu"},"content":{"rendered":"<p>Korvaava tuote\/korvaava tiedote 2: Py\u00f6r\u00e4nlaakerilla; Rumpul\u00e4pimitta: 180,0; Suurin mahdollinen rummun sis\u00e4mitta (mm): 181,0; J-rumpu sis\u00e4leveys [mm]: 53,5; Reikien m\u00e4\u00e4r\u00e4: 4; Reik\u00e4ympyr\u00e4-\u00d8 [mm]: 100,0; Kierremitta: M12x1,5; J-rumpu ulkoleveys [mm]: 83,0; Jarrurummun ulkol\u00e4pim. [mm]: 208,0; L\u00e4pimitta sis\u00e4\u00e4notto [mm]: 52,0; Sis\u00e4l\u00e4pimitta 2 [mm]: 52,3; MAPP-koodi saatavilla: ; Valmistusvuosi alkaen: 01\/1985; RENAULT: TWINGO I C06_,CLIO II BB0\/1\/2_, CB0\/1\/2_,CLIO I B\/C57_, 5\/357_,TWINGO I Kasten S06_,CLIO II Kasten SB0\/1\/2_,19 II B\/C53_,19 II Cabriolet D53_, 853_,SUPER 5 B\/C40_,19 I B\/C53_,9 L42_,19 II Chamade L53_,11 B\/C37_,19 I Chamade L53_,THALIA I LB0\/1\/2_,CLIO I Kasten S57_,19 I Cabriolet D53_,5 Kasten 238_,19 II Kasten S53_,19 I Kasten S53_,THALIA II LU1\/2_,SUPER 5 Kasten S40_; DACIA: LOGAN LS_; 7700419824, 7700419824, 7700783030<\/p>\n","protected":false},"excerpt":{"rendered":"<p>ATE Jarrurumpu 24.0218-0732.2  RENAULT,DACIA,TWINGO I C06_,CLIO II BB0\/1\/2_, CB0\/1\/2_,CLIO I B\/C57_, 5\/357_,TWINGO I Kasten S06_<\/p>\n","protected":false},"featured_media":0,"template":"","meta":{"site-sidebar-layout":"default","site-content-layout":"default","ast-global-header-display":"","ast-main-header-display":"","ast-hfb-above-header-display":"","ast-hfb-below-header-display":"","ast-hfb-mobile-header-display":"","site-post-title":"","ast-breadcrumbs-content":"","ast-featured-img":"","footer-sml-layout":"","theme-transparent-header-meta":"","adv-header-id-meta":"","stick-header-meta":"","header-above-stick-meta":"","header-main-stick-meta":"","header-below-stick-meta":""},"pwb-brand":[108],"product_cat":[304],"product_tag":[],"class_list":{"0":"post-93722","1":"product","2":"type-product","3":"status-publish","5":"pwb-brand-ate","6":"product_cat-jarrurumpu","7":"desktop-align-left","8":"tablet-align-left","9":"mobile-align-left","11":"first","12":"instock","13":"product-type-external"},"brands":[{"id":108,"name":"ATE","slug":"ate"}],"_links":{"self":[{"href":"https:\/\/www.autonvaraosahaku.fi\/index.php?rest_route=\/wp\/v2\/product\/93722","targetHints":{"allow":["GET"]}}],"collection":[{"href":"https:\/\/www.autonvaraosahaku.fi\/index.php?rest_route=\/wp\/v2\/product"}],"about":[{"href":"https:\/\/www.autonvaraosahaku.fi\/index.php?rest_route=\/wp\/v2\/types\/product"}],"wp:attachment":[{"href":"https:\/\/www.autonvaraosahaku.fi\/index.php?rest_route=%2Fwp%2Fv2%2Fmedia&parent=93722"}],"wp:term":[{"taxonomy":"pwb-brand","embeddable":true,"href":"https:\/\/www.autonvaraosahaku.fi\/index.php?rest_route=%2Fwp%2Fv2%2Fpwb-brand&post=93722"},{"taxonomy":"product_cat","embeddable":true,"href":"https:\/\/www.autonvaraosahaku.fi\/index.php?rest_route=%2Fwp%2Fv2%2Fproduct_cat&post=93722"},{"taxonomy":"product_tag","embeddable":true,"href":"https:\/\/www.autonvaraosahaku.fi\/index.php?rest_route=%2Fwp%2Fv2%2Fproduct_tag&post=93722"}],"curies":[{"name":"wp","href":"https:\/\/api.w.org\/{rel}","templated":true}]}}