{"id":93895,"date":"2021-02-21T21:48:29","date_gmt":"2021-02-21T21:48:29","guid":{"rendered":"https:\/\/www.autonvaraosahaku.fi\/?product=vaico-v60-0106-moottorioljy"},"modified":"2021-02-21T21:48:31","modified_gmt":"2021-02-21T21:48:31","slug":"vaico-v60-0106-moottorioljy","status":"publish","type":"product","link":"https:\/\/www.autonvaraosahaku.fi\/?product=vaico-v60-0106-moottorioljy","title":{"rendered":"VAICO V60-0106 Moottori\u00f6ljy"},"content":{"rendered":"<p>Tilavuus (litra): 5; Pakkaustyyppi: Kanisteri; Viskositeettiluokka SAE: 5W-30; Valmistajan hyv\u00e4ksym\u00e4: Fiat 9.55535-S1, PSA B71 2290; Erittely: ACEA A5, ACEA C2, ACEA B5; \u00d6ljy: Synteettinen \u00f6ljy; Tuotelinja: PSA; Moottorinumero: K4M; MAZDA: 5 CR19,3 BK,6 Station Wagon GY,CX-5 KE, GH,6 Kombi GH,2 DE,PREMACY CP,CX-7 ER,6 Hatchback GG,6 GG,3 BL,5 CW,3 BM,MX-5 III NC,6 Kombi GJ, GH,6 Schr\u00e4gheck GH,RX 8 SE17,3 Stufenheck BK,6 GH,MPV II LW,6 Stufenheck GJ, GH,3 Stufenheck BL,3 Stufenheck BM,BT-50 CD, UN,CX-9 TB,BT-50 Pritsche\/Fahrgestell CD, UN; CHEVROLET: MATIZ M200, M250,SPARK M300,NUBIRA Kombi,EPICA KL1_,CAMARO GMX511,LACETTI J200,CORVETTE C6,CORVETTE C5,BLAZER S10,NUBIRA Stufenheck,CORVETTE C4,CORVETTE Convertible,SPARK M200 M250,CORVETTE Convertible C6; JEEP: GRAND CHEROKEE III WH, WK,COMMANDER XK,CHEROKEE KL; LADA: NIVA 2121; IVECO: DAILY IV Kasten\/Kombi,DAILY III Pritsche\/Fahrgestell,DAILY III Kasten\/Kombi,DAILY IV Pritsche\/Fahrgestell,DAILY V Kasten\/Kombi,DAILY V Pritsche\/Fahrgestell,MASSIF Station Wagon,DAILY IV Bus,DAILY IV Kipper,DAILY V Kipper,MASSIF Single Cab,MASSIF Pick-up; NISSAN: QASHQAI \/ QASHQAI +2 J10, JJ10,X-TRAIL T30,NAVARA D40,JUKE F15,PATHFINDER R51,X-TRAIL T31,MICRA IV K13,NV200 EVALIA,350 Z Z33,NAVARA Pritsche\/Fahrgestell D40,NOTE E12,NV200 Kasten,MURANO Z51,370 Z Z34,350 Z Roadster Z33,CUBE Z12,370 Z Roadster Z34,NP300,TEANA II J32,ALTIMA,PATROL III Y62,TEANA I J31; KIA: SPORTAGE SL,VENGA YN,SORENTO II XM,RIO III UB,CEE&#8217;D JD,PICANTO TA,CEE`D Sportswagon JD,CARENS IV,SOUL AM,PRO CEE\u00b4D JD,OPTIMA,RIO III Stufenheck UB,CERATO II Stufenheck TD,CERATO YD Stufenheck,CERATO KOUP TD; LEXUS: IS II GSE2_, ALE2_, USE2_,GS GRS19_, UZS19_, GWS19_,RX GYL1_, GGL15, AGL10,CT ZWA1_,IS III GSE3_, AVE3_,LS UVF4_, USF4_,GS GRL1_, GWL1_,IS C GSE2_; HONDA: CIVIC VIII Hatchback FN, FK,JAZZ II GD,CR-V III RE,JAZZ III GE,CR-V II RD_,ACCORD VII CL,FR-V BE,CR-V IV RE,ACCORD VIII CU,ACCORD VII Tourer CM,CIVIC IX FK,ACCORD VIII Kombi,CIVIC VIII Stufenheck FD, FA,INSIGHT ZE_,CR-Z ZF1,LEGEND IV KB_,ACCORD VII CM,CIVIC IX Tourer FK; LAND ROVER: FREELANDER 2 FA_,RANGE ROVER EVOQUE LV,DISCOVERY IV LA,RANGE ROVER SPORT LW,RANGE ROVER IV LG; 955535S1<\/p>\n","protected":false},"excerpt":{"rendered":"<p>VAICO Moottori\u00f6ljy V60-0106<\/p>\n","protected":false},"featured_media":0,"template":"","meta":{"site-sidebar-layout":"default","site-content-layout":"default","ast-global-header-display":"","ast-main-header-display":"","ast-hfb-above-header-display":"","ast-hfb-below-header-display":"","ast-hfb-mobile-header-display":"","site-post-title":"","ast-breadcrumbs-content":"","ast-featured-img":"","footer-sml-layout":"","theme-transparent-header-meta":"","adv-header-id-meta":"","stick-header-meta":"","header-above-stick-meta":"","header-main-stick-meta":"","header-below-stick-meta":""},"pwb-brand":[330],"product_cat":[129],"product_tag":[],"class_list":{"0":"post-93895","1":"product","2":"type-product","3":"status-publish","5":"pwb-brand-vaico","6":"product_cat-moottorioljy","7":"desktop-align-left","8":"tablet-align-left","9":"mobile-align-left","11":"first","12":"instock","13":"product-type-external"},"brands":[{"id":330,"name":"VAICO","slug":"vaico"}],"_links":{"self":[{"href":"https:\/\/www.autonvaraosahaku.fi\/index.php?rest_route=\/wp\/v2\/product\/93895","targetHints":{"allow":["GET"]}}],"collection":[{"href":"https:\/\/www.autonvaraosahaku.fi\/index.php?rest_route=\/wp\/v2\/product"}],"about":[{"href":"https:\/\/www.autonvaraosahaku.fi\/index.php?rest_route=\/wp\/v2\/types\/product"}],"wp:attachment":[{"href":"https:\/\/www.autonvaraosahaku.fi\/index.php?rest_route=%2Fwp%2Fv2%2Fmedia&parent=93895"}],"wp:term":[{"taxonomy":"pwb-brand","embeddable":true,"href":"https:\/\/www.autonvaraosahaku.fi\/index.php?rest_route=%2Fwp%2Fv2%2Fpwb-brand&post=93895"},{"taxonomy":"product_cat","embeddable":true,"href":"https:\/\/www.autonvaraosahaku.fi\/index.php?rest_route=%2Fwp%2Fv2%2Fproduct_cat&post=93895"},{"taxonomy":"product_tag","embeddable":true,"href":"https:\/\/www.autonvaraosahaku.fi\/index.php?rest_route=%2Fwp%2Fv2%2Fproduct_tag&post=93895"}],"curies":[{"name":"wp","href":"https:\/\/api.w.org\/{rel}","templated":true}]}}