{"id":93906,"date":"2021-02-21T21:48:29","date_gmt":"2021-02-21T21:48:29","guid":{"rendered":"https:\/\/www.autonvaraosahaku.fi\/?product=a-b-s-2706-s-jarrurumpu"},"modified":"2021-02-21T21:48:35","modified_gmt":"2021-02-21T21:48:35","slug":"a-b-s-2706-s-jarrurumpu","status":"publish","type":"product","link":"https:\/\/www.autonvaraosahaku.fi\/?product=a-b-s-2706-s-jarrurumpu","title":{"rendered":"A.B.S. 2706-S Jarrurumpu"},"content":{"rendered":"<p>Jarrurummun sis\u00e4-\u00d8 [mm]: 200; J-rumpu sis\u00e4leveys [mm]: 50,5; Korkeus (mm): 59; Vanne, aukkoja: 4; Navan l\u00e4pimitta 1 [mm]: 65; Jarrurummun ulkol\u00e4pim. [mm]: 240; Reik\u00e4ympyr\u00e4-\u00d8 [mm]: 100; Paino [kg]: 3,87; Asennuspuoli: Hinterachse; VW: LUPO 6X1, 6E1,POLO 6N2,UP,POLO Variant 6KV5,POLO CLASSIC 6KV2,POLO PLAYA,LOAD UP; SKODA: CITIGO; SEAT: AROSA 6H,IBIZA II 6K1,Mii KF1_,CORDOBA 6K1, 6K2,CORDOBA Vario 6K1; 1S0609617, 6X0609617A, 1S0609617, 1S0609617, 6X0609617A<\/p>\n","protected":false},"excerpt":{"rendered":"<p>A.B.S. Jarrurumpu 2706-S  VW,SKODA,SEAT,LUPO 6X1, 6E1,POLO 6N2,UP,POLO Variant 6KV5,POLO CLASSIC 6KV2,POLO PLAYA,LOAD UP,CITIGO,AROSA 6H,IBIZA II 6K1<\/p>\n","protected":false},"featured_media":0,"template":"","meta":{"site-sidebar-layout":"default","site-content-layout":"default","ast-global-header-display":"","ast-main-header-display":"","ast-hfb-above-header-display":"","ast-hfb-below-header-display":"","ast-hfb-mobile-header-display":"","site-post-title":"","ast-breadcrumbs-content":"","ast-featured-img":"","footer-sml-layout":"","theme-transparent-header-meta":"","adv-header-id-meta":"","stick-header-meta":"","header-above-stick-meta":"","header-main-stick-meta":"","header-below-stick-meta":""},"pwb-brand":[326],"product_cat":[304],"product_tag":[],"class_list":{"0":"post-93906","1":"product","2":"type-product","3":"status-publish","5":"pwb-brand-a-b-s","6":"product_cat-jarrurumpu","7":"desktop-align-left","8":"tablet-align-left","9":"mobile-align-left","11":"first","12":"instock","13":"product-type-external"},"brands":[{"id":326,"name":"A.B.S.","slug":"a-b-s"}],"_links":{"self":[{"href":"https:\/\/www.autonvaraosahaku.fi\/index.php?rest_route=\/wp\/v2\/product\/93906","targetHints":{"allow":["GET"]}}],"collection":[{"href":"https:\/\/www.autonvaraosahaku.fi\/index.php?rest_route=\/wp\/v2\/product"}],"about":[{"href":"https:\/\/www.autonvaraosahaku.fi\/index.php?rest_route=\/wp\/v2\/types\/product"}],"wp:attachment":[{"href":"https:\/\/www.autonvaraosahaku.fi\/index.php?rest_route=%2Fwp%2Fv2%2Fmedia&parent=93906"}],"wp:term":[{"taxonomy":"pwb-brand","embeddable":true,"href":"https:\/\/www.autonvaraosahaku.fi\/index.php?rest_route=%2Fwp%2Fv2%2Fpwb-brand&post=93906"},{"taxonomy":"product_cat","embeddable":true,"href":"https:\/\/www.autonvaraosahaku.fi\/index.php?rest_route=%2Fwp%2Fv2%2Fproduct_cat&post=93906"},{"taxonomy":"product_tag","embeddable":true,"href":"https:\/\/www.autonvaraosahaku.fi\/index.php?rest_route=%2Fwp%2Fv2%2Fproduct_tag&post=93906"}],"curies":[{"name":"wp","href":"https:\/\/api.w.org\/{rel}","templated":true}]}}