{"id":93934,"date":"2021-02-21T21:48:46","date_gmt":"2021-02-21T21:48:46","guid":{"rendered":"https:\/\/www.autonvaraosahaku.fi\/?product=ridex-13d0085-vetoakseli"},"modified":"2021-02-21T21:48:48","modified_gmt":"2021-02-21T21:48:48","slug":"ridex-13d0085-vetoakseli","status":"publish","type":"product","link":"https:\/\/www.autonvaraosahaku.fi\/?product=ridex-13d0085-vetoakseli","title":{"rendered":"RIDEX 13D0085 Vetoakseli"},"content":{"rendered":"<p>Asennuspuoli: Etuakseli, vasen; Pituus (mm): 581; Kierremitta: M10x1.5; Ulkohammastus, py\u00f6r\u00e4npuoli: 36; Ulkohammastus tasauspy\u00f6r\u00e4st\u00f6puoli: 26; Tiivisteen l\u00e4pimitta [mm]: 55; Vaihteistomalli: Schaltgetriebe; VOLVO: V50 MW,C30,S40 II MS,C70 II Cabriolet; FORD: FOCUS II Kombi DA_,FOCUS II DA_,FOCUS C-MAX,C-MAX DM2,FOCUS II Stufenheck DA_,FOCUS II Cabriolet; 1223785, 1223788, 1223791, 1305327, 1305328, 1305939, 1353398, 1353399, 1354068, 1364029, 1417778, 1437541, 1454214, 1456975, 1456976, 1474893, 1475131, 1475136, 1528657, 1682285, 1685799, 1686116, 1784754, 1798110, 3M513B437DAC, 3M513B437DAD, 3M513B437DAE, 3M513B437DAF, 3M513B437DAG, 3M513B437KC, 3M513B437KE, 3M513B437KF, 3M513B437KG, 3M513B437KH, 3M513B437KJ, 3M513B437NE, 3M513B437NF, 3M513B437NG, 3M513B437NH, 5M513B437SA, 5M513B437SB, 5M513B437SC, 5M513B437SD, 5M513B437SE, RM3M513B437D2AG, RM3M513B437DA, RM3M513B437N1H, 30681126, 30681128, 30681130, 30711770, 30711772, 30783167, 30783171, 30787775, 30787778, 31256931, 36000440, 36000443, 36000549, 36000552, 36001356, 8063258, 8603251, 8603362, 8603486, 8603487<\/p>\n","protected":false},"excerpt":{"rendered":"<p>RIDEX Vetoakseli 13D0085  VOLVO,FORD,V50 MW,C30,S40 II MS,C70 II Cabriolet,FOCUS II Kombi DA_,FOCUS II DA_,FOCUS C-MAX,C-MAX DM2<\/p>\n","protected":false},"featured_media":0,"template":"","meta":{"site-sidebar-layout":"default","site-content-layout":"default","ast-global-header-display":"","ast-main-header-display":"","ast-hfb-above-header-display":"","ast-hfb-below-header-display":"","ast-hfb-mobile-header-display":"","site-post-title":"","ast-breadcrumbs-content":"","ast-featured-img":"","footer-sml-layout":"","theme-transparent-header-meta":"","adv-header-id-meta":"","stick-header-meta":"","header-above-stick-meta":"","header-main-stick-meta":"","header-below-stick-meta":""},"pwb-brand":[157],"product_cat":[215],"product_tag":[],"class_list":{"0":"post-93934","1":"product","2":"type-product","3":"status-publish","5":"pwb-brand-ridex","6":"product_cat-vetoakseli","7":"desktop-align-left","8":"tablet-align-left","9":"mobile-align-left","11":"first","12":"instock","13":"product-type-external"},"brands":[{"id":157,"name":"RIDEX","slug":"ridex"}],"_links":{"self":[{"href":"https:\/\/www.autonvaraosahaku.fi\/index.php?rest_route=\/wp\/v2\/product\/93934","targetHints":{"allow":["GET"]}}],"collection":[{"href":"https:\/\/www.autonvaraosahaku.fi\/index.php?rest_route=\/wp\/v2\/product"}],"about":[{"href":"https:\/\/www.autonvaraosahaku.fi\/index.php?rest_route=\/wp\/v2\/types\/product"}],"wp:attachment":[{"href":"https:\/\/www.autonvaraosahaku.fi\/index.php?rest_route=%2Fwp%2Fv2%2Fmedia&parent=93934"}],"wp:term":[{"taxonomy":"pwb-brand","embeddable":true,"href":"https:\/\/www.autonvaraosahaku.fi\/index.php?rest_route=%2Fwp%2Fv2%2Fpwb-brand&post=93934"},{"taxonomy":"product_cat","embeddable":true,"href":"https:\/\/www.autonvaraosahaku.fi\/index.php?rest_route=%2Fwp%2Fv2%2Fproduct_cat&post=93934"},{"taxonomy":"product_tag","embeddable":true,"href":"https:\/\/www.autonvaraosahaku.fi\/index.php?rest_route=%2Fwp%2Fv2%2Fproduct_tag&post=93934"}],"curies":[{"name":"wp","href":"https:\/\/api.w.org\/{rel}","templated":true}]}}