{"id":94333,"date":"2021-02-21T21:51:39","date_gmt":"2021-02-21T21:51:39","guid":{"rendered":"https:\/\/www.autonvaraosahaku.fi\/?product=mapco-95937-kierretulppa"},"modified":"2021-02-21T21:51:41","modified_gmt":"2021-02-21T21:51:41","slug":"mapco-95937-kierretulppa","status":"publish","type":"product","link":"https:\/\/www.autonvaraosahaku.fi\/?product=mapco-95937-kierretulppa","title":{"rendered":"MAPCO 95937 Kierretulppa"},"content":{"rendered":"<p>Pituus (mm): 20; Kierremitta: M16x1,5; Kierteen pituus (mm): 15; MINI: MINI R56,MINI CLUBMAN R55; CITRO\u00cbN: C4 Picasso I UD_,C4 I LC_,C3 Picasso,C4 Coupe LA_; PEUGEOT: 207 WA_, WC_,207 CC WD_,207 SW WK_,308 SW,308 4A_, 4C_,308 CC; 031139; \u00d6ljytulppa,Kierretulppa, \u00d6ljypohja<\/p>\n","protected":false},"excerpt":{"rendered":"<p>MAPCO Kierretulppa 95937 \u00d6ljytulppa,Kierretulppa, \u00d6ljypohja MINI,CITRO\u00cbN,PEUGEOT,MINI R56,MINI CLUBMAN R55,C4 Picasso I UD_,C4 I LC_,C3 Picasso<\/p>\n","protected":false},"featured_media":0,"template":"","meta":{"site-sidebar-layout":"default","site-content-layout":"default","ast-global-header-display":"","ast-main-header-display":"","ast-hfb-above-header-display":"","ast-hfb-below-header-display":"","ast-hfb-mobile-header-display":"","site-post-title":"","ast-breadcrumbs-content":"","ast-featured-img":"","footer-sml-layout":"","theme-transparent-header-meta":"","adv-header-id-meta":"","stick-header-meta":"","header-above-stick-meta":"","header-main-stick-meta":"","header-below-stick-meta":""},"pwb-brand":[36],"product_cat":[40],"product_tag":[],"class_list":{"0":"post-94333","1":"product","2":"type-product","3":"status-publish","5":"pwb-brand-mapco","6":"product_cat-kierretulppa","7":"desktop-align-left","8":"tablet-align-left","9":"mobile-align-left","11":"first","12":"instock","13":"product-type-external"},"brands":[{"id":36,"name":"MAPCO","slug":"mapco"}],"_links":{"self":[{"href":"https:\/\/www.autonvaraosahaku.fi\/index.php?rest_route=\/wp\/v2\/product\/94333","targetHints":{"allow":["GET"]}}],"collection":[{"href":"https:\/\/www.autonvaraosahaku.fi\/index.php?rest_route=\/wp\/v2\/product"}],"about":[{"href":"https:\/\/www.autonvaraosahaku.fi\/index.php?rest_route=\/wp\/v2\/types\/product"}],"wp:attachment":[{"href":"https:\/\/www.autonvaraosahaku.fi\/index.php?rest_route=%2Fwp%2Fv2%2Fmedia&parent=94333"}],"wp:term":[{"taxonomy":"pwb-brand","embeddable":true,"href":"https:\/\/www.autonvaraosahaku.fi\/index.php?rest_route=%2Fwp%2Fv2%2Fpwb-brand&post=94333"},{"taxonomy":"product_cat","embeddable":true,"href":"https:\/\/www.autonvaraosahaku.fi\/index.php?rest_route=%2Fwp%2Fv2%2Fproduct_cat&post=94333"},{"taxonomy":"product_tag","embeddable":true,"href":"https:\/\/www.autonvaraosahaku.fi\/index.php?rest_route=%2Fwp%2Fv2%2Fproduct_tag&post=94333"}],"curies":[{"name":"wp","href":"https:\/\/api.w.org\/{rel}","templated":true}]}}