{"id":94370,"date":"2021-02-21T21:51:56","date_gmt":"2021-02-21T21:51:56","guid":{"rendered":"https:\/\/www.autonvaraosahaku.fi\/?product=vemo-v15-99-1956-1-lampokytkin-jaahdyttimen-puhallin"},"modified":"2021-02-21T21:51:57","modified_gmt":"2021-02-21T21:51:57","slug":"vemo-v15-99-1956-1-lampokytkin-jaahdyttimen-puhallin","status":"publish","type":"product","link":"https:\/\/www.autonvaraosahaku.fi\/?product=vemo-v15-99-1956-1-lampokytkin-jaahdyttimen-puhallin","title":{"rendered":"VEMO V15-99-1956-1 L\u00e4mp\u00f6kytkin j\u00e4\u00e4hdyttimen puhallin"},"content":{"rendered":"<p>Kierremitta: M22x1,5; Avainv\u00e4li: 29; Lis\u00e4tarvike\/lis\u00e4tieto: Tiivisteill\u00e4; Napojen m\u00e4\u00e4r\u00e4: 2; V\u00e4rimerkint\u00e4: Valkoinen; Vaihtopiste alkaen [\u00b0C]: 92; Vaihtopiste enint. [\u00b0C]: 87; Paino [kg]: 0,057; Pakkausleveys [cm]: 5,8; Pakkauskorkeus [mm]: 3,3; Pakkaussyvyys [cm]: 3; lis\u00e4tieto: Original VEMO Quality; Alustanumeroon: 868 2600 000; VW: GOLF I 17,POLO 86,PASSAT 32,DERBY 86,PASSAT Variant 33; AUDI: 80 80, 82, B1,100 C1,100 Coupe C1,100 43, C2,50 86,100 Avant 43, C2; SKODA: 105,120 742,105,120 744; SEAT: RONDA 022A; DAEWOO: NEXIA KLETN,NEXIA Stufenheck KLETN; LADA: NIVA 2121,1200-1600,1200-1500 Kombi,SAMARA 2108, 2109, 2115, 2113, 2114,NOVA 2105,NOVA Kombi 2104,SAMARA Stufenheck 21099, 2115; SAAB: 9000 Schr\u00e4gheck,900 I Cabriolet,900 I Combi Coupe,900 I AC4, AM4,9000; JAGUAR: XJ,XJSC Convertible,XJ Coupe; DACIA: 1310 Stufenheck U, X,1300; FIAT: PUNTO 176,124 Spider,PUNTO Cabriolet 176C,X 1\/9 128 AS,128,131,124 Coupe,RITMO I 138A,124,128 Familiare,131 Familiare\/Panorama; 531971071J, 823959481, 823959481A, 823959481F, 823959481L, 823959481M, 923959481A, 923959481J, 28286103, 4235533, 4240878, 82273809, 82348209, 53331172, 21033808800NW, 856923, 9526518, 823959481A, 823959481F, 823959481L, FC95260000, FC95260003, GE95260000, GE95260001, HB95260000, HB95260001, LF95260000, LF95260001, 823959481F, 823959481L, 531971071J, 823959481, 823959481A, 823959481F, 823959481L, 823959481M, 923959481A, 923959481J<\/p>\n","protected":false},"excerpt":{"rendered":"<p>VEMO L\u00e4mp\u00f6kytkin J\u00e4\u00e4hdyttimen Puhallin V15-99-1956-1  VW,AUDI,SKODA,GOLF I 17,POLO 86,PASSAT 32,DERBY 86,PASSAT Variant 33,80 80, 82, B1,100 C1<\/p>\n","protected":false},"featured_media":0,"template":"","meta":{"site-sidebar-layout":"default","site-content-layout":"default","ast-global-header-display":"","ast-main-header-display":"","ast-hfb-above-header-display":"","ast-hfb-below-header-display":"","ast-hfb-mobile-header-display":"","site-post-title":"","ast-breadcrumbs-content":"","ast-featured-img":"","footer-sml-layout":"","theme-transparent-header-meta":"","adv-header-id-meta":"","stick-header-meta":"","header-above-stick-meta":"","header-main-stick-meta":"","header-below-stick-meta":""},"pwb-brand":[168],"product_cat":[290],"product_tag":[],"class_list":{"0":"post-94370","1":"product","2":"type-product","3":"status-publish","5":"pwb-brand-vemo","6":"product_cat-lampokytkin-jaahdyttimen-puhallin","7":"desktop-align-left","8":"tablet-align-left","9":"mobile-align-left","11":"first","12":"instock","13":"product-type-external"},"brands":[{"id":168,"name":"VEMO","slug":"vemo"}],"_links":{"self":[{"href":"https:\/\/www.autonvaraosahaku.fi\/index.php?rest_route=\/wp\/v2\/product\/94370","targetHints":{"allow":["GET"]}}],"collection":[{"href":"https:\/\/www.autonvaraosahaku.fi\/index.php?rest_route=\/wp\/v2\/product"}],"about":[{"href":"https:\/\/www.autonvaraosahaku.fi\/index.php?rest_route=\/wp\/v2\/types\/product"}],"wp:attachment":[{"href":"https:\/\/www.autonvaraosahaku.fi\/index.php?rest_route=%2Fwp%2Fv2%2Fmedia&parent=94370"}],"wp:term":[{"taxonomy":"pwb-brand","embeddable":true,"href":"https:\/\/www.autonvaraosahaku.fi\/index.php?rest_route=%2Fwp%2Fv2%2Fpwb-brand&post=94370"},{"taxonomy":"product_cat","embeddable":true,"href":"https:\/\/www.autonvaraosahaku.fi\/index.php?rest_route=%2Fwp%2Fv2%2Fproduct_cat&post=94370"},{"taxonomy":"product_tag","embeddable":true,"href":"https:\/\/www.autonvaraosahaku.fi\/index.php?rest_route=%2Fwp%2Fv2%2Fproduct_tag&post=94370"}],"curies":[{"name":"wp","href":"https:\/\/api.w.org\/{rel}","templated":true}]}}