{"id":94558,"date":"2021-02-21T21:53:11","date_gmt":"2021-02-21T21:53:11","guid":{"rendered":"https:\/\/www.autonvaraosahaku.fi\/?product=nipparts-j1343017-raitisilmasuodatin"},"modified":"2021-02-21T21:53:15","modified_gmt":"2021-02-21T21:53:15","slug":"nipparts-j1343017-raitisilmasuodatin","status":"publish","type":"product","link":"https:\/\/www.autonvaraosahaku.fi\/?product=nipparts-j1343017-raitisilmasuodatin","title":{"rendered":"NIPPARTS J1343017 Raitisilmasuodatin"},"content":{"rendered":"<p>Pituus (mm): 237; Leveys (mm): 98; Korkeus (mm): 21,5; Tarvittava kappalem\u00e4\u00e4r\u00e4: 2; Varusteet: f\u00fcr Fahrzeuge mit Klimaanlage; MAZDA: 5 CR19,3 BK,PREMACY CP,5 CW,3 Stufenheck BK; BBM461J6X, BP4K61J6X, BP4K61J6XA9A, BP8P61J6X, BP8P61J6XA9A, CC2961J6X, CC6461J6X; Sis\u00e4ilmansuodatin,Suodatin, Sis\u00e4ilma<\/p>\n","protected":false},"excerpt":{"rendered":"<p>NIPPARTS Raitisilmasuodatin J1343017 Sis\u00e4ilmansuodatin,Suodatin, Sis\u00e4ilma MAZDA,5 CR19,3 BK,PREMACY CP,5 CW,3 Stufenheck BK<\/p>\n","protected":false},"featured_media":0,"template":"","meta":{"site-sidebar-layout":"default","site-content-layout":"default","ast-global-header-display":"","ast-main-header-display":"","ast-hfb-above-header-display":"","ast-hfb-below-header-display":"","ast-hfb-mobile-header-display":"","site-post-title":"","ast-breadcrumbs-content":"","ast-featured-img":"","footer-sml-layout":"","theme-transparent-header-meta":"","adv-header-id-meta":"","stick-header-meta":"","header-above-stick-meta":"","header-main-stick-meta":"","header-below-stick-meta":""},"pwb-brand":[335],"product_cat":[19],"product_tag":[],"class_list":{"0":"post-94558","1":"product","2":"type-product","3":"status-publish","5":"pwb-brand-nipparts","6":"product_cat-raitisilmasuodatin","7":"desktop-align-left","8":"tablet-align-left","9":"mobile-align-left","11":"first","12":"instock","13":"product-type-external"},"brands":[{"id":335,"name":"NIPPARTS","slug":"nipparts"}],"_links":{"self":[{"href":"https:\/\/www.autonvaraosahaku.fi\/index.php?rest_route=\/wp\/v2\/product\/94558","targetHints":{"allow":["GET"]}}],"collection":[{"href":"https:\/\/www.autonvaraosahaku.fi\/index.php?rest_route=\/wp\/v2\/product"}],"about":[{"href":"https:\/\/www.autonvaraosahaku.fi\/index.php?rest_route=\/wp\/v2\/types\/product"}],"wp:attachment":[{"href":"https:\/\/www.autonvaraosahaku.fi\/index.php?rest_route=%2Fwp%2Fv2%2Fmedia&parent=94558"}],"wp:term":[{"taxonomy":"pwb-brand","embeddable":true,"href":"https:\/\/www.autonvaraosahaku.fi\/index.php?rest_route=%2Fwp%2Fv2%2Fpwb-brand&post=94558"},{"taxonomy":"product_cat","embeddable":true,"href":"https:\/\/www.autonvaraosahaku.fi\/index.php?rest_route=%2Fwp%2Fv2%2Fproduct_cat&post=94558"},{"taxonomy":"product_tag","embeddable":true,"href":"https:\/\/www.autonvaraosahaku.fi\/index.php?rest_route=%2Fwp%2Fv2%2Fproduct_tag&post=94558"}],"curies":[{"name":"wp","href":"https:\/\/api.w.org\/{rel}","templated":true}]}}