{"id":94587,"date":"2021-02-21T21:53:20","date_gmt":"2021-02-21T21:53:20","guid":{"rendered":"https:\/\/www.autonvaraosahaku.fi\/?product=ridex-82b0637-jarrulevyt"},"modified":"2021-02-21T21:53:27","modified_gmt":"2021-02-21T21:53:27","slug":"ridex-82b0637-jarrulevyt","status":"publish","type":"product","link":"https:\/\/www.autonvaraosahaku.fi\/?product=ridex-82b0637-jarrulevyt","title":{"rendered":"RIDEX 82B0637 Jarrulevyt"},"content":{"rendered":"<p>Jarrulevytyyppi: Vakiomalli; Ulkol\u00e4pimitta [mm]: 305; Paksuus [mm]: 9; V\u00e4himm\u00e4ispaksuus (mm): 8; Korkeus (mm): 60,4; Reik\u00e4kuvio\/-m\u00e4\u00e4r\u00e4: 5\/10; Reik\u00e4ympyr\u00e4-\u00d8 1 [mm]: 114,3; Navan reik\u00e4-\u00d8 [mm]: 70,2; Sis\u00e4l\u00e4pimitta [mm]: 190; Porausreik\u00e4l\u00e4pimitta enint\u00e4\u00e4n [mm]: 12,6; Asennuspuoli: Taka-akseli; Vaihteistomalli: Vollautomatik; HONDA: ACCORD VIII CU,ACCORD VIII Kombi,ACCORD IX Stufenheck; 42510TK0G50, 42510TL0G50, 42510TL0G51; Jarrulevy<\/p>\n","protected":false},"excerpt":{"rendered":"<p>RIDEX Jarrulevyt 82B0637 Jarrulevy HONDA,ACCORD VIII CU,ACCORD VIII Kombi,ACCORD IX Stufenheck<\/p>\n","protected":false},"featured_media":0,"template":"","meta":{"site-sidebar-layout":"default","site-content-layout":"default","ast-global-header-display":"","ast-main-header-display":"","ast-hfb-above-header-display":"","ast-hfb-below-header-display":"","ast-hfb-mobile-header-display":"","site-post-title":"","ast-breadcrumbs-content":"","ast-featured-img":"","footer-sml-layout":"","theme-transparent-header-meta":"","adv-header-id-meta":"","stick-header-meta":"","header-above-stick-meta":"","header-main-stick-meta":"","header-below-stick-meta":""},"pwb-brand":[157],"product_cat":[66],"product_tag":[],"class_list":{"0":"post-94587","1":"product","2":"type-product","3":"status-publish","5":"pwb-brand-ridex","6":"product_cat-jarrulevyt","7":"desktop-align-left","8":"tablet-align-left","9":"mobile-align-left","11":"first","12":"instock","13":"product-type-external"},"brands":[{"id":157,"name":"RIDEX","slug":"ridex"}],"_links":{"self":[{"href":"https:\/\/www.autonvaraosahaku.fi\/index.php?rest_route=\/wp\/v2\/product\/94587","targetHints":{"allow":["GET"]}}],"collection":[{"href":"https:\/\/www.autonvaraosahaku.fi\/index.php?rest_route=\/wp\/v2\/product"}],"about":[{"href":"https:\/\/www.autonvaraosahaku.fi\/index.php?rest_route=\/wp\/v2\/types\/product"}],"wp:attachment":[{"href":"https:\/\/www.autonvaraosahaku.fi\/index.php?rest_route=%2Fwp%2Fv2%2Fmedia&parent=94587"}],"wp:term":[{"taxonomy":"pwb-brand","embeddable":true,"href":"https:\/\/www.autonvaraosahaku.fi\/index.php?rest_route=%2Fwp%2Fv2%2Fpwb-brand&post=94587"},{"taxonomy":"product_cat","embeddable":true,"href":"https:\/\/www.autonvaraosahaku.fi\/index.php?rest_route=%2Fwp%2Fv2%2Fproduct_cat&post=94587"},{"taxonomy":"product_tag","embeddable":true,"href":"https:\/\/www.autonvaraosahaku.fi\/index.php?rest_route=%2Fwp%2Fv2%2Fproduct_tag&post=94587"}],"curies":[{"name":"wp","href":"https:\/\/api.w.org\/{rel}","templated":true}]}}