{"id":94735,"date":"2021-02-21T21:54:28","date_gmt":"2021-02-21T21:54:28","guid":{"rendered":"https:\/\/www.autonvaraosahaku.fi\/?product=eibach-e4015-140-jouset"},"modified":"2021-02-21T21:54:30","modified_gmt":"2021-02-21T21:54:30","slug":"eibach-e4015-140-jouset","status":"publish","type":"product","link":"https:\/\/www.autonvaraosahaku.fi\/?product=eibach-e4015-140-jouset","title":{"rendered":"EIBACH E4015-140 Jouset"},"content":{"rendered":"<p>Rekister\u00f6ity tyyppi: Yleissertifikaatti (ABE); Akselikuorma, etu, enint. [kg]: 835; Akselikuorma, taka, enint. [kg]: 750; Varusteet: Autoihin ilman tasons\u00e4\u00e4t\u00f6\u00e4; Tuotelinja: Pro-Kit; Tuning: 1; Huomioi huolto-ohjeet: ; HONDA: CIVIC V Hatchback EG,CIVIC V Coupe EJ,CIVIC V Stufenheck EG, EH; Alustasarja Jouset<\/p>\n","protected":false},"excerpt":{"rendered":"<p>EIBACH Madallusjouset E4015-140 Alustasarja Jouset HONDA,CIVIC V Hatchback EG,CIVIC V Coupe EJ,CIVIC V Stufenheck EG, EH<\/p>\n","protected":false},"featured_media":0,"template":"","meta":{"site-sidebar-layout":"default","site-content-layout":"default","ast-global-header-display":"","ast-main-header-display":"","ast-hfb-above-header-display":"","ast-hfb-below-header-display":"","ast-hfb-mobile-header-display":"","site-post-title":"","ast-breadcrumbs-content":"","ast-featured-img":"","footer-sml-layout":"","theme-transparent-header-meta":"","adv-header-id-meta":"","stick-header-meta":"","header-above-stick-meta":"","header-main-stick-meta":"","header-below-stick-meta":""},"pwb-brand":[328],"product_cat":[171],"product_tag":[],"class_list":{"0":"post-94735","1":"product","2":"type-product","3":"status-publish","5":"pwb-brand-eibach","6":"product_cat-jouset","7":"desktop-align-left","8":"tablet-align-left","9":"mobile-align-left","11":"first","12":"instock","13":"product-type-external"},"brands":[{"id":328,"name":"EIBACH","slug":"eibach"}],"_links":{"self":[{"href":"https:\/\/www.autonvaraosahaku.fi\/index.php?rest_route=\/wp\/v2\/product\/94735","targetHints":{"allow":["GET"]}}],"collection":[{"href":"https:\/\/www.autonvaraosahaku.fi\/index.php?rest_route=\/wp\/v2\/product"}],"about":[{"href":"https:\/\/www.autonvaraosahaku.fi\/index.php?rest_route=\/wp\/v2\/types\/product"}],"wp:attachment":[{"href":"https:\/\/www.autonvaraosahaku.fi\/index.php?rest_route=%2Fwp%2Fv2%2Fmedia&parent=94735"}],"wp:term":[{"taxonomy":"pwb-brand","embeddable":true,"href":"https:\/\/www.autonvaraosahaku.fi\/index.php?rest_route=%2Fwp%2Fv2%2Fpwb-brand&post=94735"},{"taxonomy":"product_cat","embeddable":true,"href":"https:\/\/www.autonvaraosahaku.fi\/index.php?rest_route=%2Fwp%2Fv2%2Fproduct_cat&post=94735"},{"taxonomy":"product_tag","embeddable":true,"href":"https:\/\/www.autonvaraosahaku.fi\/index.php?rest_route=%2Fwp%2Fv2%2Fproduct_tag&post=94735"}],"curies":[{"name":"wp","href":"https:\/\/api.w.org\/{rel}","templated":true}]}}