{"id":94896,"date":"2021-02-21T21:55:36","date_gmt":"2021-02-21T21:55:36","guid":{"rendered":"https:\/\/www.autonvaraosahaku.fi\/?product=ajusa-12020200-venttiilinvarren-kumit"},"modified":"2021-02-21T21:55:39","modified_gmt":"2021-02-21T21:55:39","slug":"ajusa-12020200-venttiilinvarren-kumit","status":"publish","type":"product","link":"https:\/\/www.autonvaraosahaku.fi\/?product=ajusa-12020200-venttiilinvarren-kumit","title":{"rendered":"AJUSA 12020200 Venttiilinvarren kumit"},"content":{"rendered":"<p>Asennuspuoli: Sylinterikannen kopasta sylinterikanteen; Sis\u00e4l\u00e4pimitta [mm]: 4,5; Ulkol\u00e4pimitta [mm]: 11; Korkeus (mm): 14,5; Tarvittava kappalem\u00e4\u00e4r\u00e4: 16; RENAULT: LAGUNA II Grandtour KG0\/1_,LAGUNA II BG0\/1_,MEGANE I Cabriolet EA0\/1_,MEGANE I Classic LA0\/1_,MEGANE I Coach DA0\/1_; 8200082487<\/p>\n","protected":false},"excerpt":{"rendered":"<p>AJUSA Tiiviste, Venttiilivarsi 12020200  RENAULT,LAGUNA II Grandtour KG0\/1_,LAGUNA II BG0\/1_,MEGANE I Cabriolet EA0\/1_,MEGANE I Classic LA0\/1_<\/p>\n","protected":false},"featured_media":0,"template":"","meta":{"site-sidebar-layout":"default","site-content-layout":"default","ast-global-header-display":"","ast-main-header-display":"","ast-hfb-above-header-display":"","ast-hfb-below-header-display":"","ast-hfb-mobile-header-display":"","site-post-title":"","ast-breadcrumbs-content":"","ast-featured-img":"","footer-sml-layout":"","theme-transparent-header-meta":"","adv-header-id-meta":"","stick-header-meta":"","header-above-stick-meta":"","header-main-stick-meta":"","header-below-stick-meta":""},"pwb-brand":[211],"product_cat":[170],"product_tag":[],"class_list":{"0":"post-94896","1":"product","2":"type-product","3":"status-publish","5":"pwb-brand-ajusa","6":"product_cat-venttiilinvarren-kumit","7":"desktop-align-left","8":"tablet-align-left","9":"mobile-align-left","11":"first","12":"instock","13":"product-type-external"},"brands":[{"id":211,"name":"AJUSA","slug":"ajusa"}],"_links":{"self":[{"href":"https:\/\/www.autonvaraosahaku.fi\/index.php?rest_route=\/wp\/v2\/product\/94896","targetHints":{"allow":["GET"]}}],"collection":[{"href":"https:\/\/www.autonvaraosahaku.fi\/index.php?rest_route=\/wp\/v2\/product"}],"about":[{"href":"https:\/\/www.autonvaraosahaku.fi\/index.php?rest_route=\/wp\/v2\/types\/product"}],"wp:attachment":[{"href":"https:\/\/www.autonvaraosahaku.fi\/index.php?rest_route=%2Fwp%2Fv2%2Fmedia&parent=94896"}],"wp:term":[{"taxonomy":"pwb-brand","embeddable":true,"href":"https:\/\/www.autonvaraosahaku.fi\/index.php?rest_route=%2Fwp%2Fv2%2Fpwb-brand&post=94896"},{"taxonomy":"product_cat","embeddable":true,"href":"https:\/\/www.autonvaraosahaku.fi\/index.php?rest_route=%2Fwp%2Fv2%2Fproduct_cat&post=94896"},{"taxonomy":"product_tag","embeddable":true,"href":"https:\/\/www.autonvaraosahaku.fi\/index.php?rest_route=%2Fwp%2Fv2%2Fproduct_tag&post=94896"}],"curies":[{"name":"wp","href":"https:\/\/api.w.org\/{rel}","templated":true}]}}