{"id":95180,"date":"2021-02-21T21:57:37","date_gmt":"2021-02-21T21:57:37","guid":{"rendered":"https:\/\/www.autonvaraosahaku.fi\/?product=metzger-0915005-lampokytkin-jaahdyttimen-puhallin"},"modified":"2021-02-21T21:57:41","modified_gmt":"2021-02-21T21:57:41","slug":"metzger-0915005-lampokytkin-jaahdyttimen-puhallin","status":"publish","type":"product","link":"https:\/\/www.autonvaraosahaku.fi\/?product=metzger-0915005-lampokytkin-jaahdyttimen-puhallin","title":{"rendered":"METZGER 0915005 L\u00e4mp\u00f6kytkin j\u00e4\u00e4hdyttimen puhallin"},"content":{"rendered":"<p>Vaihtopiste alkaen [\u00b0C]: 93; Vaihtopiste enint. [\u00b0C]: 88; Napojen m\u00e4\u00e4r\u00e4: 2; Kierremitta: M 18&#215;1,5; V\u00e4ri: Ruskea; HONDA: JAZZ II GD,CIVIC VII Hatchback EU, EP, EV,CR-V II RD_,ACCORD VII CL,CIVIC VI Hatchback EJ, EK,FR-V BE,ACCORD VII Tourer CM,ACCORD VI CG, CK,CIVIC VI Fastback MA, MB,CRX III EH, EG,LOGO GA3,CIVIC VI Aerodeck MB, MC,STREAM RN,CR-V I RD,HR-V GH,CIVIC V Hatchback EG,CIVIC VII Coupe EM2,ACCORD VI Coupe CG,S2000 AP,CIVIC VI Stufenheck EJ, EK,CIVIC VI Coupe EJ, EM1,SHUTTLE RA,INTEGRA Coupe DC2, DC4,CIVIC V Coupe EJ,CIVIC VII Stufenheck ES,CIVIC V Stufenheck EG, EH,ACCORD V Aerodeck CE,ACCORD V Coupe CD,CIVIC IV Stufenheck ED; ROVER: 600 RH,400 RT,400 Hatchback RT; 37760P00003, 37760P00004, 37773PLZE01, 5862028390, PEJ100110, PEJ100120<\/p>\n","protected":false},"excerpt":{"rendered":"<p>METZGER L\u00e4mp\u00f6kytkin J\u00e4\u00e4hdyttimen Puhallin 0915005  HONDA,ROVER,JAZZ II GD,CIVIC VII Hatchback EU, EP, EV,CR-V II RD_,ACCORD VII CL<\/p>\n","protected":false},"featured_media":0,"template":"","meta":{"site-sidebar-layout":"default","site-content-layout":"default","ast-global-header-display":"","ast-main-header-display":"","ast-hfb-above-header-display":"","ast-hfb-below-header-display":"","ast-hfb-mobile-header-display":"","site-post-title":"","ast-breadcrumbs-content":"","ast-featured-img":"","footer-sml-layout":"","theme-transparent-header-meta":"","adv-header-id-meta":"","stick-header-meta":"","header-above-stick-meta":"","header-main-stick-meta":"","header-below-stick-meta":""},"pwb-brand":[69],"product_cat":[290],"product_tag":[],"class_list":{"0":"post-95180","1":"product","2":"type-product","3":"status-publish","5":"pwb-brand-metzger","6":"product_cat-lampokytkin-jaahdyttimen-puhallin","7":"desktop-align-left","8":"tablet-align-left","9":"mobile-align-left","11":"first","12":"instock","13":"product-type-external"},"brands":[{"id":69,"name":"METZGER","slug":"metzger"}],"_links":{"self":[{"href":"https:\/\/www.autonvaraosahaku.fi\/index.php?rest_route=\/wp\/v2\/product\/95180","targetHints":{"allow":["GET"]}}],"collection":[{"href":"https:\/\/www.autonvaraosahaku.fi\/index.php?rest_route=\/wp\/v2\/product"}],"about":[{"href":"https:\/\/www.autonvaraosahaku.fi\/index.php?rest_route=\/wp\/v2\/types\/product"}],"wp:attachment":[{"href":"https:\/\/www.autonvaraosahaku.fi\/index.php?rest_route=%2Fwp%2Fv2%2Fmedia&parent=95180"}],"wp:term":[{"taxonomy":"pwb-brand","embeddable":true,"href":"https:\/\/www.autonvaraosahaku.fi\/index.php?rest_route=%2Fwp%2Fv2%2Fpwb-brand&post=95180"},{"taxonomy":"product_cat","embeddable":true,"href":"https:\/\/www.autonvaraosahaku.fi\/index.php?rest_route=%2Fwp%2Fv2%2Fproduct_cat&post=95180"},{"taxonomy":"product_tag","embeddable":true,"href":"https:\/\/www.autonvaraosahaku.fi\/index.php?rest_route=%2Fwp%2Fv2%2Fproduct_tag&post=95180"}],"curies":[{"name":"wp","href":"https:\/\/api.w.org\/{rel}","templated":true}]}}