{"id":95680,"date":"2021-02-21T22:01:13","date_gmt":"2021-02-21T22:01:13","guid":{"rendered":"https:\/\/www.autonvaraosahaku.fi\/?product=vaico-v24-0293-paisuntasailio"},"modified":"2021-02-21T22:01:17","modified_gmt":"2021-02-21T22:01:17","slug":"vaico-v24-0293-paisuntasailio","status":"publish","type":"product","link":"https:\/\/www.autonvaraosahaku.fi\/?product=vaico-v24-0293-paisuntasailio","title":{"rendered":"VAICO V24-0293 Paisuntas\u00e4ili\u00f6"},"content":{"rendered":"<p>Paino [kg]: 0,399; Pakkausleveys [cm]: 13,1; Pakkauskorkeus [mm]: 12,1; Pakkaussyvyys [cm]: 31,1; lis\u00e4tieto: CST99; FIAT: BRAVO I 182,BRAVA 182,MAREA Weekend 185,MAREA 185; ALFA ROMEO: 147 937,156 Sportwagon 932,156 932,GT 937,145 930,146 930; 46743135, 60654720, 60693147, 60813480, 60816313, 7768713, 46442367, 46743135, 60654720, 60813480, 7768713, 46442367, 46743135, 46442367, 46743135, 60654720, 60813480, 7768713; Nestes\u00e4ili\u00f6, J\u00e4\u00e4hdytysneste<\/p>\n","protected":false},"excerpt":{"rendered":"<p>VAICO Paisuntas\u00e4ili\u00f6 V24-0293 Nestes\u00e4ili\u00f6, J\u00e4\u00e4hdytysneste FIAT,ALFA ROMEO,BRAVO I 182,BRAVA 182,MAREA Weekend 185,MAREA 185,147 937,156 Sportwagon 932<\/p>\n","protected":false},"featured_media":0,"template":"","meta":{"site-sidebar-layout":"default","site-content-layout":"default","ast-global-header-display":"","ast-main-header-display":"","ast-hfb-above-header-display":"","ast-hfb-below-header-display":"","ast-hfb-mobile-header-display":"","site-post-title":"","ast-breadcrumbs-content":"","ast-featured-img":"","footer-sml-layout":"","theme-transparent-header-meta":"","adv-header-id-meta":"","stick-header-meta":"","header-above-stick-meta":"","header-main-stick-meta":"","header-below-stick-meta":""},"pwb-brand":[330],"product_cat":[127],"product_tag":[],"class_list":{"0":"post-95680","1":"product","2":"type-product","3":"status-publish","5":"pwb-brand-vaico","6":"product_cat-paisuntasailio","7":"desktop-align-left","8":"tablet-align-left","9":"mobile-align-left","11":"first","12":"instock","13":"product-type-external"},"brands":[{"id":330,"name":"VAICO","slug":"vaico"}],"_links":{"self":[{"href":"https:\/\/www.autonvaraosahaku.fi\/index.php?rest_route=\/wp\/v2\/product\/95680","targetHints":{"allow":["GET"]}}],"collection":[{"href":"https:\/\/www.autonvaraosahaku.fi\/index.php?rest_route=\/wp\/v2\/product"}],"about":[{"href":"https:\/\/www.autonvaraosahaku.fi\/index.php?rest_route=\/wp\/v2\/types\/product"}],"wp:attachment":[{"href":"https:\/\/www.autonvaraosahaku.fi\/index.php?rest_route=%2Fwp%2Fv2%2Fmedia&parent=95680"}],"wp:term":[{"taxonomy":"pwb-brand","embeddable":true,"href":"https:\/\/www.autonvaraosahaku.fi\/index.php?rest_route=%2Fwp%2Fv2%2Fpwb-brand&post=95680"},{"taxonomy":"product_cat","embeddable":true,"href":"https:\/\/www.autonvaraosahaku.fi\/index.php?rest_route=%2Fwp%2Fv2%2Fproduct_cat&post=95680"},{"taxonomy":"product_tag","embeddable":true,"href":"https:\/\/www.autonvaraosahaku.fi\/index.php?rest_route=%2Fwp%2Fv2%2Fproduct_tag&post=95680"}],"curies":[{"name":"wp","href":"https:\/\/api.w.org\/{rel}","templated":true}]}}