{"id":95778,"date":"2021-02-21T22:01:57","date_gmt":"2021-02-21T22:01:57","guid":{"rendered":"https:\/\/www.autonvaraosahaku.fi\/?product=hella-2se-002-578-701-takavalot"},"modified":"2021-02-21T22:02:00","modified_gmt":"2021-02-21T22:02:00","slug":"hella-2se-002-578-701-takavalot","status":"publish","type":"product","link":"https:\/\/www.autonvaraosahaku.fi\/?product=hella-2se-002-578-701-takavalot","title":{"rendered":"HELLA 2SE 002 578-701 Takavalot"},"content":{"rendered":"<p>Asennuspuoli: Vasen, Oikea; Asennusmalli: Pinta-asennus; Korvaava tuote\/korvaava tiedote 2: ilman polttimoita; Lis\u00e4tarvike\/lis\u00e4tieto: Lampun kannalla; Tarkistuskilpi: E1 43370, E17 9401, ECE; Lyhtytoimintojen m\u00e4\u00e4r\u00e4: 4; Kiinnitysmalli: vaakasuoraan asennukseen; Lamppumalli: P21W, R10W; Valotoiminto: vilkkuvalolla, jarruvalolla, kilpivalolla, Takavalolla; Nimellisj\u00e4nnite (V): 24, 12; Valmistusvuoteen: 07\/1984; IVECO: MK; MAGIRUS-DEUTZ: M-Series; 0867489, 42025923, 84037090, 21WD31170, 42025923, 42218387, V44022500, 7701366012, 11039155, 11039553, 11039553P01, 4374366; Takavalo<\/p>\n","protected":false},"excerpt":{"rendered":"<p>HELLA Takavalot 2SE 002 578-701 Takavalo IVECO,MAGIRUS-DEUTZ,MK,M-Series<\/p>\n","protected":false},"featured_media":0,"template":"","meta":{"site-sidebar-layout":"default","site-content-layout":"default","ast-global-header-display":"","ast-main-header-display":"","ast-hfb-above-header-display":"","ast-hfb-below-header-display":"","ast-hfb-mobile-header-display":"","site-post-title":"","ast-breadcrumbs-content":"","ast-featured-img":"","footer-sml-layout":"","theme-transparent-header-meta":"","adv-header-id-meta":"","stick-header-meta":"","header-above-stick-meta":"","header-main-stick-meta":"","header-below-stick-meta":""},"pwb-brand":[24],"product_cat":[159],"product_tag":[],"class_list":{"0":"post-95778","1":"product","2":"type-product","3":"status-publish","5":"pwb-brand-hella","6":"product_cat-takavalot","7":"desktop-align-left","8":"tablet-align-left","9":"mobile-align-left","11":"first","12":"instock","13":"product-type-external"},"brands":[{"id":24,"name":"HELLA","slug":"hella"}],"_links":{"self":[{"href":"https:\/\/www.autonvaraosahaku.fi\/index.php?rest_route=\/wp\/v2\/product\/95778","targetHints":{"allow":["GET"]}}],"collection":[{"href":"https:\/\/www.autonvaraosahaku.fi\/index.php?rest_route=\/wp\/v2\/product"}],"about":[{"href":"https:\/\/www.autonvaraosahaku.fi\/index.php?rest_route=\/wp\/v2\/types\/product"}],"wp:attachment":[{"href":"https:\/\/www.autonvaraosahaku.fi\/index.php?rest_route=%2Fwp%2Fv2%2Fmedia&parent=95778"}],"wp:term":[{"taxonomy":"pwb-brand","embeddable":true,"href":"https:\/\/www.autonvaraosahaku.fi\/index.php?rest_route=%2Fwp%2Fv2%2Fpwb-brand&post=95778"},{"taxonomy":"product_cat","embeddable":true,"href":"https:\/\/www.autonvaraosahaku.fi\/index.php?rest_route=%2Fwp%2Fv2%2Fproduct_cat&post=95778"},{"taxonomy":"product_tag","embeddable":true,"href":"https:\/\/www.autonvaraosahaku.fi\/index.php?rest_route=%2Fwp%2Fv2%2Fproduct_tag&post=95778"}],"curies":[{"name":"wp","href":"https:\/\/api.w.org\/{rel}","templated":true}]}}