{"id":95845,"date":"2021-02-21T22:02:23","date_gmt":"2021-02-21T22:02:23","guid":{"rendered":"https:\/\/www.autonvaraosahaku.fi\/?product=trw-gch3023-kasijarruvaijeri"},"modified":"2021-02-21T22:02:30","modified_gmt":"2021-02-21T22:02:30","slug":"trw-gch3023-kasijarruvaijeri","status":"publish","type":"product","link":"https:\/\/www.autonvaraosahaku.fi\/?product=trw-gch3023-kasijarruvaijeri","title":{"rendered":"TRW GCH3023 K\u00e4sijarruvaijeri"},"content":{"rendered":"<p>Osa: Taka osa; Jarrutyyppi: Rumpujarru; Pituus 1 \/ pituus 2: 118\/217; Tarvittava kappalem\u00e4\u00e4r\u00e4: 2; Asennuspuoli: links; OPEL: CORSA C F08, F68,VECTRA B 36_,TIGRA TwinTop,VECTRA B Caravan 31_,VECTRA B CC 38_,CORSA C Kasten F08, W5L; VAUXHALL: CORSA Mk II C W5L, F08,CORSAVAN Mk II C,TIGRA Convertible,VECTRA B CC,VECTRA B Estate,VECTRA B; 522151, 522152, 522417, 90575127, 93170227, 93170228, 522151, 522152, 522417, 90575127, 93170227, 93170228; Jarruvaijeri,Vaijeri, K\u00e4sijarru<\/p>\n","protected":false},"excerpt":{"rendered":"<p>TRW K\u00e4sijarruvaijeri GCH3023 Jarruvaijeri,Vaijeri, K\u00e4sijarru OPEL,VAUXHALL,CORSA C F08, F68,VECTRA B 36_,TIGRA TwinTop,VECTRA B Caravan 31_<\/p>\n","protected":false},"featured_media":0,"template":"","meta":{"site-sidebar-layout":"default","site-content-layout":"default","ast-global-header-display":"","ast-main-header-display":"","ast-hfb-above-header-display":"","ast-hfb-below-header-display":"","ast-hfb-mobile-header-display":"","site-post-title":"","ast-breadcrumbs-content":"","ast-featured-img":"","footer-sml-layout":"","theme-transparent-header-meta":"","adv-header-id-meta":"","stick-header-meta":"","header-above-stick-meta":"","header-main-stick-meta":"","header-below-stick-meta":""},"pwb-brand":[332],"product_cat":[210],"product_tag":[],"class_list":{"0":"post-95845","1":"product","2":"type-product","3":"status-publish","5":"pwb-brand-trw","6":"product_cat-kasijarruvaijeri","7":"desktop-align-left","8":"tablet-align-left","9":"mobile-align-left","11":"first","12":"instock","13":"product-type-external"},"brands":[{"id":332,"name":"TRW","slug":"trw"}],"_links":{"self":[{"href":"https:\/\/www.autonvaraosahaku.fi\/index.php?rest_route=\/wp\/v2\/product\/95845","targetHints":{"allow":["GET"]}}],"collection":[{"href":"https:\/\/www.autonvaraosahaku.fi\/index.php?rest_route=\/wp\/v2\/product"}],"about":[{"href":"https:\/\/www.autonvaraosahaku.fi\/index.php?rest_route=\/wp\/v2\/types\/product"}],"wp:attachment":[{"href":"https:\/\/www.autonvaraosahaku.fi\/index.php?rest_route=%2Fwp%2Fv2%2Fmedia&parent=95845"}],"wp:term":[{"taxonomy":"pwb-brand","embeddable":true,"href":"https:\/\/www.autonvaraosahaku.fi\/index.php?rest_route=%2Fwp%2Fv2%2Fpwb-brand&post=95845"},{"taxonomy":"product_cat","embeddable":true,"href":"https:\/\/www.autonvaraosahaku.fi\/index.php?rest_route=%2Fwp%2Fv2%2Fproduct_cat&post=95845"},{"taxonomy":"product_tag","embeddable":true,"href":"https:\/\/www.autonvaraosahaku.fi\/index.php?rest_route=%2Fwp%2Fv2%2Fproduct_tag&post=95845"}],"curies":[{"name":"wp","href":"https:\/\/api.w.org\/{rel}","templated":true}]}}