{"id":95883,"date":"2021-02-21T22:02:41","date_gmt":"2021-02-21T22:02:41","guid":{"rendered":"https:\/\/www.autonvaraosahaku.fi\/?product=textar-1302001-jarrukengat"},"modified":"2021-02-21T22:02:46","modified_gmt":"2021-02-21T22:02:46","slug":"textar-1302001-jarrukengat","status":"publish","type":"product","link":"https:\/\/www.autonvaraosahaku.fi\/?product=textar-1302001-jarrukengat","title":{"rendered":"TEXTAR 1302001 Jarrukeng\u00e4t"},"content":{"rendered":"<p>Leveys (mm): 54; Paksuus [mm]: 7,8; Jarrupala\/-hihna: Rinnakkaisp\u00e4\u00e4llysteell\u00e4; Sis\u00e4kaaren pituus: 233,1; Rumpul\u00e4pimitta: 260; Laatu: T017; Korjauskoko: N; Lukum\u00e4\u00e4r\u00e4, niitinrei\u00e4t: 14; Kulumisenilmaisimen liitos: Kulumisenilmaisemelle; WVA-numero: 13020; Niittim\u00e4\u00e4r\u00e4 p\u00e4\u00e4llystesarjaan: 52; Suositellun tarvikkeen tuotenumero: 86000800; Jarruj\u00e4rjestelm\u00e4: S-Cam; Teknisten tietojen numero: 13020 0780 1 5 T017, 13020 0780 1 5 T017; Asennuspuoli: Hinterachse; MERCEDES-BENZ: G-CLASS W463,G-CLASS W460,G-CLASS W461,G-CLASS Cabrio W463; PUCH: G-MODELL W 460,G-MODELL W 461,G-MODELL W 463; 0044201920, 4614200020, 4634230110, 6024231210, 6024231710, 6024232610, 6024233010, 6024233510, 6024233910, 6024234410, 6024234810, 6024236010, 6024236410, 6024301522, A0044201920, A044201920, A4614200020, A4634230110, A6024231210, A6024231710, A6024232610, A6024233010, A6024233510, A6024233910, A6024234410, A6024234810, A6024236010, A6024236410, A6024301522; Jarruhihnasarja, Jarrurumpu<\/p>\n","protected":false},"excerpt":{"rendered":"<p>TEXTAR Rumpujarru 1302001 Jarruhihnasarja, Jarrurumpu MERCEDES-BENZ,PUCH,G-CLASS W463,G-CLASS W460,G-CLASS W461,G-CLASS Cabrio W463,G-MODELL W 460<\/p>\n","protected":false},"featured_media":0,"template":"","meta":{"site-sidebar-layout":"default","site-content-layout":"default","ast-global-header-display":"","ast-main-header-display":"","ast-hfb-above-header-display":"","ast-hfb-below-header-display":"","ast-hfb-mobile-header-display":"","site-post-title":"","ast-breadcrumbs-content":"","ast-featured-img":"","footer-sml-layout":"","theme-transparent-header-meta":"","adv-header-id-meta":"","stick-header-meta":"","header-above-stick-meta":"","header-main-stick-meta":"","header-below-stick-meta":""},"pwb-brand":[288],"product_cat":[176],"product_tag":[],"class_list":{"0":"post-95883","1":"product","2":"type-product","3":"status-publish","5":"pwb-brand-textar","6":"product_cat-jarrukengat","7":"desktop-align-left","8":"tablet-align-left","9":"mobile-align-left","11":"first","12":"instock","13":"product-type-external"},"brands":[{"id":288,"name":"TEXTAR","slug":"textar"}],"_links":{"self":[{"href":"https:\/\/www.autonvaraosahaku.fi\/index.php?rest_route=\/wp\/v2\/product\/95883","targetHints":{"allow":["GET"]}}],"collection":[{"href":"https:\/\/www.autonvaraosahaku.fi\/index.php?rest_route=\/wp\/v2\/product"}],"about":[{"href":"https:\/\/www.autonvaraosahaku.fi\/index.php?rest_route=\/wp\/v2\/types\/product"}],"wp:attachment":[{"href":"https:\/\/www.autonvaraosahaku.fi\/index.php?rest_route=%2Fwp%2Fv2%2Fmedia&parent=95883"}],"wp:term":[{"taxonomy":"pwb-brand","embeddable":true,"href":"https:\/\/www.autonvaraosahaku.fi\/index.php?rest_route=%2Fwp%2Fv2%2Fpwb-brand&post=95883"},{"taxonomy":"product_cat","embeddable":true,"href":"https:\/\/www.autonvaraosahaku.fi\/index.php?rest_route=%2Fwp%2Fv2%2Fproduct_cat&post=95883"},{"taxonomy":"product_tag","embeddable":true,"href":"https:\/\/www.autonvaraosahaku.fi\/index.php?rest_route=%2Fwp%2Fv2%2Fproduct_tag&post=95883"}],"curies":[{"name":"wp","href":"https:\/\/api.w.org\/{rel}","templated":true}]}}