{"id":96464,"date":"2021-02-21T22:06:53","date_gmt":"2021-02-21T22:06:53","guid":{"rendered":"https:\/\/www.autonvaraosahaku.fi\/?product=hella-8gd-002-088-141-lamput-hehkulamppu"},"modified":"2021-02-21T22:06:59","modified_gmt":"2021-02-21T22:06:59","slug":"hella-8gd-002-088-141-lamput-hehkulamppu","status":"publish","type":"product","link":"https:\/\/www.autonvaraosahaku.fi\/?product=hella-8gd-002-088-141-lamput-hehkulamppu","title":{"rendered":"HELLA 8GD 002 088-141 Lamput (hehkulamppu)"},"content":{"rendered":"<p>Lamppumalli: R2 (Bilux); J\u00e4nnite (V): 12; Nimellisteho (W): 45\/40; M\u00e4\u00e4r\u00e4: 1; Kantamalli: P45t; Pakkaustyyppi: Laatikko; Valmistusvuoteen: 04\/1991; VW: GOLF I Cabriolet 155,KAEFER,LT 28-35 I Kasten 281-363,GOLF I 17,LT 28-35 I Bus 281-363,CADDY I 14,KAEFER Cabriolet 15,TRANSPORTER II Bus,LT 28-35 I Pritsche\/Fahrgestell 281-363,LT 40-55 I Pritsche\/Fahrgestell 293-909,1500,1600 Variant 36,1500,1600 31,PASSAT 32,LT 40-55 I Kasten 291-512,1500,1600 Schr\u00e4gheck 31,TRANSPORTER II Kasten,PASSAT Variant 33,TRANSPORTER II Pritsche\/Fahrgestell; LADA: NIVA 2121,1200-1600; SUZUKI: SJ 413,SJ 410 Cabrio,SJ 410,SUPER CARRY Bus ED,ALTO,ALTO SS80,SUPER CARRY Kasten ED; MERCEDES-BENZ: S-CLASS W126,G-CLASS W460,S-CLASS W116,G-CLASS W461,T1 Bus 601,T1 Pritsche\/Fahrgestell 602,T1 Kasten 602,T1 Pritsche\/Fahrgestell 601,T1 Kasten 601,T1 Bus 602,AGL (RoundNose); OPEL: REKORD C,REKORD C Coupe,REKORD C Caravan; TOYOTA: LAND CRUISER PZJ7_, KZJ7_, HZJ7_, BJ7_, LJ7_, RJ7_,HIACE II Kasten LH5_, YH7_, LH7_, LH6_, YH6_, YH5_; DAIHATSU: CHARADE III G100, G101, G102,CHARADE III Stufenheck G102; RENAULT: 4 112_,RAPID Kasten F40_, G40_,4 Kasten R21_, R23_,MASTER I Kasten T__,MASTER I Bus T__,MASTER I Pritsche\/Fahrgestell P__; FIAT: DUCATO Kasten 280,DUCATO Pritsche\/Fahrgestell 280,PANDA 141A_,DUCATO Panorama 280,126,PANDA Van 141_; CITRO\u00cbN: AX ZA-_,2 CV,C25 Bus 280_, 290_,C25 Pritsche\/Fahrgestell 280_, 290_,C25 Kasten 280_, 290_,C15 VD-_,GS,C15 Kombi<\/p>\n","protected":false},"excerpt":{"rendered":"<p>HELLA Polttimo, Kaukovalo STANDARD 8GD 002 088-141  VW,LADA,SUZUKI,GOLF I Cabriolet 155,KAEFER,LT 28-35 I Kasten 281-363,GOLF I 17<\/p>\n","protected":false},"featured_media":0,"template":"","meta":{"site-sidebar-layout":"default","site-content-layout":"default","ast-global-header-display":"","ast-main-header-display":"","ast-hfb-above-header-display":"","ast-hfb-below-header-display":"","ast-hfb-mobile-header-display":"","site-post-title":"","ast-breadcrumbs-content":"","ast-featured-img":"","footer-sml-layout":"","theme-transparent-header-meta":"","adv-header-id-meta":"","stick-header-meta":"","header-above-stick-meta":"","header-main-stick-meta":"","header-below-stick-meta":""},"pwb-brand":[24],"product_cat":[151],"product_tag":[],"class_list":{"0":"post-96464","1":"product","2":"type-product","3":"status-publish","5":"pwb-brand-hella","6":"product_cat-lamput-hehkulamppu","7":"desktop-align-left","8":"tablet-align-left","9":"mobile-align-left","11":"first","12":"instock","13":"product-type-external"},"brands":[{"id":24,"name":"HELLA","slug":"hella"}],"_links":{"self":[{"href":"https:\/\/www.autonvaraosahaku.fi\/index.php?rest_route=\/wp\/v2\/product\/96464","targetHints":{"allow":["GET"]}}],"collection":[{"href":"https:\/\/www.autonvaraosahaku.fi\/index.php?rest_route=\/wp\/v2\/product"}],"about":[{"href":"https:\/\/www.autonvaraosahaku.fi\/index.php?rest_route=\/wp\/v2\/types\/product"}],"wp:attachment":[{"href":"https:\/\/www.autonvaraosahaku.fi\/index.php?rest_route=%2Fwp%2Fv2%2Fmedia&parent=96464"}],"wp:term":[{"taxonomy":"pwb-brand","embeddable":true,"href":"https:\/\/www.autonvaraosahaku.fi\/index.php?rest_route=%2Fwp%2Fv2%2Fpwb-brand&post=96464"},{"taxonomy":"product_cat","embeddable":true,"href":"https:\/\/www.autonvaraosahaku.fi\/index.php?rest_route=%2Fwp%2Fv2%2Fproduct_cat&post=96464"},{"taxonomy":"product_tag","embeddable":true,"href":"https:\/\/www.autonvaraosahaku.fi\/index.php?rest_route=%2Fwp%2Fv2%2Fproduct_tag&post=96464"}],"curies":[{"name":"wp","href":"https:\/\/api.w.org\/{rel}","templated":true}]}}