{"id":96548,"date":"2021-02-21T22:07:28","date_gmt":"2021-02-21T22:07:28","guid":{"rendered":"https:\/\/www.autonvaraosahaku.fi\/?product=topran-820-444-paisuntasailion-korkki"},"modified":"2021-02-21T22:07:36","modified_gmt":"2021-02-21T22:07:36","slug":"topran-820-444-paisuntasailion-korkki","status":"publish","type":"product","link":"https:\/\/www.autonvaraosahaku.fi\/?product=topran-820-444-paisuntasailion-korkki","title":{"rendered":"TOPRAN 820 444 Paisuntas\u00e4ili\u00f6n korkki"},"content":{"rendered":"<p>Materiaali: Metalli, Ter\u00e4slevy; Asennusmalli: Bajonetti; Valmistusmaa: Republik Korea (S\u00fcdkorea); NISSAN: MICRA III K12,X-TRAIL T30,MICRA II K11,NOTE E11,ALMERA TINO V10,ALMERA II Hatchback N16,JUKE F15,X-TRAIL T31,PRIMERA P11,MICRA IV K13,PRIMERA Kombi WP12,PRIMERA P12,NV200 EVALIA,TERRANO II R20,PRIMERA Traveller WP11,PRIMERA Hatchback P11,MICRA C+C K12,MURANO Z50,NOTE E12,PRIMERA Hatchback P12,TIIDA Schr\u00e4gheck,NV200 Kasten,ALMERA Mk II N16,TIIDA Stufenheck SC11X,NP300,X-TRAIL T32; KIA: PICANTO BA,CARNIVAL II GQ,CARNIVAL \/ GRAND CARNIVAL III VQ,SHUMA II FB,SHUMA FB,SHUMA II Stufenheck FB,K2700 SD,SEPHIA FB,K2500 SD; HYUNDAI: GETZ TB,MATRIX FC,ACCENT II LC,H-1 Kasten,ACCENT III MC,H-1 \/ STAREX,ACCENT III Stufenheck MC,ACCENT II Stufenheck LC,H100 Bus P,H100 Kasten,H-1 Pritsche\/Fahrgestell,PORTER Pritsche\/Fahrgestell,H100 Pick-up; TOYOTA: HIACE IV Bus LH1_,HIACE IV Kasten LXH1_, RZH1_, LH1_; RENAULT: KOLEOS HY_; 0K20215205, 0K20215205A, 2533017000, 2533033001, 2533033101, 253405H000, 0K20215205, 0K20215205A, 2533017000, 2533033001, 2533033101, 253405H000, 2143001F01, 2143001F02, 2143050A01, 2143050A02, 2143079901, 2143079903, 214307994A, 214307995A, 214307995B, 214307996D, 214307996E, 214307997B, 214307999A, 214307999C, 214308994A, 2143001F01, 2143001F02, 2143050A01, 2143050A02, 2143079901, 2143079903, 214307994A, 214307995A, 214307995B, 214307996D, 214307996E, 214307997B, 214307999A, 214307999C, 214308994A, 1640154750, 1640171010; Korkki, Paisuntas\u00e4ili\u00f6<\/p>\n","protected":false},"excerpt":{"rendered":"<p>TOPRAN Paisuntas\u00e4ili\u00f6n Korkki 820 444 Korkki, Paisuntas\u00e4ili\u00f6 NISSAN,KIA,HYUNDAI,MICRA III K12,X-TRAIL T30,MICRA II K11,NOTE E11,ALMERA TINO V10<\/p>\n","protected":false},"featured_media":0,"template":"","meta":{"site-sidebar-layout":"default","site-content-layout":"default","ast-global-header-display":"","ast-main-header-display":"","ast-hfb-above-header-display":"","ast-hfb-below-header-display":"","ast-hfb-mobile-header-display":"","site-post-title":"","ast-breadcrumbs-content":"","ast-featured-img":"","footer-sml-layout":"","theme-transparent-header-meta":"","adv-header-id-meta":"","stick-header-meta":"","header-above-stick-meta":"","header-main-stick-meta":"","header-below-stick-meta":""},"pwb-brand":[18],"product_cat":[99],"product_tag":[],"class_list":{"0":"post-96548","1":"product","2":"type-product","3":"status-publish","5":"pwb-brand-topran","6":"product_cat-paisuntasailion-korkki","7":"desktop-align-left","8":"tablet-align-left","9":"mobile-align-left","11":"first","12":"instock","13":"product-type-external"},"brands":[{"id":18,"name":"TOPRAN","slug":"topran"}],"_links":{"self":[{"href":"https:\/\/www.autonvaraosahaku.fi\/index.php?rest_route=\/wp\/v2\/product\/96548","targetHints":{"allow":["GET"]}}],"collection":[{"href":"https:\/\/www.autonvaraosahaku.fi\/index.php?rest_route=\/wp\/v2\/product"}],"about":[{"href":"https:\/\/www.autonvaraosahaku.fi\/index.php?rest_route=\/wp\/v2\/types\/product"}],"wp:attachment":[{"href":"https:\/\/www.autonvaraosahaku.fi\/index.php?rest_route=%2Fwp%2Fv2%2Fmedia&parent=96548"}],"wp:term":[{"taxonomy":"pwb-brand","embeddable":true,"href":"https:\/\/www.autonvaraosahaku.fi\/index.php?rest_route=%2Fwp%2Fv2%2Fpwb-brand&post=96548"},{"taxonomy":"product_cat","embeddable":true,"href":"https:\/\/www.autonvaraosahaku.fi\/index.php?rest_route=%2Fwp%2Fv2%2Fproduct_cat&post=96548"},{"taxonomy":"product_tag","embeddable":true,"href":"https:\/\/www.autonvaraosahaku.fi\/index.php?rest_route=%2Fwp%2Fv2%2Fproduct_tag&post=96548"}],"curies":[{"name":"wp","href":"https:\/\/api.w.org\/{rel}","templated":true}]}}