{"id":9690,"date":"2021-02-21T14:06:39","date_gmt":"2021-02-21T14:06:39","guid":{"rendered":"https:\/\/www.autonvaraosahaku.fi\/?product=van-wezel-3080534-puskuri"},"modified":"2021-02-21T14:06:40","modified_gmt":"2021-02-21T14:06:40","slug":"van-wezel-3080534-puskuri","status":"publish","type":"product","link":"https:\/\/www.autonvaraosahaku.fi\/?product=van-wezel-3080534-puskuri","title":{"rendered":"VAN WEZEL 3080534 Puskuri"},"content":{"rendered":"<p>Laatu: Equipart Certified; Asennuspuoli: Taakse, oikea; V\u00e4ri: tummanharmaa; Korvaava tuote\/korvaava tiedote 2: heijastimella; Ei varustelumuunnoksille: Design Pa.; Akseliv\u00e4li (mm): 3430; Akseliv\u00e4li: pitk\u00e4 akseliv\u00e4li; Pituus, sis\u00e4 (mm): 1010; Muoto: Pitk\u00e4; Versio: 639.815\/605\/705; parilliset tuotenumerot: 3080533; Valmistusvuoteen: 08\/2010; MERCEDES-BENZ: VIANO W639,VITO Bus W639,VITO \/ MIXTO Kasten W639; 63988017717G99, 63988017719B51<\/p>\n","protected":false},"excerpt":{"rendered":"<p>VAN WEZEL Puskuri ** Equipart ** 3080534  MERCEDES-BENZ,VIANO W639,VITO Bus W639,VITO \/ MIXTO Kasten W639<\/p>\n","protected":false},"featured_media":0,"template":"","meta":{"site-sidebar-layout":"default","site-content-layout":"default","ast-global-header-display":"","ast-main-header-display":"","ast-hfb-above-header-display":"","ast-hfb-below-header-display":"","ast-hfb-mobile-header-display":"","site-post-title":"","ast-breadcrumbs-content":"","ast-featured-img":"","footer-sml-layout":"","theme-transparent-header-meta":"","adv-header-id-meta":"","stick-header-meta":"","header-above-stick-meta":"","header-main-stick-meta":"","header-below-stick-meta":""},"pwb-brand":[54],"product_cat":[281],"product_tag":[],"class_list":{"0":"post-9690","1":"product","2":"type-product","3":"status-publish","5":"pwb-brand-van-wezel","6":"product_cat-puskuri","7":"desktop-align-left","8":"tablet-align-left","9":"mobile-align-left","11":"first","12":"instock","13":"product-type-external"},"brands":[{"id":54,"name":"VAN WEZEL","slug":"van-wezel"}],"_links":{"self":[{"href":"https:\/\/www.autonvaraosahaku.fi\/index.php?rest_route=\/wp\/v2\/product\/9690","targetHints":{"allow":["GET"]}}],"collection":[{"href":"https:\/\/www.autonvaraosahaku.fi\/index.php?rest_route=\/wp\/v2\/product"}],"about":[{"href":"https:\/\/www.autonvaraosahaku.fi\/index.php?rest_route=\/wp\/v2\/types\/product"}],"wp:attachment":[{"href":"https:\/\/www.autonvaraosahaku.fi\/index.php?rest_route=%2Fwp%2Fv2%2Fmedia&parent=9690"}],"wp:term":[{"taxonomy":"pwb-brand","embeddable":true,"href":"https:\/\/www.autonvaraosahaku.fi\/index.php?rest_route=%2Fwp%2Fv2%2Fpwb-brand&post=9690"},{"taxonomy":"product_cat","embeddable":true,"href":"https:\/\/www.autonvaraosahaku.fi\/index.php?rest_route=%2Fwp%2Fv2%2Fproduct_cat&post=9690"},{"taxonomy":"product_tag","embeddable":true,"href":"https:\/\/www.autonvaraosahaku.fi\/index.php?rest_route=%2Fwp%2Fv2%2Fproduct_tag&post=9690"}],"curies":[{"name":"wp","href":"https:\/\/api.w.org\/{rel}","templated":true}]}}