{"id":96950,"date":"2021-02-21T22:10:26","date_gmt":"2021-02-21T22:10:26","guid":{"rendered":"https:\/\/www.autonvaraosahaku.fi\/?product=magneti-marelli-171916011010-jaahdytysnesteen-lampotila-anturi"},"modified":"2021-02-21T22:10:26","modified_gmt":"2021-02-21T22:10:26","slug":"magneti-marelli-171916011010-jaahdytysnesteen-lampotila-anturi","status":"publish","type":"product","link":"https:\/\/www.autonvaraosahaku.fi\/?product=magneti-marelli-171916011010-jaahdytysnesteen-lampotila-anturi","title":{"rendered":"MAGNETI MARELLI 171916011010 J\u00e4\u00e4hdytysnesteen l\u00e4mp\u00f6tila anturi"},"content":{"rendered":"<p>Kierremitta: M16x1,50; Avainv\u00e4li: 19; FIAT: SEICENTO 187,BARCHETTA 183,DOBLO Cargo 223,PUNTO 176,DOBLO 119,DUCATO Kasten 290,DUCATO Pritsche\/Fahrgestell 290,DUCATO Kasten 280,DUCATO Pritsche\/Fahrgestell 280,CINQUECENTO 170,PANDA 141A_,COUPE FA\/175,MULTIPLA 186,124 Spider,DUCATO Panorama 280,BRAVO I 182,BRAVA 182,PUNTO Cabriolet 176C,MAREA Weekend 185,126,UNO 146A\/E,DUCATO Panorama 290,X 1\/9 128 AS,127,PALIO Weekend 178DX,FIORINO Kasten 146,SEICENTO Van 187,TIPO 160,PANDA Van 141_,MAREA 185,125,TEMPRA 159,131,124 Coupe,RITMO I 138A,124,PUNTO Van 176L,TEMPRA S.W. 159,132,FIORINO Pick up 146,FIORINO 147,REGATA 138,ARGENTA 132A,124 Familiare,RITMO Cabriolet,PALIO 178BX,127 Panorama,131 Familiare\/Panorama,SIENA 178_,FIORINO Pick up 147,REGATA Weekend 138,DUNA 146 B,DUNA Weekend 146 B; SEAT: RONDA 022A,FURA 025A; ALFA ROMEO: 156 Sportwagon 932,156 932; IVECO: DAILY II Kasten\/Kombi,DAILY I Pritsche\/Fahrgestell,DAILY II Bus,DAILY I Kasten\/Kombi; LANCIA: BETA Spider 828BS,BETA Coupe 828BC,A 112,BETA  H.P.E. 828BF,BETA 828_B_,PRISMA 831AB0,TREVI 828DB; LADA: NIVA 2121,1200-1600,111 2111,110 2110,1200-1500 Kombi,SAMARA 2108, 2109, 2115, 2113, 2114,112 2112,SAMARA Stufenheck 21099, 2115; ZASTAVA: 101 1100; INNOCENTI: ELBA 146; 4067872, 4108672, 4276954, 4349082, 4407984, 4409505, 4414600, 4448131, 46458931, 60813687, 7588802, 7588882, 4067872, 4108672, 4276954, 4349082, 4407984, 4409505, 4414600, 4448131, 46458931, 60813687, 7588802, 7588882, 4414600, 4448131, 21010380860000, 21013808600, 2101380860002, 21060382801000, 21063828010, 4067872, 4108672, 4276954, 4349082, 4407984, 4409505, 4414600, 4448131, 46458931, 60813687, 7588802, 7588882; J\u00e4\u00e4hdytysnestel\u00e4mp\u00f6tilan Sensori<\/p>\n","protected":false},"excerpt":{"rendered":"<p>MAGNETI MARELLI J\u00e4\u00e4hdytysnesteen L\u00e4mp\u00f6tila Anturi 171916011010 J\u00e4\u00e4hdytysnestel\u00e4mp\u00f6tilan Sensori FIAT,SEAT,ALFA ROMEO,SEICENTO 187,BARCHETTA 183<\/p>\n","protected":false},"featured_media":0,"template":"","meta":{"site-sidebar-layout":"default","site-content-layout":"default","ast-global-header-display":"","ast-main-header-display":"","ast-hfb-above-header-display":"","ast-hfb-below-header-display":"","ast-hfb-mobile-header-display":"","site-post-title":"","ast-breadcrumbs-content":"","ast-featured-img":"","footer-sml-layout":"","theme-transparent-header-meta":"","adv-header-id-meta":"","stick-header-meta":"","header-above-stick-meta":"","header-main-stick-meta":"","header-below-stick-meta":""},"pwb-brand":[34],"product_cat":[200],"product_tag":[],"class_list":{"0":"post-96950","1":"product","2":"type-product","3":"status-publish","5":"pwb-brand-magneti-marelli","6":"product_cat-jaahdytysnesteen-lampotila-anturi","7":"desktop-align-left","8":"tablet-align-left","9":"mobile-align-left","11":"first","12":"instock","13":"product-type-external"},"brands":[{"id":34,"name":"MAGNETI MARELLI","slug":"magneti-marelli"}],"_links":{"self":[{"href":"https:\/\/www.autonvaraosahaku.fi\/index.php?rest_route=\/wp\/v2\/product\/96950","targetHints":{"allow":["GET"]}}],"collection":[{"href":"https:\/\/www.autonvaraosahaku.fi\/index.php?rest_route=\/wp\/v2\/product"}],"about":[{"href":"https:\/\/www.autonvaraosahaku.fi\/index.php?rest_route=\/wp\/v2\/types\/product"}],"wp:attachment":[{"href":"https:\/\/www.autonvaraosahaku.fi\/index.php?rest_route=%2Fwp%2Fv2%2Fmedia&parent=96950"}],"wp:term":[{"taxonomy":"pwb-brand","embeddable":true,"href":"https:\/\/www.autonvaraosahaku.fi\/index.php?rest_route=%2Fwp%2Fv2%2Fpwb-brand&post=96950"},{"taxonomy":"product_cat","embeddable":true,"href":"https:\/\/www.autonvaraosahaku.fi\/index.php?rest_route=%2Fwp%2Fv2%2Fproduct_cat&post=96950"},{"taxonomy":"product_tag","embeddable":true,"href":"https:\/\/www.autonvaraosahaku.fi\/index.php?rest_route=%2Fwp%2Fv2%2Fproduct_tag&post=96950"}],"curies":[{"name":"wp","href":"https:\/\/api.w.org\/{rel}","templated":true}]}}