{"id":97116,"date":"2021-02-21T22:11:34","date_gmt":"2021-02-21T22:11:34","guid":{"rendered":"https:\/\/www.autonvaraosahaku.fi\/?product=febi-bilstein-10561-jarrurumpu"},"modified":"2021-02-21T22:11:36","modified_gmt":"2021-02-21T22:11:36","slug":"febi-bilstein-10561-jarrurumpu","status":"publish","type":"product","link":"https:\/\/www.autonvaraosahaku.fi\/?product=febi-bilstein-10561-jarrurumpu","title":{"rendered":"FEBI BILSTEIN 10561 Jarrurumpu"},"content":{"rendered":"<p>Kiinnitysreikien lukum\u00e4\u00e4r\u00e4: 4, 1; Leveys (mm): 40,0; Paksuus [mm]: 54,0; Sis\u00e4l\u00e4pimitta [mm]: 180,0; Ulkol\u00e4pimitta [mm]: 214,0; Reik\u00e4ympyr\u00e4-\u00d8 [mm]: 98; Suurin mahdollinen rummun sis\u00e4mitta (mm): 181,35; Asennuspuoli: Taka-akseli; Paino [kg]: 2,9; keskitt\u00e4misl\u00e4pimitta [mm]: 59, 59; Alustanumeroon: 1485851; LANCIA: Y 840A; FIAT: GRANDE PUNTO 199,PUNTO 188,PANDA 169,500 312,500 C 312,PUNTO 176,PANDA Van 169,500L,PUNTO Van 188AX,BRAVO I 182,BRAVA 182,PUNTO Cabriolet 176C,TIPO 160,TEMPRA 159,PUNTO Van 176L,TEMPRA S.W. 159; 46819776, 51863510, 51900803, 7550119, 7599325, 7750119, 7750119<\/p>\n","protected":false},"excerpt":{"rendered":"<p>FEBI BILSTEIN Jarrurumpu 10561  LANCIA,FIAT,Y 840A,GRANDE PUNTO 199,PUNTO 188,PANDA 169,500 312,500 C 312,PUNTO 176,PANDA Van 169,500L,PUNTO Van 188AX<\/p>\n","protected":false},"featured_media":0,"template":"","meta":{"site-sidebar-layout":"default","site-content-layout":"default","ast-global-header-display":"","ast-main-header-display":"","ast-hfb-above-header-display":"","ast-hfb-below-header-display":"","ast-hfb-mobile-header-display":"","site-post-title":"","ast-breadcrumbs-content":"","ast-featured-img":"","footer-sml-layout":"","theme-transparent-header-meta":"","adv-header-id-meta":"","stick-header-meta":"","header-above-stick-meta":"","header-main-stick-meta":"","header-below-stick-meta":""},"pwb-brand":[50],"product_cat":[304],"product_tag":[],"class_list":{"0":"post-97116","1":"product","2":"type-product","3":"status-publish","5":"pwb-brand-febi-bilstein","6":"product_cat-jarrurumpu","7":"desktop-align-left","8":"tablet-align-left","9":"mobile-align-left","11":"first","12":"instock","13":"product-type-external"},"brands":[{"id":50,"name":"FEBI BILSTEIN","slug":"febi-bilstein"}],"_links":{"self":[{"href":"https:\/\/www.autonvaraosahaku.fi\/index.php?rest_route=\/wp\/v2\/product\/97116","targetHints":{"allow":["GET"]}}],"collection":[{"href":"https:\/\/www.autonvaraosahaku.fi\/index.php?rest_route=\/wp\/v2\/product"}],"about":[{"href":"https:\/\/www.autonvaraosahaku.fi\/index.php?rest_route=\/wp\/v2\/types\/product"}],"wp:attachment":[{"href":"https:\/\/www.autonvaraosahaku.fi\/index.php?rest_route=%2Fwp%2Fv2%2Fmedia&parent=97116"}],"wp:term":[{"taxonomy":"pwb-brand","embeddable":true,"href":"https:\/\/www.autonvaraosahaku.fi\/index.php?rest_route=%2Fwp%2Fv2%2Fpwb-brand&post=97116"},{"taxonomy":"product_cat","embeddable":true,"href":"https:\/\/www.autonvaraosahaku.fi\/index.php?rest_route=%2Fwp%2Fv2%2Fproduct_cat&post=97116"},{"taxonomy":"product_tag","embeddable":true,"href":"https:\/\/www.autonvaraosahaku.fi\/index.php?rest_route=%2Fwp%2Fv2%2Fproduct_tag&post=97116"}],"curies":[{"name":"wp","href":"https:\/\/api.w.org\/{rel}","templated":true}]}}