{"id":97454,"date":"2021-02-21T22:13:59","date_gmt":"2021-02-21T22:13:59","guid":{"rendered":"https:\/\/www.autonvaraosahaku.fi\/?product=valeo-586048-oljynsuodatin"},"modified":"2021-02-21T22:14:01","modified_gmt":"2021-02-21T22:14:01","slug":"valeo-586048-oljynsuodatin","status":"publish","type":"product","link":"https:\/\/www.autonvaraosahaku.fi\/?product=valeo-586048-oljynsuodatin","title":{"rendered":"VALEO 586048 \u00d6ljynsuodatin"},"content":{"rendered":"<p>Kierremitta: UNF 13\/16-1; Ulkol\u00e4pimitta [mm]: 76,5; Sis\u00e4l\u00e4pimitta 1 [mm]: 71; Sis\u00e4l\u00e4pimitta 2 [mm]: 62; Korkeus (mm): 86; Avauspaine ohitusventtiili [bar]: 1; Suodatintyyppi: Ruuvattava suodatin; Paino [kg]: 0,29; Valmistusvuosi alkaen: 08\/2004; LAND ROVER: FREELANDER LN,FREELANDER Soft Top,DISCOVERY I LJ, LG; ROVER: 75 RJ,MINI,75 Tourer RJ,25 RF,200 RF,45 Stufenheck RT,600 RH,45 RT,400 RT,CABRIOLET XW,400 Hatchback RT,STREETWISE,800 XS,200 Hatchback XW,MINI Cabriolet XN,200 Coupe XW,800 Hatchback XS,400 Tourer XW,100 \/ METRO XP,400 XW,100 Cabriolet XP,MONTEGO Estate XE,MAESTRO,COUPE,MONTEGO; MG: MGF RD,MG TF,MG ZR,MG ZT- T,MG ZS,MG ZT,MG ZS Hatchback,MAESTRO,MONTEGO; MORGAN: PLUS FOUR; LOTUS: ELISE,EXIGE SCC_,EUROPA S; AUSTIN: MAESTRO XC,MONTEGO XE,AMBASSADOR,PRINCESS 2; 5007165, 5020120, CDU1268, LPW100180, LPW100180L, LPW100230, CDU1268, LPW100180, 8671000496, AHU2880, CDU1268, GFE280, LPW100180, LPW100181, LPW100230<\/p>\n","protected":false},"excerpt":{"rendered":"<p>VALEO \u00d6ljynsuodatin 586048  LAND ROVER,ROVER,MG,FREELANDER LN,FREELANDER Soft Top,DISCOVERY I LJ, LG,75 RJ,MINI,75 Tourer RJ,25 RF,200 RF<\/p>\n","protected":false},"featured_media":0,"template":"","meta":{"site-sidebar-layout":"default","site-content-layout":"default","ast-global-header-display":"","ast-main-header-display":"","ast-hfb-above-header-display":"","ast-hfb-below-header-display":"","ast-hfb-mobile-header-display":"","site-post-title":"","ast-breadcrumbs-content":"","ast-featured-img":"","footer-sml-layout":"","theme-transparent-header-meta":"","adv-header-id-meta":"","stick-header-meta":"","header-above-stick-meta":"","header-main-stick-meta":"","header-below-stick-meta":""},"pwb-brand":[28],"product_cat":[30],"product_tag":[],"class_list":{"0":"post-97454","1":"product","2":"type-product","3":"status-publish","5":"pwb-brand-valeo","6":"product_cat-oljynsuodatin","7":"desktop-align-left","8":"tablet-align-left","9":"mobile-align-left","11":"first","12":"instock","13":"product-type-external"},"brands":[{"id":28,"name":"VALEO","slug":"valeo"}],"_links":{"self":[{"href":"https:\/\/www.autonvaraosahaku.fi\/index.php?rest_route=\/wp\/v2\/product\/97454","targetHints":{"allow":["GET"]}}],"collection":[{"href":"https:\/\/www.autonvaraosahaku.fi\/index.php?rest_route=\/wp\/v2\/product"}],"about":[{"href":"https:\/\/www.autonvaraosahaku.fi\/index.php?rest_route=\/wp\/v2\/types\/product"}],"wp:attachment":[{"href":"https:\/\/www.autonvaraosahaku.fi\/index.php?rest_route=%2Fwp%2Fv2%2Fmedia&parent=97454"}],"wp:term":[{"taxonomy":"pwb-brand","embeddable":true,"href":"https:\/\/www.autonvaraosahaku.fi\/index.php?rest_route=%2Fwp%2Fv2%2Fpwb-brand&post=97454"},{"taxonomy":"product_cat","embeddable":true,"href":"https:\/\/www.autonvaraosahaku.fi\/index.php?rest_route=%2Fwp%2Fv2%2Fproduct_cat&post=97454"},{"taxonomy":"product_tag","embeddable":true,"href":"https:\/\/www.autonvaraosahaku.fi\/index.php?rest_route=%2Fwp%2Fv2%2Fproduct_tag&post=97454"}],"curies":[{"name":"wp","href":"https:\/\/api.w.org\/{rel}","templated":true}]}}