{"id":97477,"date":"2021-02-21T22:14:08","date_gmt":"2021-02-21T22:14:08","guid":{"rendered":"https:\/\/www.autonvaraosahaku.fi\/?product=corteco-12015599-venttiilinvarren-kumit"},"modified":"2021-02-21T22:14:10","modified_gmt":"2021-02-21T22:14:10","slug":"corteco-12015599-venttiilinvarren-kumit","status":"publish","type":"product","link":"https:\/\/www.autonvaraosahaku.fi\/?product=corteco-12015599-venttiilinvarren-kumit","title":{"rendered":"CORTECO 12015599 Venttiilinvarren kumit"},"content":{"rendered":"<p>Sis\u00e4l\u00e4pimitta 1 [mm]: 5; Ulkol\u00e4pimitta 1 [mm]: 7,8; Ulkol\u00e4pimitta 2 [mm]: 11,2; Korkeus 1 (mm): 9,7; Materiaali: FPM (fluori-kumi); Moottorinumero: CPTA; VW: POLO 6R, 6C,GOLF VII 5G1, BE1,UP,GOLF VII Kombi BA5,JETTA IV 162, 163; AUDI: A3 Sportback 8VA,A1 8X1, 8XF,A1 Sportback 8XA, 8XK,A3 8V1; SKODA: OCTAVIA Combi 5E5,CITIGO,OCTAVIA 5E3; SEAT: LEON 5F1,LEON ST 5F8,Mii KF1_,LEON SC 5F5; 436438<\/p>\n","protected":false},"excerpt":{"rendered":"<p>CORTECO Tiiviste, Venttiilivarsi 12015599  VW,AUDI,SKODA,POLO 6R, 6C,GOLF VII 5G1, BE1,UP,GOLF VII Kombi BA5,JETTA IV 162, 163,A3 Sportback 8VA<\/p>\n","protected":false},"featured_media":0,"template":"","meta":{"site-sidebar-layout":"default","site-content-layout":"default","ast-global-header-display":"","ast-main-header-display":"","ast-hfb-above-header-display":"","ast-hfb-below-header-display":"","ast-hfb-mobile-header-display":"","site-post-title":"","ast-breadcrumbs-content":"","ast-featured-img":"","footer-sml-layout":"","theme-transparent-header-meta":"","adv-header-id-meta":"","stick-header-meta":"","header-above-stick-meta":"","header-main-stick-meta":"","header-below-stick-meta":""},"pwb-brand":[53],"product_cat":[170],"product_tag":[],"class_list":{"0":"post-97477","1":"product","2":"type-product","3":"status-publish","5":"pwb-brand-corteco","6":"product_cat-venttiilinvarren-kumit","7":"desktop-align-left","8":"tablet-align-left","9":"mobile-align-left","11":"first","12":"instock","13":"product-type-external"},"brands":[{"id":53,"name":"CORTECO","slug":"corteco"}],"_links":{"self":[{"href":"https:\/\/www.autonvaraosahaku.fi\/index.php?rest_route=\/wp\/v2\/product\/97477","targetHints":{"allow":["GET"]}}],"collection":[{"href":"https:\/\/www.autonvaraosahaku.fi\/index.php?rest_route=\/wp\/v2\/product"}],"about":[{"href":"https:\/\/www.autonvaraosahaku.fi\/index.php?rest_route=\/wp\/v2\/types\/product"}],"wp:attachment":[{"href":"https:\/\/www.autonvaraosahaku.fi\/index.php?rest_route=%2Fwp%2Fv2%2Fmedia&parent=97477"}],"wp:term":[{"taxonomy":"pwb-brand","embeddable":true,"href":"https:\/\/www.autonvaraosahaku.fi\/index.php?rest_route=%2Fwp%2Fv2%2Fpwb-brand&post=97477"},{"taxonomy":"product_cat","embeddable":true,"href":"https:\/\/www.autonvaraosahaku.fi\/index.php?rest_route=%2Fwp%2Fv2%2Fproduct_cat&post=97477"},{"taxonomy":"product_tag","embeddable":true,"href":"https:\/\/www.autonvaraosahaku.fi\/index.php?rest_route=%2Fwp%2Fv2%2Fproduct_tag&post=97477"}],"curies":[{"name":"wp","href":"https:\/\/api.w.org\/{rel}","templated":true}]}}