{"id":97489,"date":"2021-02-21T22:14:08","date_gmt":"2021-02-21T22:14:08","guid":{"rendered":"https:\/\/www.autonvaraosahaku.fi\/?product=trw-engine-component-kk-8h-muut-luokat"},"modified":"2021-02-21T22:14:15","modified_gmt":"2021-02-21T22:14:15","slug":"trw-engine-component-kk-8h-muut-luokat","status":"publish","type":"product","link":"https:\/\/www.autonvaraosahaku.fi\/?product=trw-engine-component-kk-8h-muut-luokat","title":{"rendered":"TRW Engine Component KK-8H Muut luokat"},"content":{"rendered":"<p>K\u00e4sittely: Kovetettu; Lovi-\/reik\u00e4lukum\u00e4\u00e4r\u00e4: 1; Venttiilinvarren l\u00e4pimitta [mm]: 8; TECDOC-moottorinumero: 4734; JEEP: CJ5 &#8211; CJ8,COMANCHE MJ; LADA: NIVA 2121; IVECO: EUROCARGO I-III,EUROTECH MH,EUROTRAKKER,M,STRALIS,TRAKKER,ZETA; SSANGYONG: KORANDO K4; VOLVO: V40 Kombi VW,S40 I VS,240 Kombi P245,240 P242, P244,480 E,440 K 445,460 L 464,760 704, 764,340-360 343, 345,760 Kombi 704, 765,260 P262, P264,260 Coupe P262,340-360 Stufenheck 344,260 Kombi P265,7900,8900,9500; ROVER: 200 RF,200 Hatchback XW,400 Tourer XW,400 XW; SUZUKI: SAMURAI SJ,VITARA ET, TA,VITARA Cabrio ET, TA; OPEL: ASTRA G CC F48_, F08_,ASTRA G Caravan F35_,ASTRA F CC 53_, 54_, 58_, 59_,ASTRA F Caravan 51_, 52_,ASTRA G Stufenheck F69_,VECTRA A 86_, 87_,ASTRA F 56_, 57_,KADETT E CC 33_, 34_, 43_, 44_,VECTRA A CC 88_, 89_,ASCONA C 81_, 86_, 87_, 88_,KADETT D 31_-34_, 41_-44_,KADETT E 39_, 49_,ASCONA C CC 84_, 89_,ASTRA G Kasten F70,KADETT E Caravan 35_, 36_, 45_, 46_,ASTRA F Van 55_,KADETT D 32_,37_,39, _42,KADETT D Caravan 35_, 36_, 45_, 46_,KADETT E Kasten 37_, 47_,ARENA Kasten TB, TF,KADETT E Combo 38_, 48_; FORD: SIERRA GBG, GB4,SIERRA Schr\u00e4gheck GBC, GBG,SCORPIO I GAE, GGE,SIERRA Schr\u00e4gheck GBC,SCORPIO I Stufenheck GGE,SIERRA Kombi BNG,GRANADA GU,SCORPIO I Kombi GGE,SIERRA Kombi BNC,GRANADA Kombi GNU; FIAT: DUCATO Pritsche\/Fahrgestell 230,DUCATO Bus 230,DUCATO Kasten 230L,ULYSSE 220,SCUDO Kasten 220L,SCUDO Combinato 220P,SCUDO Pritsche\/Fahrgestell 220_,1000,66,90,94,Series 110,Series 75,Series 80; 60507194, 78120790, 642364, 90106815, 095005, LGN10005, 8420816, 84208164<\/p>\n","protected":false},"excerpt":{"rendered":"<p>TRW Engine Component Lukitustappi KK-8H  JEEP,LADA,IVECO,CJ5 &#8211; CJ8,COMANCHE MJ,NIVA 2121,EUROCARGO I-III,EUROTECH MH,EUROTRAKKER,M,STRALIS,TRAKKER<\/p>\n","protected":false},"featured_media":0,"template":"","meta":{"site-sidebar-layout":"default","site-content-layout":"default","ast-global-header-display":"","ast-main-header-display":"","ast-hfb-above-header-display":"","ast-hfb-below-header-display":"","ast-hfb-mobile-header-display":"","site-post-title":"","ast-breadcrumbs-content":"","ast-featured-img":"","footer-sml-layout":"","theme-transparent-header-meta":"","adv-header-id-meta":"","stick-header-meta":"","header-above-stick-meta":"","header-main-stick-meta":"","header-below-stick-meta":""},"pwb-brand":[339],"product_cat":[37],"product_tag":[],"class_list":{"0":"post-97489","1":"product","2":"type-product","3":"status-publish","5":"pwb-brand-trw-engine-component","6":"product_cat-muut-luokat","7":"desktop-align-left","8":"tablet-align-left","9":"mobile-align-left","11":"first","12":"instock","13":"product-type-external"},"brands":[{"id":339,"name":"TRW Engine Component","slug":"trw-engine-component"}],"_links":{"self":[{"href":"https:\/\/www.autonvaraosahaku.fi\/index.php?rest_route=\/wp\/v2\/product\/97489","targetHints":{"allow":["GET"]}}],"collection":[{"href":"https:\/\/www.autonvaraosahaku.fi\/index.php?rest_route=\/wp\/v2\/product"}],"about":[{"href":"https:\/\/www.autonvaraosahaku.fi\/index.php?rest_route=\/wp\/v2\/types\/product"}],"wp:attachment":[{"href":"https:\/\/www.autonvaraosahaku.fi\/index.php?rest_route=%2Fwp%2Fv2%2Fmedia&parent=97489"}],"wp:term":[{"taxonomy":"pwb-brand","embeddable":true,"href":"https:\/\/www.autonvaraosahaku.fi\/index.php?rest_route=%2Fwp%2Fv2%2Fpwb-brand&post=97489"},{"taxonomy":"product_cat","embeddable":true,"href":"https:\/\/www.autonvaraosahaku.fi\/index.php?rest_route=%2Fwp%2Fv2%2Fproduct_cat&post=97489"},{"taxonomy":"product_tag","embeddable":true,"href":"https:\/\/www.autonvaraosahaku.fi\/index.php?rest_route=%2Fwp%2Fv2%2Fproduct_tag&post=97489"}],"curies":[{"name":"wp","href":"https:\/\/api.w.org\/{rel}","templated":true}]}}