{"id":97560,"date":"2021-02-21T22:14:42","date_gmt":"2021-02-21T22:14:42","guid":{"rendered":"https:\/\/www.autonvaraosahaku.fi\/?product=metzger-0901140-anturit-sensorit"},"modified":"2021-02-21T22:14:46","modified_gmt":"2021-02-21T22:14:46","slug":"metzger-0901140-anturit-sensorit","status":"publish","type":"product","link":"https:\/\/www.autonvaraosahaku.fi\/?product=metzger-0901140-anturit-sensorit","title":{"rendered":"METZGER 0901140 Anturit (sensorit)"},"content":{"rendered":"<p>J\u00e4nnite (V): 12; Napojen m\u00e4\u00e4r\u00e4: 7; Tuotelinja: ORIGINAL ERSATZTEIL; MERCEDES-BENZ: A-CLASS W168,C-CLASS W202,SLK R170,E-CLASS W210,M-CLASS W163,E-CLASS Kombi S210,CLK C208,SL R129,C-CLASS Kombi S202,G-CLASS W463,VITO Bus 638,CLK Cabriolet A208,S-CLASS W140,V-CLASS 638\/2,G-CLASS W461,VITO Kasten 638,G-CLASS Cabrio W463; 0115428717, 0125423317, A0115428717, A0125423317<\/p>\n","protected":false},"excerpt":{"rendered":"<p>METZGER Tunnistin, Kaasupolkimen Asento 0901140  MERCEDES-BENZ,A-CLASS W168,C-CLASS W202,SLK R170,E-CLASS W210,M-CLASS W163,E-CLASS Kombi S210<\/p>\n","protected":false},"featured_media":0,"template":"","meta":{"site-sidebar-layout":"default","site-content-layout":"default","ast-global-header-display":"","ast-main-header-display":"","ast-hfb-above-header-display":"","ast-hfb-below-header-display":"","ast-hfb-mobile-header-display":"","site-post-title":"","ast-breadcrumbs-content":"","ast-featured-img":"","footer-sml-layout":"","theme-transparent-header-meta":"","adv-header-id-meta":"","stick-header-meta":"","header-above-stick-meta":"","header-main-stick-meta":"","header-below-stick-meta":""},"pwb-brand":[69],"product_cat":[98],"product_tag":[],"class_list":{"0":"post-97560","1":"product","2":"type-product","3":"status-publish","5":"pwb-brand-metzger","6":"product_cat-anturit-sensorit","7":"desktop-align-left","8":"tablet-align-left","9":"mobile-align-left","11":"first","12":"instock","13":"product-type-external"},"brands":[{"id":69,"name":"METZGER","slug":"metzger"}],"_links":{"self":[{"href":"https:\/\/www.autonvaraosahaku.fi\/index.php?rest_route=\/wp\/v2\/product\/97560","targetHints":{"allow":["GET"]}}],"collection":[{"href":"https:\/\/www.autonvaraosahaku.fi\/index.php?rest_route=\/wp\/v2\/product"}],"about":[{"href":"https:\/\/www.autonvaraosahaku.fi\/index.php?rest_route=\/wp\/v2\/types\/product"}],"wp:attachment":[{"href":"https:\/\/www.autonvaraosahaku.fi\/index.php?rest_route=%2Fwp%2Fv2%2Fmedia&parent=97560"}],"wp:term":[{"taxonomy":"pwb-brand","embeddable":true,"href":"https:\/\/www.autonvaraosahaku.fi\/index.php?rest_route=%2Fwp%2Fv2%2Fpwb-brand&post=97560"},{"taxonomy":"product_cat","embeddable":true,"href":"https:\/\/www.autonvaraosahaku.fi\/index.php?rest_route=%2Fwp%2Fv2%2Fproduct_cat&post=97560"},{"taxonomy":"product_tag","embeddable":true,"href":"https:\/\/www.autonvaraosahaku.fi\/index.php?rest_route=%2Fwp%2Fv2%2Fproduct_tag&post=97560"}],"curies":[{"name":"wp","href":"https:\/\/api.w.org\/{rel}","templated":true}]}}