{"id":97582,"date":"2021-02-21T22:14:50","date_gmt":"2021-02-21T22:14:50","guid":{"rendered":"https:\/\/www.autonvaraosahaku.fi\/?product=beru-z47-sytytystulpat"},"modified":"2021-02-21T22:14:55","modified_gmt":"2021-02-21T22:14:55","slug":"beru-z47-sytytystulpat","status":"publish","type":"product","link":"https:\/\/www.autonvaraosahaku.fi\/?product=beru-z47-sytytystulpat","title":{"rendered":"BERU Z47 Sytytystulpat"},"content":{"rendered":"<p>K\u00e4rkiv\u00e4li (mm): 0,8; Liittimet: SAE\/M4; Kierremitta: M14x1,25; Avainv\u00e4li: 21 mm; Sytytystulppa: 1-maaelektroodi, suoralla istukalla; Kierteen pituus (mm): 19; Teknisten tietojen numero: 14 R-5 DU; Itsepalvelupakattu, katso osaluettelo: ; Kiristysmomentti > [Nm]: 20; Kiristysmomentti enint\u00e4\u00e4n [Nm]: 30; Tuotelinja: ULTRA; Tarvittava kappalem\u00e4\u00e4r\u00e4: 4; VW: GOLF I Cabriolet 155,SCIROCCO 53B,GOLF I 17,PASSAT Variant 32B,PASSAT 32B,SCIROCCO 53,JETTA I 16,DERBY 86C, 80,PASSAT 32,PASSAT Variant 33,SANTANA 32B; AUDI: 80 81, 85, B2,COUPE 81, 85,80 80, 82, B1,100 43, C2,100 Avant 43, C2,SUPER 90; SSANGYONG: KORANDO KJ; MERCEDES-BENZ: Stufenheck W123,S-CLASS W108, W109,COUPE W111,KOMBI Kombi S123,HECKFLOSSE W111, W112,CABRIOLET W111,T2\/L Kipper; FORD: ESCORT I AFH, ATH; FIAT: ARGENTA 132A,DINO Coupe,DINO Spider; ALFA ROMEO: 166 936,GTV 916C_,75 162B,164 164,145 930,146 930,GIULIA,GT,33 907A,33 905,ALFASUD Sprint 902.A,MONTREAL,ALFASUD 901,33 Sportwagon 907B,33 Sportwagon 905A,GTA Coupe,ALFASUD Giardinetta 904,ARNA 920; PEUGEOT: 204,204 Cabriolet,304 _04M_,204 Break,304 Coupe _04C_,204 Coupe; RENAULT: 19 II B\/C53_,19 II Cabriolet D53_, 853_,SUPER 5 B\/C40_,19 I B\/C53_,9 L42_,19 II Chamade L53_,11 B\/C37_,21 Stufenheck L48_,19 I Chamade L53_,19 I Cabriolet D53_,21 Kombi K48_,21 B48_; PORSCHE: 944,924,911,911 964,911 Targa,944 Cabriolet; 7554449, 5099950, 78IF12405AA, 80GB12405AA, 80OF12405DA, D3PF12405BA, MS851234, MS851413; Tulpat,Sytytystulppa<\/p>\n","protected":false},"excerpt":{"rendered":"<p>BERU Sytytystulpat Z47 Tulpat,Sytytystulppa VW,AUDI,SSANGYONG,GOLF I Cabriolet 155,SCIROCCO 53B,GOLF I 17,PASSAT Variant 32B,PASSAT 32B,SCIROCCO 53<\/p>\n","protected":false},"featured_media":0,"template":"","meta":{"site-sidebar-layout":"default","site-content-layout":"default","ast-global-header-display":"","ast-main-header-display":"","ast-hfb-above-header-display":"","ast-hfb-below-header-display":"","ast-hfb-mobile-header-display":"","site-post-title":"","ast-breadcrumbs-content":"","ast-featured-img":"","footer-sml-layout":"","theme-transparent-header-meta":"","adv-header-id-meta":"","stick-header-meta":"","header-above-stick-meta":"","header-main-stick-meta":"","header-below-stick-meta":""},"pwb-brand":[327],"product_cat":[165],"product_tag":[],"class_list":{"0":"post-97582","1":"product","2":"type-product","3":"status-publish","5":"pwb-brand-beru","6":"product_cat-sytytystulpat","7":"desktop-align-left","8":"tablet-align-left","9":"mobile-align-left","11":"first","12":"instock","13":"product-type-external"},"brands":[{"id":327,"name":"BERU","slug":"beru"}],"_links":{"self":[{"href":"https:\/\/www.autonvaraosahaku.fi\/index.php?rest_route=\/wp\/v2\/product\/97582","targetHints":{"allow":["GET"]}}],"collection":[{"href":"https:\/\/www.autonvaraosahaku.fi\/index.php?rest_route=\/wp\/v2\/product"}],"about":[{"href":"https:\/\/www.autonvaraosahaku.fi\/index.php?rest_route=\/wp\/v2\/types\/product"}],"wp:attachment":[{"href":"https:\/\/www.autonvaraosahaku.fi\/index.php?rest_route=%2Fwp%2Fv2%2Fmedia&parent=97582"}],"wp:term":[{"taxonomy":"pwb-brand","embeddable":true,"href":"https:\/\/www.autonvaraosahaku.fi\/index.php?rest_route=%2Fwp%2Fv2%2Fpwb-brand&post=97582"},{"taxonomy":"product_cat","embeddable":true,"href":"https:\/\/www.autonvaraosahaku.fi\/index.php?rest_route=%2Fwp%2Fv2%2Fproduct_cat&post=97582"},{"taxonomy":"product_tag","embeddable":true,"href":"https:\/\/www.autonvaraosahaku.fi\/index.php?rest_route=%2Fwp%2Fv2%2Fproduct_tag&post=97582"}],"curies":[{"name":"wp","href":"https:\/\/api.w.org\/{rel}","templated":true}]}}