{"id":97628,"date":"2021-02-21T22:15:07","date_gmt":"2021-02-21T22:15:07","guid":{"rendered":"https:\/\/www.autonvaraosahaku.fi\/?product=vaico-v10-0640-alatukivarsi"},"modified":"2021-02-21T22:15:15","modified_gmt":"2021-02-21T22:15:15","slug":"vaico-v10-0640-alatukivarsi","status":"publish","type":"product","link":"https:\/\/www.autonvaraosahaku.fi\/?product=vaico-v10-0640-alatukivarsi","title":{"rendered":"VAICO V10-0640 Alatukivarsi"},"content":{"rendered":"<p>Kierremitta: M14x1,5; Materiaali: Valurauta; Ohjausmalli: Poikittaistukivarsi; Asennuspuoli: Oikea, Alla, Etuakseli, Vorderachse rechts; parilliset tuotenumerot: V10-0639; Korvaava tuote\/korvaava tiedote 2: Kumilaakerilla; Akselimittaus asennuksen j\u00e4lkeen: ; Suositellun erikoisty\u00f6kalun tuotenumero: V99-1020; Paino [kg]: 10,269; Pakkausleveys [cm]: 43; Pakkauskorkeus [mm]: 11,6; lis\u00e4tieto: CST99; VW: TOUAREG 7LA, 7L6, 7L7,TOUAREG 7P5; PORSCHE: CAYENNE 955,CAYENNE; 7L0407152C, 7L0407152D, 7L0407152E, 7L0407152H, 95534101800, 95534101810, 95534101820, 95534101830, 95534101831, 95534101832, 95534101833, 7L0407152C, 7L0407152D, 7L0407152E, 7L0407152H, 7L0407152C, 7L0407152D, 7L0407152E, 7L0407152H, 7L0407152C, 7L0407152D, 7L0407152E, 7L0407152H; Tukivarsi,Tukivarsi, Py\u00f6r\u00e4ntuenta<\/p>\n","protected":false},"excerpt":{"rendered":"<p>VAICO Alatukivarsi V10-0640 Tukivarsi,Tukivarsi, Py\u00f6r\u00e4ntuenta VW,PORSCHE,TOUAREG 7LA, 7L6, 7L7,TOUAREG 7P5,CAYENNE 955,CAYENNE<\/p>\n","protected":false},"featured_media":0,"template":"","meta":{"site-sidebar-layout":"default","site-content-layout":"default","ast-global-header-display":"","ast-main-header-display":"","ast-hfb-above-header-display":"","ast-hfb-below-header-display":"","ast-hfb-mobile-header-display":"","site-post-title":"","ast-breadcrumbs-content":"","ast-featured-img":"","footer-sml-layout":"","theme-transparent-header-meta":"","adv-header-id-meta":"","stick-header-meta":"","header-above-stick-meta":"","header-main-stick-meta":"","header-below-stick-meta":""},"pwb-brand":[330],"product_cat":[62],"product_tag":[],"class_list":{"0":"post-97628","1":"product","2":"type-product","3":"status-publish","5":"pwb-brand-vaico","6":"product_cat-alatukivarsi","7":"desktop-align-left","8":"tablet-align-left","9":"mobile-align-left","11":"first","12":"instock","13":"product-type-external"},"brands":[{"id":330,"name":"VAICO","slug":"vaico"}],"_links":{"self":[{"href":"https:\/\/www.autonvaraosahaku.fi\/index.php?rest_route=\/wp\/v2\/product\/97628","targetHints":{"allow":["GET"]}}],"collection":[{"href":"https:\/\/www.autonvaraosahaku.fi\/index.php?rest_route=\/wp\/v2\/product"}],"about":[{"href":"https:\/\/www.autonvaraosahaku.fi\/index.php?rest_route=\/wp\/v2\/types\/product"}],"wp:attachment":[{"href":"https:\/\/www.autonvaraosahaku.fi\/index.php?rest_route=%2Fwp%2Fv2%2Fmedia&parent=97628"}],"wp:term":[{"taxonomy":"pwb-brand","embeddable":true,"href":"https:\/\/www.autonvaraosahaku.fi\/index.php?rest_route=%2Fwp%2Fv2%2Fpwb-brand&post=97628"},{"taxonomy":"product_cat","embeddable":true,"href":"https:\/\/www.autonvaraosahaku.fi\/index.php?rest_route=%2Fwp%2Fv2%2Fproduct_cat&post=97628"},{"taxonomy":"product_tag","embeddable":true,"href":"https:\/\/www.autonvaraosahaku.fi\/index.php?rest_route=%2Fwp%2Fv2%2Fproduct_tag&post=97628"}],"curies":[{"name":"wp","href":"https:\/\/api.w.org\/{rel}","templated":true}]}}