{"id":97983,"date":"2021-02-21T22:17:42","date_gmt":"2021-02-21T22:17:42","guid":{"rendered":"https:\/\/www.autonvaraosahaku.fi\/?product=topran-400-536-taka-akselin-puslat"},"modified":"2021-02-21T22:17:47","modified_gmt":"2021-02-21T22:17:47","slug":"topran-400-536-taka-akselin-puslat","status":"publish","type":"product","link":"https:\/\/www.autonvaraosahaku.fi\/?product=topran-400-536-taka-akselin-puslat","title":{"rendered":"TOPRAN 400 536 Taka-akselin puslat"},"content":{"rendered":"<p>Asennuspuoli: Ulompi, Edess\u00e4, Taka-akseli, molemminpuolinen; Lukum\u00e4\u00e4r\u00e4 akselille: 1; Moottorinumero: 201 024\/102 961; MERCEDES-BENZ: C-CLASS W202,190 W201,SLK R170,Stufenheck W124,CLK C208,C-CLASS Kombi S202,KOMBI Kombi S124,E-CLASS W124,CLK Cabriolet A208,COUPE C124,E-CLASS Kombi S124,E-CLASS Cabriolet A124,E-CLASS Coupe C124; 1243500341, 1243506408, A1243500341, A1243506408<\/p>\n","protected":false},"excerpt":{"rendered":"<p>TOPRAN Kiinnitys, Akseliston Kiinnitys 400 536  MERCEDES-BENZ,C-CLASS W202,190 W201,SLK R170,Stufenheck W124,CLK C208,C-CLASS Kombi S202<\/p>\n","protected":false},"featured_media":0,"template":"","meta":{"site-sidebar-layout":"default","site-content-layout":"default","ast-global-header-display":"","ast-main-header-display":"","ast-hfb-above-header-display":"","ast-hfb-below-header-display":"","ast-hfb-mobile-header-display":"","site-post-title":"","ast-breadcrumbs-content":"","ast-featured-img":"","footer-sml-layout":"","theme-transparent-header-meta":"","adv-header-id-meta":"","stick-header-meta":"","header-above-stick-meta":"","header-main-stick-meta":"","header-below-stick-meta":""},"pwb-brand":[18],"product_cat":[156],"product_tag":[],"class_list":{"0":"post-97983","1":"product","2":"type-product","3":"status-publish","5":"pwb-brand-topran","6":"product_cat-taka-akselin-puslat","7":"desktop-align-left","8":"tablet-align-left","9":"mobile-align-left","11":"first","12":"instock","13":"product-type-external"},"brands":[{"id":18,"name":"TOPRAN","slug":"topran"}],"_links":{"self":[{"href":"https:\/\/www.autonvaraosahaku.fi\/index.php?rest_route=\/wp\/v2\/product\/97983","targetHints":{"allow":["GET"]}}],"collection":[{"href":"https:\/\/www.autonvaraosahaku.fi\/index.php?rest_route=\/wp\/v2\/product"}],"about":[{"href":"https:\/\/www.autonvaraosahaku.fi\/index.php?rest_route=\/wp\/v2\/types\/product"}],"wp:attachment":[{"href":"https:\/\/www.autonvaraosahaku.fi\/index.php?rest_route=%2Fwp%2Fv2%2Fmedia&parent=97983"}],"wp:term":[{"taxonomy":"pwb-brand","embeddable":true,"href":"https:\/\/www.autonvaraosahaku.fi\/index.php?rest_route=%2Fwp%2Fv2%2Fpwb-brand&post=97983"},{"taxonomy":"product_cat","embeddable":true,"href":"https:\/\/www.autonvaraosahaku.fi\/index.php?rest_route=%2Fwp%2Fv2%2Fproduct_cat&post=97983"},{"taxonomy":"product_tag","embeddable":true,"href":"https:\/\/www.autonvaraosahaku.fi\/index.php?rest_route=%2Fwp%2Fv2%2Fproduct_tag&post=97983"}],"curies":[{"name":"wp","href":"https:\/\/api.w.org\/{rel}","templated":true}]}}