{"id":98374,"date":"2021-02-21T22:20:33","date_gmt":"2021-02-21T22:20:33","guid":{"rendered":"https:\/\/www.autonvaraosahaku.fi\/?product=brembo-09-5857-14-jarrulevyt"},"modified":"2021-02-21T22:20:35","modified_gmt":"2021-02-21T22:20:35","slug":"brembo-09-5857-14-jarrulevyt","status":"publish","type":"product","link":"https:\/\/www.autonvaraosahaku.fi\/?product=brembo-09-5857-14-jarrulevyt","title":{"rendered":"BREMBO 09.5857.14 Jarrulevyt"},"content":{"rendered":"<p>Kiristysmomentti: 85; keskitt\u00e4misl\u00e4pimitta [mm]: 64; Reikien m\u00e4\u00e4r\u00e4: 4; V\u00e4himm\u00e4ispaksuus (mm): 15; Jarrulevyn paksuus (mm): 17; Jarrulevytyyppi: Tuuletettu, sis\u00e4; Korkeus (mm): 50; L\u00e4pimitta [mm]: 231; Asennuspuoli: Vorderachse; SUZUKI: SWIFT II Schr\u00e4gheck EA, MA,ALTO HA12, HA23,ALTO HA11,SWIFT Cabriolet SF413,SWIFT II Stufenheck AH, AJ,CAPPUCINO EA; SUBARU: JUSTY II JMA, MS; 5531180F00, 5531180F01, 5531180F02, 5531180F03, 5531160B30, 5531180F00, 5531180F01, 5531180F02, 5531180F03; Jarrulevy<\/p>\n","protected":false},"excerpt":{"rendered":"<p>BREMBO Jarrulevyt 09.5857.14 Jarrulevy SUZUKI,SUBARU,SWIFT II Schr\u00e4gheck EA, MA,ALTO HA12, HA23,ALTO HA11,SWIFT Cabriolet SF413<\/p>\n","protected":false},"featured_media":0,"template":"","meta":{"site-sidebar-layout":"default","site-content-layout":"default","ast-global-header-display":"","ast-main-header-display":"","ast-hfb-above-header-display":"","ast-hfb-below-header-display":"","ast-hfb-mobile-header-display":"","site-post-title":"","ast-breadcrumbs-content":"","ast-featured-img":"","footer-sml-layout":"","theme-transparent-header-meta":"","adv-header-id-meta":"","stick-header-meta":"","header-above-stick-meta":"","header-main-stick-meta":"","header-below-stick-meta":""},"pwb-brand":[146],"product_cat":[66],"product_tag":[],"class_list":{"0":"post-98374","1":"product","2":"type-product","3":"status-publish","5":"pwb-brand-brembo","6":"product_cat-jarrulevyt","7":"desktop-align-left","8":"tablet-align-left","9":"mobile-align-left","11":"first","12":"instock","13":"product-type-external"},"brands":[{"id":146,"name":"BREMBO","slug":"brembo"}],"_links":{"self":[{"href":"https:\/\/www.autonvaraosahaku.fi\/index.php?rest_route=\/wp\/v2\/product\/98374","targetHints":{"allow":["GET"]}}],"collection":[{"href":"https:\/\/www.autonvaraosahaku.fi\/index.php?rest_route=\/wp\/v2\/product"}],"about":[{"href":"https:\/\/www.autonvaraosahaku.fi\/index.php?rest_route=\/wp\/v2\/types\/product"}],"wp:attachment":[{"href":"https:\/\/www.autonvaraosahaku.fi\/index.php?rest_route=%2Fwp%2Fv2%2Fmedia&parent=98374"}],"wp:term":[{"taxonomy":"pwb-brand","embeddable":true,"href":"https:\/\/www.autonvaraosahaku.fi\/index.php?rest_route=%2Fwp%2Fv2%2Fpwb-brand&post=98374"},{"taxonomy":"product_cat","embeddable":true,"href":"https:\/\/www.autonvaraosahaku.fi\/index.php?rest_route=%2Fwp%2Fv2%2Fproduct_cat&post=98374"},{"taxonomy":"product_tag","embeddable":true,"href":"https:\/\/www.autonvaraosahaku.fi\/index.php?rest_route=%2Fwp%2Fv2%2Fproduct_tag&post=98374"}],"curies":[{"name":"wp","href":"https:\/\/api.w.org\/{rel}","templated":true}]}}