{"id":98379,"date":"2021-02-21T22:20:33","date_gmt":"2021-02-21T22:20:33","guid":{"rendered":"https:\/\/www.autonvaraosahaku.fi\/?product=hengst-filter-e10h02-hydrauliikkasuodatin"},"modified":"2021-02-21T22:20:37","modified_gmt":"2021-02-21T22:20:37","slug":"hengst-filter-e10h02-hydrauliikkasuodatin","status":"publish","type":"product","link":"https:\/\/www.autonvaraosahaku.fi\/?product=hengst-filter-e10h02-hydrauliikkasuodatin","title":{"rendered":"HENGST FILTER E10H02 Hydrauliikkasuodatin"},"content":{"rendered":"<p>Ulkol\u00e4pimitta [mm]: 58,0; Sis\u00e4l\u00e4pimitta 1 [mm]: 18,0; Sis\u00e4l\u00e4pimitta 2 [mm]: 18,0; Korkeus (mm): 100,0; Valmistusvuosi alkaen: 08\/1990; VW: L 80; MERCEDES-BENZ: T2\/L Kasten\/Kombi,T2\/LN1 Kasten\/Kombi,VARIO Kasten\/Kombi,VARIO Pritsche\/Fahrgestell,T2\/L Pritsche\/Fahrgestell,VARIO Kipper,T2\/LN1 Pritsche\/Fahrgestell,T2\/L Kommunalfahrzeug,VARIO Bus,T2\/LN1 Kipper,T2\/L Kipper,T2\/LN1 Bus,VARIO Triebkopf,T2\/LN1 Triebkopf,ACCELO,ACTROS,ACTROS MP2 \/ MP3,ACTROS MP4 \/ MP5,ANTOS,AROCS,ATEGO,ATEGO 2,ATEGO 3,AXOR,AXOR 2,CAPACITY,CITARO (O 530),CITO (O 520),CONECTO (O 345),ECONIC,ECONIC 2,INTEGRO (O 550),INTOURO,LK\/LN2,LP,MK,NG,O 301,O 302,O 303,O 304,O 330,O 340,O 403,O 404,O 405,O 407,O 408,OH,SK,TOURINO (O 510),TOURISMO (O 350),TOURO (O 500),TRAVEGO (O 580),UNIMOG,ZETROS; IVECO: DAILY III Pritsche\/Fahrgestell,DAILY III Kasten\/Kombi,DAILY II Pritsche\/Fahrgestell,DAILY II Kasten\/Kombi,DAILY I Pritsche\/Fahrgestell,DAILY II Bus,DAILY I Kasten\/Kombi,DAILY II Kipper,CITYCLASS,CROSSWAY,EUROCARGO I-III,EUROFIRE,EUROSTAR,EUROTECH MH,EUROTECH MP,EUROTECH MT,EUROTRAKKER,M,MAGELYS,P\/PA,P\/PA-Haubenfahrzeuge,STRALIS,STRATOR,TRAKKER,TURBOSTAR,TURBOTECH,URBANWAY,ZETA; TOYOTA: HILUX III Pick-up TGN1_, GGN2_, GGN1_, KUN2_, KUN1_; VOLVO: B12,F10,F12,FE II,FH II,FH12,FH16,FH16 II,FL III,FL10,FL12,FL6,FL7,FLC,FM,FM10,FM12,FM7,FMX,FMX II,NH12; FORD: Cargo; VISEON: C Series,L Series; VAN HOOL: A-Serie,ACRON,ALICRON,ALTANO,ASTROMEGA,ASTRON,ASTRONEF,EX-Series,Serie 9,T-Serie; TEMSA: AVENUE,DIAMOND,MD9,SAFARI,SAFIR,SAFIR PLUS,TOURMALIN; SOLARIS: ALPINO,URBINO,VACANZA; 11420661135, 11421256260, 11507425101, 32411120717, 661135, 661160, 0229348, 229348, 2966261, 5000674, 5000675, 5000676, BD7F3K758A, BD7T3K758A, 01902137, 02966261, 1902137, 42559501, 5001018962, 9914553, 81473016005, 0001842225, 0001842325, 0001846525, 0004660204, 0004660604, 0004662804, 0004663004, 0011842225, 0021841125, A0001842225, A0001842325, A0001846525, A0004660204, A0004660604, A0004662804, A0011842225, A0021841125, 5021107375, 8499135552, 5000814407, 5000820895, 5001871595, 7421392404, 480A470060, 480A470748, 21392404, 349619, 3496191, 3496197, T11145397<\/p>\n","protected":false},"excerpt":{"rendered":"<p>HENGST FILTER Hydrauliikkasuodatin, Ohjaus E10H02  VW,MERCEDES-BENZ,IVECO,L 80,T2\/L Kasten\/Kombi,T2\/LN1 Kasten\/Kombi,VARIO Kasten\/Kombi<\/p>\n","protected":false},"featured_media":0,"template":"","meta":{"site-sidebar-layout":"default","site-content-layout":"default","ast-global-header-display":"","ast-main-header-display":"","ast-hfb-above-header-display":"","ast-hfb-below-header-display":"","ast-hfb-mobile-header-display":"","site-post-title":"","ast-breadcrumbs-content":"","ast-featured-img":"","footer-sml-layout":"","theme-transparent-header-meta":"","adv-header-id-meta":"","stick-header-meta":"","header-above-stick-meta":"","header-main-stick-meta":"","header-below-stick-meta":""},"pwb-brand":[336],"product_cat":[104],"product_tag":[],"class_list":{"0":"post-98379","1":"product","2":"type-product","3":"status-publish","5":"pwb-brand-hengst-filter","6":"product_cat-hydrauliikkasuodatin","7":"desktop-align-left","8":"tablet-align-left","9":"mobile-align-left","11":"first","12":"instock","13":"product-type-external"},"brands":[{"id":336,"name":"HENGST FILTER","slug":"hengst-filter"}],"_links":{"self":[{"href":"https:\/\/www.autonvaraosahaku.fi\/index.php?rest_route=\/wp\/v2\/product\/98379","targetHints":{"allow":["GET"]}}],"collection":[{"href":"https:\/\/www.autonvaraosahaku.fi\/index.php?rest_route=\/wp\/v2\/product"}],"about":[{"href":"https:\/\/www.autonvaraosahaku.fi\/index.php?rest_route=\/wp\/v2\/types\/product"}],"wp:attachment":[{"href":"https:\/\/www.autonvaraosahaku.fi\/index.php?rest_route=%2Fwp%2Fv2%2Fmedia&parent=98379"}],"wp:term":[{"taxonomy":"pwb-brand","embeddable":true,"href":"https:\/\/www.autonvaraosahaku.fi\/index.php?rest_route=%2Fwp%2Fv2%2Fpwb-brand&post=98379"},{"taxonomy":"product_cat","embeddable":true,"href":"https:\/\/www.autonvaraosahaku.fi\/index.php?rest_route=%2Fwp%2Fv2%2Fproduct_cat&post=98379"},{"taxonomy":"product_tag","embeddable":true,"href":"https:\/\/www.autonvaraosahaku.fi\/index.php?rest_route=%2Fwp%2Fv2%2Fproduct_tag&post=98379"}],"curies":[{"name":"wp","href":"https:\/\/api.w.org\/{rel}","templated":true}]}}