{"id":98991,"date":"2021-02-21T22:24:56","date_gmt":"2021-02-21T22:24:56","guid":{"rendered":"https:\/\/www.autonvaraosahaku.fi\/?product=mahle-original-lx-291-ilmansuodatin"},"modified":"2021-02-21T22:24:57","modified_gmt":"2021-02-21T22:24:57","slug":"mahle-original-lx-291-ilmansuodatin","status":"publish","type":"product","link":"https:\/\/www.autonvaraosahaku.fi\/?product=mahle-original-lx-291-ilmansuodatin","title":{"rendered":"MAHLE ORIGINAL LX 291 Ilmansuodatin"},"content":{"rendered":"<p>Suodatintyyppi: Suodatinpanos; Korkeus (mm): 203,0; Ulkol\u00e4pimitta [mm]: 137,0; Ulkol\u00e4pimitta 1 [mm]: 187,0; Sis\u00e4l\u00e4pimitta 1 [mm]: 61,0; Sis\u00e4l\u00e4pimitta [mm]: 113,0; L\u00e4pimitta 3 [mm]: 55,0; Valmistusvuoteen: 04\/1992; CITRO\u00cbN: SAXO S0, S1,AX ZA-_,ZX N2,BX XB-_,BX Break XB-_,C15 VD-_,C15 Kombi,SAXO Hatchback van S3_; PEUGEOT: 106 II 1,106 I 1A, 1C,205 II 20A\/C,205 I Cabriolet 741B, 20D,309 II 3C, 3A,205 I 741A\/C,405 I 15B,106 Van 1_,309 I 10C, 10A,405 I Break 15E,305 II 581M,305 II Break 581E,205 Kasten,305 I 581A,305 I Break 581D; TALBOT: MURENA,HORIZON,SIMCA 1100 Schr\u00e4gheck,RANCHO,TAGORA,1307-1510,SOLARA; 1444SY, 95619441, E147018, 5004262, 5009229, 5011879, 5017016, 860X9601BAA, A780X9601AA, A810X9601TA, A830X9601DEA, EFA226, 25062244, 9974705, 144402, 1444SY, 144502, E147016, 0013870900, 0017576700, 0017689700, 0043258500, 138709, 17576700, 176897, 17689700, 43258500, 44964, 44964O, 44964U<\/p>\n","protected":false},"excerpt":{"rendered":"<p>MAHLE ORIGINAL Ilmansuodatin LX 291  CITRO\u00cbN,PEUGEOT,TALBOT,SAXO S0, S1,AX ZA-_,ZX N2,BX XB-_,BX Break XB-_,C15 VD-_,C15 Kombi,SAXO Hatchback van S3_<\/p>\n","protected":false},"featured_media":0,"template":"","meta":{"site-sidebar-layout":"default","site-content-layout":"default","ast-global-header-display":"","ast-main-header-display":"","ast-hfb-above-header-display":"","ast-hfb-below-header-display":"","ast-hfb-mobile-header-display":"","site-post-title":"","ast-breadcrumbs-content":"","ast-featured-img":"","footer-sml-layout":"","theme-transparent-header-meta":"","adv-header-id-meta":"","stick-header-meta":"","header-above-stick-meta":"","header-main-stick-meta":"","header-below-stick-meta":""},"pwb-brand":[153],"product_cat":[31],"product_tag":[],"class_list":{"0":"post-98991","1":"product","2":"type-product","3":"status-publish","5":"pwb-brand-mahle-original","6":"product_cat-ilmansuodatin","7":"desktop-align-left","8":"tablet-align-left","9":"mobile-align-left","11":"first","12":"instock","13":"product-type-external"},"brands":[{"id":153,"name":"MAHLE ORIGINAL","slug":"mahle-original"}],"_links":{"self":[{"href":"https:\/\/www.autonvaraosahaku.fi\/index.php?rest_route=\/wp\/v2\/product\/98991","targetHints":{"allow":["GET"]}}],"collection":[{"href":"https:\/\/www.autonvaraosahaku.fi\/index.php?rest_route=\/wp\/v2\/product"}],"about":[{"href":"https:\/\/www.autonvaraosahaku.fi\/index.php?rest_route=\/wp\/v2\/types\/product"}],"wp:attachment":[{"href":"https:\/\/www.autonvaraosahaku.fi\/index.php?rest_route=%2Fwp%2Fv2%2Fmedia&parent=98991"}],"wp:term":[{"taxonomy":"pwb-brand","embeddable":true,"href":"https:\/\/www.autonvaraosahaku.fi\/index.php?rest_route=%2Fwp%2Fv2%2Fpwb-brand&post=98991"},{"taxonomy":"product_cat","embeddable":true,"href":"https:\/\/www.autonvaraosahaku.fi\/index.php?rest_route=%2Fwp%2Fv2%2Fproduct_cat&post=98991"},{"taxonomy":"product_tag","embeddable":true,"href":"https:\/\/www.autonvaraosahaku.fi\/index.php?rest_route=%2Fwp%2Fv2%2Fproduct_tag&post=98991"}],"curies":[{"name":"wp","href":"https:\/\/api.w.org\/{rel}","templated":true}]}}