{"id":98994,"date":"2021-02-21T22:24:56","date_gmt":"2021-02-21T22:24:56","guid":{"rendered":"https:\/\/www.autonvaraosahaku.fi\/?product=hella-6zt-007-800-001-lampokytkin-jaahdyttimen-puhallin"},"modified":"2021-02-21T22:24:58","modified_gmt":"2021-02-21T22:24:58","slug":"hella-6zt-007-800-001-lampokytkin-jaahdyttimen-puhallin","status":"publish","type":"product","link":"https:\/\/www.autonvaraosahaku.fi\/?product=hella-6zt-007-800-001-lampokytkin-jaahdyttimen-puhallin","title":{"rendered":"HELLA 6ZT 007 800-001 L\u00e4mp\u00f6kytkin j\u00e4\u00e4hdyttimen puhallin"},"content":{"rendered":"<p>Asennusmalli: Poltti\/ruuvi; Vaihtopiste alkaen [\u00b0C]: 87; Vaihtopiste enint. [\u00b0C]: 92; Nimellisj\u00e4nnite (V): 12; Liittimi\u00e4: 2; Kierremitta: M 22 x 1,5; Yhdistelm\u00e4kytkintoiminto: Sulkija; Avainv\u00e4li: 29; Pistokemalli: Lattapistoke; Varustelumahdollisuudet: Special, Export; SEAT: MARBELLA 28,IBIZA I 021A,MARBELLA Kasten 028A,MALAGA 023A; LADA: 1200-1600,1200-1500 Kombi,SAMARA 2108, 2109, 2115, 2113, 2114,SAMARA Stufenheck 21099, 2115; SAAB: 900 I Cabriolet,900 I Combi Coupe,900 I AC4, AM4; OPEL: REKORD A Coupe; FIAT: 124 Spider,X 1\/9 128 AS,127,128 Coupe,128,131,124 Coupe,RITMO I 138A,124,132,RITMO Cabriolet,128 Familiare,FIORINO 127,131 Familiare\/Panorama; ALFA ROMEO: 33 907A,33 905,33 Sportwagon 907B,33 Sportwagon 905A; 4114572, 4235333, 4263597, 4318331, 4340878, 55331172, 60549313, 60564432, 655331172, 8122459, 82280950, 82286103, 4114572, 4235333, 4263597, 4318331, 4340878, 55331172, 655331172, 8122459, 82280950, 82286103, 4114572, 4235333, 4263597, 4318331, 4340878, 55331172, 655331172, 8122459, 82280950, 82286103, 21030380820000, 21033808800, 4086708, 8547572, 0004318331, SE127952600A, ZBA959481, ZBA959481, 01610460<\/p>\n","protected":false},"excerpt":{"rendered":"<p>HELLA L\u00e4mp\u00f6kytkin J\u00e4\u00e4hdyttimen Puhallin 6ZT 007 800-001  SEAT,LADA,SAAB,MARBELLA 28,IBIZA I 021A,MARBELLA Kasten 028A,MALAGA 023A,1200-1600<\/p>\n","protected":false},"featured_media":0,"template":"","meta":{"site-sidebar-layout":"default","site-content-layout":"default","ast-global-header-display":"","ast-main-header-display":"","ast-hfb-above-header-display":"","ast-hfb-below-header-display":"","ast-hfb-mobile-header-display":"","site-post-title":"","ast-breadcrumbs-content":"","ast-featured-img":"","footer-sml-layout":"","theme-transparent-header-meta":"","adv-header-id-meta":"","stick-header-meta":"","header-above-stick-meta":"","header-main-stick-meta":"","header-below-stick-meta":""},"pwb-brand":[24],"product_cat":[290],"product_tag":[],"class_list":{"0":"post-98994","1":"product","2":"type-product","3":"status-publish","5":"pwb-brand-hella","6":"product_cat-lampokytkin-jaahdyttimen-puhallin","7":"desktop-align-left","8":"tablet-align-left","9":"mobile-align-left","11":"first","12":"instock","13":"product-type-external"},"brands":[{"id":24,"name":"HELLA","slug":"hella"}],"_links":{"self":[{"href":"https:\/\/www.autonvaraosahaku.fi\/index.php?rest_route=\/wp\/v2\/product\/98994","targetHints":{"allow":["GET"]}}],"collection":[{"href":"https:\/\/www.autonvaraosahaku.fi\/index.php?rest_route=\/wp\/v2\/product"}],"about":[{"href":"https:\/\/www.autonvaraosahaku.fi\/index.php?rest_route=\/wp\/v2\/types\/product"}],"wp:attachment":[{"href":"https:\/\/www.autonvaraosahaku.fi\/index.php?rest_route=%2Fwp%2Fv2%2Fmedia&parent=98994"}],"wp:term":[{"taxonomy":"pwb-brand","embeddable":true,"href":"https:\/\/www.autonvaraosahaku.fi\/index.php?rest_route=%2Fwp%2Fv2%2Fpwb-brand&post=98994"},{"taxonomy":"product_cat","embeddable":true,"href":"https:\/\/www.autonvaraosahaku.fi\/index.php?rest_route=%2Fwp%2Fv2%2Fproduct_cat&post=98994"},{"taxonomy":"product_tag","embeddable":true,"href":"https:\/\/www.autonvaraosahaku.fi\/index.php?rest_route=%2Fwp%2Fv2%2Fproduct_tag&post=98994"}],"curies":[{"name":"wp","href":"https:\/\/api.w.org\/{rel}","templated":true}]}}