{"id":98999,"date":"2021-02-21T22:24:56","date_gmt":"2021-02-21T22:24:56","guid":{"rendered":"https:\/\/www.autonvaraosahaku.fi\/?product=mahle-original-kl-204-polttoainesuodatin"},"modified":"2021-02-21T22:25:00","modified_gmt":"2021-02-21T22:25:00","slug":"mahle-original-kl-204-polttoainesuodatin","status":"publish","type":"product","link":"https:\/\/www.autonvaraosahaku.fi\/?product=mahle-original-kl-204-polttoainesuodatin","title":{"rendered":"MAHLE ORIGINAL KL 204 Polttoainesuodatin"},"content":{"rendered":"<p>Suodatintyyppi: Letkusuodatin; L\u00e4pimitta [mm]: 82,6; Kopan l\u00e4pimitta (mm): 74,0; Korkeus 1 (mm): 106,5; Korkeus (mm): 130,0; Kierre sis\u00e4\u00e4ntulo: M12x1,5; Kierre ulostulo: M14x1,5; Alustanumeroon: 15-E-011 290; VW: GOLF I Cabriolet 155,SCIROCCO 53B,CADDY I 14; JAGUAR: XJ X300,XJ XJ 40, 81,XJSC Convertible,XJ Coupe; LANCIA: KAPPA 838A,THEMA 834,KAPPA SW 838B,KAPPA Coupe 838,THEMA SW 834; VOLVO: 240 Kombi P245,240 P242, P244,480 E,440 K 445,460 L 464,260 P262, P264,260 Kombi P265; SAAB: 900 I AC4, AM4; ALFA ROMEO: SPIDER 916S_,GTV 916C_,75 162B,164 164; FIAT: UNO 146A\/E,CROMA 154,REGATA 138,REGATA Weekend 138; PEUGEOT: 205 II 20A\/C,405 II 4B; MASERATI: 4200 GT SPYDER Cabriolet,4200 GT Coupe; FERRARI: 456 GT\/GTA,512 TR,5__ MARANELLO,512 M,550 BARCHETTA; 60506968, 60585533, 71732671, 71736107, 71736108, 71736110, 7174020, 7563164, 7574020, 431133511D, 431133511D, CAC9630, 0000007574020, 0060506968, 0060585533, 0071732671, 60506968, 60585533, 71732671, 71736107, 71736108, 71736110, 7174020, 7563164, 7574020, KL204, 25067071, CAC9630, 1276864, 3413903, 34139030, 3473305, 3473308, 431133511D<\/p>\n","protected":false},"excerpt":{"rendered":"<p>MAHLE ORIGINAL Polttoainesuodatin KL 204  VW,JAGUAR,LANCIA,GOLF I Cabriolet 155,SCIROCCO 53B,CADDY I 14,XJ X300,XJ XJ 40, 81,XJSC Convertible,XJ Coupe<\/p>\n","protected":false},"featured_media":0,"template":"","meta":{"site-sidebar-layout":"default","site-content-layout":"default","ast-global-header-display":"","ast-main-header-display":"","ast-hfb-above-header-display":"","ast-hfb-below-header-display":"","ast-hfb-mobile-header-display":"","site-post-title":"","ast-breadcrumbs-content":"","ast-featured-img":"","footer-sml-layout":"","theme-transparent-header-meta":"","adv-header-id-meta":"","stick-header-meta":"","header-above-stick-meta":"","header-main-stick-meta":"","header-below-stick-meta":""},"pwb-brand":[153],"product_cat":[29],"product_tag":[],"class_list":{"0":"post-98999","1":"product","2":"type-product","3":"status-publish","5":"pwb-brand-mahle-original","6":"product_cat-polttoainesuodatin","7":"desktop-align-left","8":"tablet-align-left","9":"mobile-align-left","11":"first","12":"instock","13":"product-type-external"},"brands":[{"id":153,"name":"MAHLE ORIGINAL","slug":"mahle-original"}],"_links":{"self":[{"href":"https:\/\/www.autonvaraosahaku.fi\/index.php?rest_route=\/wp\/v2\/product\/98999","targetHints":{"allow":["GET"]}}],"collection":[{"href":"https:\/\/www.autonvaraosahaku.fi\/index.php?rest_route=\/wp\/v2\/product"}],"about":[{"href":"https:\/\/www.autonvaraosahaku.fi\/index.php?rest_route=\/wp\/v2\/types\/product"}],"wp:attachment":[{"href":"https:\/\/www.autonvaraosahaku.fi\/index.php?rest_route=%2Fwp%2Fv2%2Fmedia&parent=98999"}],"wp:term":[{"taxonomy":"pwb-brand","embeddable":true,"href":"https:\/\/www.autonvaraosahaku.fi\/index.php?rest_route=%2Fwp%2Fv2%2Fpwb-brand&post=98999"},{"taxonomy":"product_cat","embeddable":true,"href":"https:\/\/www.autonvaraosahaku.fi\/index.php?rest_route=%2Fwp%2Fv2%2Fproduct_cat&post=98999"},{"taxonomy":"product_tag","embeddable":true,"href":"https:\/\/www.autonvaraosahaku.fi\/index.php?rest_route=%2Fwp%2Fv2%2Fproduct_tag&post=98999"}],"curies":[{"name":"wp","href":"https:\/\/api.w.org\/{rel}","templated":true}]}}