{"id":99040,"date":"2021-02-21T22:25:13","date_gmt":"2021-02-21T22:25:13","guid":{"rendered":"https:\/\/www.autonvaraosahaku.fi\/?product=kyb-443013-iskunvaimennin"},"modified":"2021-02-21T22:25:17","modified_gmt":"2021-02-21T22:25:17","slug":"kyb-443013-iskunvaimennin","status":"publish","type":"product","link":"https:\/\/www.autonvaraosahaku.fi\/?product=kyb-443013-iskunvaimennin","title":{"rendered":"KYB 443013 Iskunvaimennin"},"content":{"rendered":"<p>Asennuspuoli: Etuakseli; Iskunvaimennin asennustapa: Tappi ylh\u00e4\u00e4ll\u00e4, Silmukka alhaalla; Iskunvaimennin tyyppi: \u00d6ljypaine; Tuotelinja: Premium; Valmistusvuoteen: 12\/1978; SEAT: 132; FIAT: 125,132,ARGENTA 132A; 4322242, 4325450, 4325451, 4333602, 4396595, 4396596, 4434939, 8083010705, 9082710330, 15620200, 4165399, 4180863, 4184562, 4210604, 4275556, 4285686, 4322242, 4325451, 4332243, 4333602, 4333603, 4396596, 4407233, 4408223, 4408234, 4408237, 4425923, 4425924, 4425927, 4434928, 4434940, 4435024, 4440009, 4440010, 5920275, 5954016, 5954017, 5980866, 5980867, 5987254, 5989060, 8083010613, 8083010705, 9082710330, 9082710340, GDA1064, 15620200, 4165399, 4180863, 4184562, 4210604, 4275556, 4322242, 4325451, 4333602, 4396596, 4407233, 4408237, 4425923, 4425927, 4434928, 4440009, 5954016, 5980866, 5980867; Iskarit,Iskunvaimennin<\/p>\n","protected":false},"excerpt":{"rendered":"<p>KYB Iskunvaimentimet 443013 Iskarit,Iskunvaimennin SEAT,FIAT,132,125,132,ARGENTA 132A<\/p>\n","protected":false},"featured_media":0,"template":"","meta":{"site-sidebar-layout":"default","site-content-layout":"default","ast-global-header-display":"","ast-main-header-display":"","ast-hfb-above-header-display":"","ast-hfb-below-header-display":"","ast-hfb-mobile-header-display":"","site-post-title":"","ast-breadcrumbs-content":"","ast-featured-img":"","footer-sml-layout":"","theme-transparent-header-meta":"","adv-header-id-meta":"","stick-header-meta":"","header-above-stick-meta":"","header-main-stick-meta":"","header-below-stick-meta":""},"pwb-brand":[226],"product_cat":[80],"product_tag":[],"class_list":{"0":"post-99040","1":"product","2":"type-product","3":"status-publish","5":"pwb-brand-kyb","6":"product_cat-iskunvaimennin","7":"desktop-align-left","8":"tablet-align-left","9":"mobile-align-left","11":"first","12":"instock","13":"product-type-external"},"brands":[{"id":226,"name":"KYB","slug":"kyb"}],"_links":{"self":[{"href":"https:\/\/www.autonvaraosahaku.fi\/index.php?rest_route=\/wp\/v2\/product\/99040","targetHints":{"allow":["GET"]}}],"collection":[{"href":"https:\/\/www.autonvaraosahaku.fi\/index.php?rest_route=\/wp\/v2\/product"}],"about":[{"href":"https:\/\/www.autonvaraosahaku.fi\/index.php?rest_route=\/wp\/v2\/types\/product"}],"wp:attachment":[{"href":"https:\/\/www.autonvaraosahaku.fi\/index.php?rest_route=%2Fwp%2Fv2%2Fmedia&parent=99040"}],"wp:term":[{"taxonomy":"pwb-brand","embeddable":true,"href":"https:\/\/www.autonvaraosahaku.fi\/index.php?rest_route=%2Fwp%2Fv2%2Fpwb-brand&post=99040"},{"taxonomy":"product_cat","embeddable":true,"href":"https:\/\/www.autonvaraosahaku.fi\/index.php?rest_route=%2Fwp%2Fv2%2Fproduct_cat&post=99040"},{"taxonomy":"product_tag","embeddable":true,"href":"https:\/\/www.autonvaraosahaku.fi\/index.php?rest_route=%2Fwp%2Fv2%2Fproduct_tag&post=99040"}],"curies":[{"name":"wp","href":"https:\/\/api.w.org\/{rel}","templated":true}]}}