{"id":99157,"date":"2021-02-21T22:26:04","date_gmt":"2021-02-21T22:26:04","guid":{"rendered":"https:\/\/www.autonvaraosahaku.fi\/?product=herthbuss-jakoparts-j3304026-jarrulevyt"},"modified":"2021-02-21T22:26:07","modified_gmt":"2021-02-21T22:26:07","slug":"herthbuss-jakoparts-j3304026-jarrulevyt","status":"publish","type":"product","link":"https:\/\/www.autonvaraosahaku.fi\/?product=herthbuss-jakoparts-j3304026-jarrulevyt","title":{"rendered":"HERTH+BUSS JAKOPARTS J3304026 Jarrulevyt"},"content":{"rendered":"<p>Jarrulevytyyppi: Tuuletettu, sis\u00e4; Ulkol\u00e4pimitta [mm]: 262; Jarrulevyn paksuus (mm): 21; V\u00e4himm\u00e4ispaksuus (mm): 19; Reikien m\u00e4\u00e4r\u00e4: 4; Reik\u00e4lukum\u00e4\u00e4r\u00e4 1: 2; Reik\u00e4lukum\u00e4\u00e4r\u00e4 2: 2; Reik\u00e4ympyr\u00e4-\u00d8 [mm]: 100; Sis\u00e4l\u00e4pimitta [mm]: 140,7; Korkeus (mm): 44,7; Napa-\u00d8 (mm): 64; Pinta: pinnoitettu; t\u00e4ytt\u00e4\u00e4 ECE-normin: E1 90R-02C0064\/0297; Asennuspuoli: Vorderachse; HONDA: CIVIC VII Hatchback EU, EP, EV,JAZZ III GE,CIVIC VI Hatchback EJ, EK,CIVIC VI Fastback MA, MB,CRX III EH, EG,CIVIC VI Aerodeck MB, MC,CRX II ED, EE,CIVIC V Hatchback EG,CIVIC VII Coupe EM2,INSIGHT ZE_,CIVIC IV Hatchback EC, ED, EE,CIVIC VI Stufenheck EJ, EK,CIVIC VI Coupe EJ, EM1,CIVIC V Coupe EJ,CIVIC VII Stufenheck ES,CIVIC V Stufenheck EG, EH,JAZZ IV GK; ROVER: 25 RF,200 RF,45 Stufenheck RT,45 RT,400 RT,CABRIOLET XW,400 Hatchback RT,200 Coupe XW,400 Tourer XW; MG: MG ZR,MG ZS,MG ZS Hatchback; 45251S5DA10, 45251SK7A00, 45251SK7A10, 45251SK7J00, 45251SR0A00, 45251SR0A10, SDB100600, 45251S06000, 45251S5DA10, 45251S5HT10, 45251S6DE10, 45251SCC000, 45251SCC900, 45251SCC901, 45251SK7000, 45251SK7A00, 45251SK7A00HS, 45251SK7A10, 45251SK7J00, 45251SR0A00, 45251SR0A10, 45251ST3E10, 45251TARG00, 45251TF3E00, 45251TF3E01, 45251TG5H00, 45251TRDT00, 8DD355103121, GBD90840, GDB90840, SDB100600, GBD90840, SDB000990, GBD90840, SDB000990, SDB000991, SDB100600, 45251SK7A00, 45251SK7A10, 45251SK7J00, 45251ST3E10, GBD90840, SDB000990, SDB000991, SDB100600; Jarrulevy<\/p>\n","protected":false},"excerpt":{"rendered":"<p>HERTH+BUSS JAKOPARTS Jarrulevyt J3304026 Jarrulevy HONDA,ROVER,MG,CIVIC VII Hatchback EU, EP, EV,JAZZ III GE,CIVIC VI Hatchback EJ, EK<\/p>\n","protected":false},"featured_media":0,"template":"","meta":{"site-sidebar-layout":"default","site-content-layout":"default","ast-global-header-display":"","ast-main-header-display":"","ast-hfb-above-header-display":"","ast-hfb-below-header-display":"","ast-hfb-mobile-header-display":"","site-post-title":"","ast-breadcrumbs-content":"","ast-featured-img":"","footer-sml-layout":"","theme-transparent-header-meta":"","adv-header-id-meta":"","stick-header-meta":"","header-above-stick-meta":"","header-main-stick-meta":"","header-below-stick-meta":""},"pwb-brand":[416],"product_cat":[66],"product_tag":[],"class_list":{"0":"post-99157","1":"product","2":"type-product","3":"status-publish","5":"pwb-brand-herthbuss-jakoparts","6":"product_cat-jarrulevyt","7":"desktop-align-left","8":"tablet-align-left","9":"mobile-align-left","11":"first","12":"instock","13":"product-type-external"},"brands":[{"id":416,"name":"HERTH+BUSS JAKOPARTS","slug":"herthbuss-jakoparts"}],"_links":{"self":[{"href":"https:\/\/www.autonvaraosahaku.fi\/index.php?rest_route=\/wp\/v2\/product\/99157","targetHints":{"allow":["GET"]}}],"collection":[{"href":"https:\/\/www.autonvaraosahaku.fi\/index.php?rest_route=\/wp\/v2\/product"}],"about":[{"href":"https:\/\/www.autonvaraosahaku.fi\/index.php?rest_route=\/wp\/v2\/types\/product"}],"wp:attachment":[{"href":"https:\/\/www.autonvaraosahaku.fi\/index.php?rest_route=%2Fwp%2Fv2%2Fmedia&parent=99157"}],"wp:term":[{"taxonomy":"pwb-brand","embeddable":true,"href":"https:\/\/www.autonvaraosahaku.fi\/index.php?rest_route=%2Fwp%2Fv2%2Fpwb-brand&post=99157"},{"taxonomy":"product_cat","embeddable":true,"href":"https:\/\/www.autonvaraosahaku.fi\/index.php?rest_route=%2Fwp%2Fv2%2Fproduct_cat&post=99157"},{"taxonomy":"product_tag","embeddable":true,"href":"https:\/\/www.autonvaraosahaku.fi\/index.php?rest_route=%2Fwp%2Fv2%2Fproduct_tag&post=99157"}],"curies":[{"name":"wp","href":"https:\/\/api.w.org\/{rel}","templated":true}]}}