{"id":9950,"date":"2021-02-21T14:07:23","date_gmt":"2021-02-21T14:07:23","guid":{"rendered":"https:\/\/www.autonvaraosahaku.fi\/?product=automega-100093610-antenni"},"modified":"2021-02-21T14:07:25","modified_gmt":"2021-02-21T14:07:25","slug":"automega-100093610-antenni","status":"publish","type":"product","link":"https:\/\/www.autonvaraosahaku.fi\/?product=automega-100093610-antenni","title":{"rendered":"AUTOMEGA 100093610 Antenni"},"content":{"rendered":"<p>K\u00e4ytt\u00f6: K\u00e4sik\u00e4ytt\u00f6inen; Kierremitta: M5; Pituus (mm): 405; Asennuspuoli: Ulompi; Korimalli: Schr\u00e4gheck; OPEL: CORSA C F08, F68,ZAFIRA B A05,ASTRA H Caravan L35,MERIVA,ZAFIRA A F75_,ASTRA H L48,ASTRA G Caravan F35_,CORSA B 73_, 78_, 79_,VECTRA C Caravan,ASTRA H GTC L08,SIGNUM,VECTRA C,ASTRA F CC 53_, 54_, 58_, 59_,OMEGA B Caravan 21_, 22_, 23_,VECTRA C GTS,TIGRA TwinTop,ASTRA F Caravan 51_, 52_,COMBO Kasten\/Kombi,ASTRA G Stufenheck F69_,COMBO Tour,ASTRA F Cabriolet 53_B,ASTRA F 56_, 57_,TIGRA 95_,CORSA C Kasten F08, W5L,ASTRA F CLASSIC Caravan,ASTRA G Kasten F70,ASTRA F Van 55_; 1J0035849A, 1J0035849C, 3A0051849, 13279181, 1784011, 1784527, 1J0035849A, 1J0035849C, 3A0051849, 1J0035849A, 1J0035849C, 3A0051849, 13279181, 90566812, 1J0035849A, 1J0035849C, 3A0051849<\/p>\n","protected":false},"excerpt":{"rendered":"<p>AUTOMEGA Antenni 100093610  OPEL,CORSA C F08, F68,ZAFIRA B A05,ASTRA H Caravan L35,MERIVA,ZAFIRA A F75_,ASTRA H L48,ASTRA G Caravan F35_<\/p>\n","protected":false},"featured_media":0,"template":"","meta":{"site-sidebar-layout":"default","site-content-layout":"default","ast-global-header-display":"","ast-main-header-display":"","ast-hfb-above-header-display":"","ast-hfb-below-header-display":"","ast-hfb-mobile-header-display":"","site-post-title":"","ast-breadcrumbs-content":"","ast-featured-img":"","footer-sml-layout":"","theme-transparent-header-meta":"","adv-header-id-meta":"","stick-header-meta":"","header-above-stick-meta":"","header-main-stick-meta":"","header-below-stick-meta":""},"pwb-brand":[121],"product_cat":[164],"product_tag":[],"class_list":{"0":"post-9950","1":"product","2":"type-product","3":"status-publish","5":"pwb-brand-automega","6":"product_cat-antenni","7":"desktop-align-left","8":"tablet-align-left","9":"mobile-align-left","11":"first","12":"instock","13":"product-type-external"},"brands":[{"id":121,"name":"AUTOMEGA","slug":"automega"}],"_links":{"self":[{"href":"https:\/\/www.autonvaraosahaku.fi\/index.php?rest_route=\/wp\/v2\/product\/9950","targetHints":{"allow":["GET"]}}],"collection":[{"href":"https:\/\/www.autonvaraosahaku.fi\/index.php?rest_route=\/wp\/v2\/product"}],"about":[{"href":"https:\/\/www.autonvaraosahaku.fi\/index.php?rest_route=\/wp\/v2\/types\/product"}],"wp:attachment":[{"href":"https:\/\/www.autonvaraosahaku.fi\/index.php?rest_route=%2Fwp%2Fv2%2Fmedia&parent=9950"}],"wp:term":[{"taxonomy":"pwb-brand","embeddable":true,"href":"https:\/\/www.autonvaraosahaku.fi\/index.php?rest_route=%2Fwp%2Fv2%2Fpwb-brand&post=9950"},{"taxonomy":"product_cat","embeddable":true,"href":"https:\/\/www.autonvaraosahaku.fi\/index.php?rest_route=%2Fwp%2Fv2%2Fproduct_cat&post=9950"},{"taxonomy":"product_tag","embeddable":true,"href":"https:\/\/www.autonvaraosahaku.fi\/index.php?rest_route=%2Fwp%2Fv2%2Fproduct_tag&post=9950"}],"curies":[{"name":"wp","href":"https:\/\/api.w.org\/{rel}","templated":true}]}}