{"id":99524,"date":"2021-02-21T22:28:39","date_gmt":"2021-02-21T22:28:39","guid":{"rendered":"https:\/\/www.autonvaraosahaku.fi\/?product=trw-gdb199-jarrupalat"},"modified":"2021-02-21T22:28:45","modified_gmt":"2021-02-21T22:28:45","slug":"trw-gdb199-jarrupalat","status":"publish","type":"product","link":"https:\/\/www.autonvaraosahaku.fi\/?product=trw-gdb199-jarrupalat","title":{"rendered":"TRW GDB199 Jarrupalat"},"content":{"rendered":"<p>Valmistaja rajaus: DELCO; Kulumisenilmaisimen liitos: Kulumisenilmaisemelle; Tarkistuskilpi: E1 90R 01024\/362; Korkeus (mm): 59; Pituus (mm): 100; Paksuus [mm]: 15,5; M\u00e4\u00e4r\u00e4yksikk\u00f6: Akselisarja; Tuotelinja: COTEC; Asennuspuoli: Vorderachse; OPEL: OMEGA A 16_, 17_, 19_,VECTRA B Caravan 31_,VECTRA B CC 38_,VECTRA A 86_, 87_,ASTRA F 56_, 57_,KADETT E CC 33_, 34_, 43_, 44_,CORSA A CC 93_, 94_, 98_, 99_,MANTA B 58_, 59_,VECTRA A CC 88_, 89_,KADETT E Cabriolet 43B_,ASCONA B 81_, 86_, 87_, 88_,ASCONA C 81_, 86_, 87_, 88_,REKORD E 17_-19_, 11_, 14_, 16_,OMEGA A Caravan 66_, 67_,CORSA A TR 91_, 92_, 96_, 97_,KADETT D 31_-34_, 41_-44_,KADETT E 39_, 49_,ASCONA C CC 84_, 89_,KADETT E Caravan 35_, 36_, 45_, 46_,MANTA B CC 53_, 55_,REKORD E Caravan 61_, 66_, 67_,KADETT D 32_,37_,39, _42,KADETT D Caravan 35_, 36_, 45_, 46_,CORSA A Kasten,KADETT E Kasten 37_, 47_,KADETT E Combo 38_, 48_; LOTUS: ELAN; VAUXHALL: ASTRA Mk II CC,VECTRA B CC,CAVALIER Mk III 87,VECTRA B,VECTRA B Estate,CARLTON Mk II Estate,CAVALIER Mk III CC,CAVALIER Mk II CC,NOVA,NOVA CC,CARLTON Mk III; 1605586, 1605787, 1605788, 90167765, 90398758, 90398759, 1605654, 1605671, 1605787, 90010585, 90398758, 93191802, 90398759, 09198688, 1605536, 1605586, 1605654, 1605670, 1605671, 1605697, 1605703, 1605704, 1605783, 1605787, 1605788, 1605791, 1605820, 1605870, 90010585, 90114901, 90167765, 90295577, 90295578, 90297357, 90297358, 90298758, 90398235, 90398758, 90398759, 90398800, 90399437, 90442385, 90443902, 93191802, 1605536, 1605586, 1605654, 1605671, 1605783, 1605787, 1605788, 1605870, 90010584, 90010585, 90114901, 90167765, 90297357, 90297358, 90298758, 90398235, 90398758, 90398759, 90398800, 90399437, 90442385, 90443902, 93191802; Jarrupalasarja,Jarrupala, Levyjarru<\/p>\n","protected":false},"excerpt":{"rendered":"<p>TRW Jarrupalat GDB199 Jarrupalasarja,Jarrupala, Levyjarru OPEL,LOTUS,VAUXHALL,OMEGA A 16_, 17_, 19_,VECTRA B Caravan 31_,VECTRA B CC 38_<\/p>\n","protected":false},"featured_media":0,"template":"","meta":{"site-sidebar-layout":"default","site-content-layout":"default","ast-global-header-display":"","ast-main-header-display":"","ast-hfb-above-header-display":"","ast-hfb-below-header-display":"","ast-hfb-mobile-header-display":"","site-post-title":"","ast-breadcrumbs-content":"","ast-featured-img":"","footer-sml-layout":"","theme-transparent-header-meta":"","adv-header-id-meta":"","stick-header-meta":"","header-above-stick-meta":"","header-main-stick-meta":"","header-below-stick-meta":""},"pwb-brand":[332],"product_cat":[100],"product_tag":[],"class_list":{"0":"post-99524","1":"product","2":"type-product","3":"status-publish","5":"pwb-brand-trw","6":"product_cat-jarrupalat","7":"desktop-align-left","8":"tablet-align-left","9":"mobile-align-left","11":"first","12":"instock","13":"product-type-external"},"brands":[{"id":332,"name":"TRW","slug":"trw"}],"_links":{"self":[{"href":"https:\/\/www.autonvaraosahaku.fi\/index.php?rest_route=\/wp\/v2\/product\/99524","targetHints":{"allow":["GET"]}}],"collection":[{"href":"https:\/\/www.autonvaraosahaku.fi\/index.php?rest_route=\/wp\/v2\/product"}],"about":[{"href":"https:\/\/www.autonvaraosahaku.fi\/index.php?rest_route=\/wp\/v2\/types\/product"}],"wp:attachment":[{"href":"https:\/\/www.autonvaraosahaku.fi\/index.php?rest_route=%2Fwp%2Fv2%2Fmedia&parent=99524"}],"wp:term":[{"taxonomy":"pwb-brand","embeddable":true,"href":"https:\/\/www.autonvaraosahaku.fi\/index.php?rest_route=%2Fwp%2Fv2%2Fpwb-brand&post=99524"},{"taxonomy":"product_cat","embeddable":true,"href":"https:\/\/www.autonvaraosahaku.fi\/index.php?rest_route=%2Fwp%2Fv2%2Fproduct_cat&post=99524"},{"taxonomy":"product_tag","embeddable":true,"href":"https:\/\/www.autonvaraosahaku.fi\/index.php?rest_route=%2Fwp%2Fv2%2Fproduct_tag&post=99524"}],"curies":[{"name":"wp","href":"https:\/\/api.w.org\/{rel}","templated":true}]}}