{"id":99631,"date":"2021-02-21T22:29:33","date_gmt":"2021-02-21T22:29:33","guid":{"rendered":"https:\/\/www.autonvaraosahaku.fi\/?product=mapco-90804-pissapojan-pumppu"},"modified":"2021-02-21T22:29:34","modified_gmt":"2021-02-21T22:29:34","slug":"mapco-90804-pissapojan-pumppu","status":"publish","type":"product","link":"https:\/\/www.autonvaraosahaku.fi\/?product=mapco-90804-pissapojan-pumppu","title":{"rendered":"MAPCO 90804 Pissapojan pumppu"},"content":{"rendered":"<p>J\u00e4nnite (V): 12; K\u00e4ytt\u00f6: S\u00e4hk\u00f6inen; Liittimi\u00e4: 2; Pumpputyyppi: Kaksoispumppu; Valmistusvuoteen: 12\/2000; VW: GOLF IV 1J1,PASSAT Variant 3B6,GOLF IV Variant 1J5,POLO 6N2,POLO 6N1,PASSAT Variant 3B5,BORA Kombi 1J6; AUDI: A3 8L1,A6 Avant 4B5, C5,A6 4B2, C5; SEAT: AROSA 6H; MERCEDES-BENZ: A-CLASS W169,A-CLASS W168,E-CLASS W210,E-CLASS Kombi S210; 1J6955651, 1T0955651A, 2108691021, 1J6955651, 1T0955651A, 1J6955651, 1T0955651A, 1J6955651, 1T0955651A; Pesurin Pumppu,Lasinpesurin Pumppu,Pesunestepumppu, Lasinpesu<\/p>\n","protected":false},"excerpt":{"rendered":"<p>MAPCO Pissapojan Pumppu 90804 Pesurin Pumppu,Lasinpesurin Pumppu VW,AUDI,SEAT,GOLF IV 1J1,PASSAT Variant 3B6,GOLF IV Variant 1J5,POLO 6N2,POLO 6N1<\/p>\n","protected":false},"featured_media":0,"template":"","meta":{"site-sidebar-layout":"default","site-content-layout":"default","ast-global-header-display":"","ast-main-header-display":"","ast-hfb-above-header-display":"","ast-hfb-below-header-display":"","ast-hfb-mobile-header-display":"","site-post-title":"","ast-breadcrumbs-content":"","ast-featured-img":"","footer-sml-layout":"","theme-transparent-header-meta":"","adv-header-id-meta":"","stick-header-meta":"","header-above-stick-meta":"","header-main-stick-meta":"","header-below-stick-meta":""},"pwb-brand":[36],"product_cat":[182],"product_tag":[],"class_list":{"0":"post-99631","1":"product","2":"type-product","3":"status-publish","5":"pwb-brand-mapco","6":"product_cat-pissapojan-pumppu","7":"desktop-align-left","8":"tablet-align-left","9":"mobile-align-left","11":"first","12":"instock","13":"product-type-external"},"brands":[{"id":36,"name":"MAPCO","slug":"mapco"}],"_links":{"self":[{"href":"https:\/\/www.autonvaraosahaku.fi\/index.php?rest_route=\/wp\/v2\/product\/99631","targetHints":{"allow":["GET"]}}],"collection":[{"href":"https:\/\/www.autonvaraosahaku.fi\/index.php?rest_route=\/wp\/v2\/product"}],"about":[{"href":"https:\/\/www.autonvaraosahaku.fi\/index.php?rest_route=\/wp\/v2\/types\/product"}],"wp:attachment":[{"href":"https:\/\/www.autonvaraosahaku.fi\/index.php?rest_route=%2Fwp%2Fv2%2Fmedia&parent=99631"}],"wp:term":[{"taxonomy":"pwb-brand","embeddable":true,"href":"https:\/\/www.autonvaraosahaku.fi\/index.php?rest_route=%2Fwp%2Fv2%2Fpwb-brand&post=99631"},{"taxonomy":"product_cat","embeddable":true,"href":"https:\/\/www.autonvaraosahaku.fi\/index.php?rest_route=%2Fwp%2Fv2%2Fproduct_cat&post=99631"},{"taxonomy":"product_tag","embeddable":true,"href":"https:\/\/www.autonvaraosahaku.fi\/index.php?rest_route=%2Fwp%2Fv2%2Fproduct_tag&post=99631"}],"curies":[{"name":"wp","href":"https:\/\/api.w.org\/{rel}","templated":true}]}}