{"id":99781,"date":"2021-02-21T22:30:34","date_gmt":"2021-02-21T22:30:34","guid":{"rendered":"https:\/\/www.autonvaraosahaku.fi\/?product=blue-print-adm54248-jarrupalat"},"modified":"2021-02-21T22:30:39","modified_gmt":"2021-02-21T22:30:39","slug":"blue-print-adm54248-jarrupalat","status":"publish","type":"product","link":"https:\/\/www.autonvaraosahaku.fi\/?product=blue-print-adm54248-jarrupalat","title":{"rendered":"Blue Print ADM54248 Jarrupalat"},"content":{"rendered":"<p>Pituus (mm): 107,7; Leveys (mm): 39,7; Tarkistuskilpi: ECE R90 Approved; Asennuspuoli: Taka-akseli; Paksuus 1 [mm]: 13; Paino [kg]: 0,770; Kulumisenilmaisimen liitos: Ilman kulumisenilmaisinta; M\u00e4\u00e4r\u00e4yksikk\u00f6: Akselisarja; Alustanumerosta: 700000; MAZDA: 5 CR19,6 Station Wagon GY,6 Kombi GH,323 F VI BJ,PREMACY CP,6 Hatchback GG,6 GG,6 Schr\u00e4gheck GH,626 V Hatchback GF,6 GH,626 V GF,626 V Station Wagon GW,FAMILIA VI BJ,323 C IV BG,RX 7 I SA,626 III GD,FAMILIA IV BG,626 III Hatchback GD,626 III Coupe GD,626 III Station Wagon GV,RX 7 III FD; 1U042648Z, 1U062648Z, 1U072648Z, 1U082648Z, 1U0N2648Z, 81Y83328Z9A, 85Y53328Z9A, B6Y82643Z, FA6649230, FA6749230, FA6749280, FAY63328Z9A, FB0649280, FB0649280A, FB712628ZA, FDY12643ZA, G0YK2643ZA, GEYC2643Z, GEYC2643ZA, GEYC2643ZB, GEYC2648Z, GEYC2648ZA, GEYC2648ZB, GEYT2643Z, GEYT2648Z, GGYB2643Z, GGYB2648Z, GGYM2643Z, GGYM2648Z, GGYM2648Z9C, GGYM2648ZA, GGYM2648ZA9C, GJYA2643Z, GJYA2643ZA, GJYA2648Z, GJYA2648ZA, GJYB2643Z, GJYB2643ZA, GJYB2648Z, GJYB2648Z9C, GJYB2648ZA, GJYB2648ZA9C, GS392623Z, GS392643Z, V9118X009, V9118X020; Jarrupalasarja,Jarrupala, Levyjarru<\/p>\n","protected":false},"excerpt":{"rendered":"<p>BLUE PRINT Jarrupalat ADM54248 Jarrupalasarja,Jarrupala, Levyjarru MAZDA,5 CR19,6 Station Wagon GY,6 Kombi GH,323 F VI BJ,PREMACY CP,6 Hatchback GG<\/p>\n","protected":false},"featured_media":0,"template":"","meta":{"site-sidebar-layout":"default","site-content-layout":"default","ast-global-header-display":"","ast-main-header-display":"","ast-hfb-above-header-display":"","ast-hfb-below-header-display":"","ast-hfb-mobile-header-display":"","site-post-title":"","ast-breadcrumbs-content":"","ast-featured-img":"","footer-sml-layout":"","theme-transparent-header-meta":"","adv-header-id-meta":"","stick-header-meta":"","header-above-stick-meta":"","header-main-stick-meta":"","header-below-stick-meta":""},"pwb-brand":[533],"product_cat":[100],"product_tag":[],"class_list":{"0":"post-99781","1":"product","2":"type-product","3":"status-publish","5":"pwb-brand-blue-print","6":"product_cat-jarrupalat","7":"desktop-align-left","8":"tablet-align-left","9":"mobile-align-left","11":"first","12":"instock","13":"product-type-external"},"brands":[{"id":533,"name":"Blue Print","slug":"blue-print"}],"_links":{"self":[{"href":"https:\/\/www.autonvaraosahaku.fi\/index.php?rest_route=\/wp\/v2\/product\/99781","targetHints":{"allow":["GET"]}}],"collection":[{"href":"https:\/\/www.autonvaraosahaku.fi\/index.php?rest_route=\/wp\/v2\/product"}],"about":[{"href":"https:\/\/www.autonvaraosahaku.fi\/index.php?rest_route=\/wp\/v2\/types\/product"}],"wp:attachment":[{"href":"https:\/\/www.autonvaraosahaku.fi\/index.php?rest_route=%2Fwp%2Fv2%2Fmedia&parent=99781"}],"wp:term":[{"taxonomy":"pwb-brand","embeddable":true,"href":"https:\/\/www.autonvaraosahaku.fi\/index.php?rest_route=%2Fwp%2Fv2%2Fpwb-brand&post=99781"},{"taxonomy":"product_cat","embeddable":true,"href":"https:\/\/www.autonvaraosahaku.fi\/index.php?rest_route=%2Fwp%2Fv2%2Fproduct_cat&post=99781"},{"taxonomy":"product_tag","embeddable":true,"href":"https:\/\/www.autonvaraosahaku.fi\/index.php?rest_route=%2Fwp%2Fv2%2Fproduct_tag&post=99781"}],"curies":[{"name":"wp","href":"https:\/\/api.w.org\/{rel}","templated":true}]}}