{"id":99931,"date":"2021-02-21T22:31:43","date_gmt":"2021-02-21T22:31:43","guid":{"rendered":"https:\/\/www.autonvaraosahaku.fi\/?product=blue-print-adm58547-koiranluu"},"modified":"2021-02-21T22:31:44","modified_gmt":"2021-02-21T22:31:44","slug":"blue-print-adm58547-koiranluu","status":"publish","type":"product","link":"https:\/\/www.autonvaraosahaku.fi\/?product=blue-print-adm58547-koiranluu","title":{"rendered":"Blue Print ADM58547 Koiranluu"},"content":{"rendered":"<p>Pituus (mm): 150; Ulkol\u00e4pimitta [mm]: 15,0; Ulkokierre [mm]: M10 x 1,25; Kierteen pituus (mm): 33,5; Materiaali: Ter\u00e4s; Tanko \/ tuki: Yhdystanko; L\u00e4pimitta [mm]: 0,0; Asennuspuoli: etuakseli molemminpuoleinen; Paino [kg]: 0,001; Tarvittava kappalem\u00e4\u00e4r\u00e4: 2; MAZDA: BT-50 CD, UN; FORD: RANGER ES, ET,RANGER ER, EQ; 11516078, 3252473, 3252478, 3665949, 3665965, 3665965S1, 3754149, 3951303, 4134805, 4180663, 018734776, 022328776, 18734776, 204649720A, 22328776, 854599281, 887199281, 8AW134700, 8AW334700, 999211000, 999221000, 9YA001002, FA0199281A, FA2499281, UB3934157, UH7134152, UH7234157, W02399341, W72399341; Kallistuksenvakaajan Yhdystanko,Tanko, Kallistuksenvaimennin<\/p>\n","protected":false},"excerpt":{"rendered":"<p>BLUE PRINT Koiranluu ADM58547 Kallistuksenvakaajan Yhdystanko,Tanko, Kallistuksenvaimennin MAZDA,FORD,BT-50 CD, UN,RANGER ES, ET,RANGER ER, EQ<\/p>\n","protected":false},"featured_media":0,"template":"","meta":{"site-sidebar-layout":"default","site-content-layout":"default","ast-global-header-display":"","ast-main-header-display":"","ast-hfb-above-header-display":"","ast-hfb-below-header-display":"","ast-hfb-mobile-header-display":"","site-post-title":"","ast-breadcrumbs-content":"","ast-featured-img":"","footer-sml-layout":"","theme-transparent-header-meta":"","adv-header-id-meta":"","stick-header-meta":"","header-above-stick-meta":"","header-main-stick-meta":"","header-below-stick-meta":""},"pwb-brand":[533],"product_cat":[38],"product_tag":[],"class_list":{"0":"post-99931","1":"product","2":"type-product","3":"status-publish","5":"pwb-brand-blue-print","6":"product_cat-koiranluu","7":"desktop-align-left","8":"tablet-align-left","9":"mobile-align-left","11":"first","12":"instock","13":"product-type-external"},"brands":[{"id":533,"name":"Blue Print","slug":"blue-print"}],"_links":{"self":[{"href":"https:\/\/www.autonvaraosahaku.fi\/index.php?rest_route=\/wp\/v2\/product\/99931","targetHints":{"allow":["GET"]}}],"collection":[{"href":"https:\/\/www.autonvaraosahaku.fi\/index.php?rest_route=\/wp\/v2\/product"}],"about":[{"href":"https:\/\/www.autonvaraosahaku.fi\/index.php?rest_route=\/wp\/v2\/types\/product"}],"wp:attachment":[{"href":"https:\/\/www.autonvaraosahaku.fi\/index.php?rest_route=%2Fwp%2Fv2%2Fmedia&parent=99931"}],"wp:term":[{"taxonomy":"pwb-brand","embeddable":true,"href":"https:\/\/www.autonvaraosahaku.fi\/index.php?rest_route=%2Fwp%2Fv2%2Fpwb-brand&post=99931"},{"taxonomy":"product_cat","embeddable":true,"href":"https:\/\/www.autonvaraosahaku.fi\/index.php?rest_route=%2Fwp%2Fv2%2Fproduct_cat&post=99931"},{"taxonomy":"product_tag","embeddable":true,"href":"https:\/\/www.autonvaraosahaku.fi\/index.php?rest_route=%2Fwp%2Fv2%2Fproduct_tag&post=99931"}],"curies":[{"name":"wp","href":"https:\/\/api.w.org\/{rel}","templated":true}]}}