{"id":99956,"date":"2021-02-21T22:31:52","date_gmt":"2021-02-21T22:31:52","guid":{"rendered":"https:\/\/www.autonvaraosahaku.fi\/?product=blue-print-adv180101-kierretulppa"},"modified":"2021-02-21T22:31:54","modified_gmt":"2021-02-21T22:31:54","slug":"blue-print-adv180101-kierretulppa","status":"publish","type":"product","link":"https:\/\/www.autonvaraosahaku.fi\/?product=blue-print-adv180101-kierretulppa","title":{"rendered":"Blue Print ADV180101 Kierretulppa"},"content":{"rendered":"<p>Pituus (mm): 29,5; Ulkokierre [mm]: M14 x 1,5; Kierteen pituus (mm): 17,5; Avainv\u00e4li: 19; Ruuvikanta\/mutteriprofiili: Kuusioruuvi \/-mutteri; Materiaali: Ter\u00e4s; Pinta: Sinkitetty; Ruuvin pituus ilman p\u00e4\u00e4t\u00e4: 22; Paino [kg]: 0,04; Huomioi tekniset tiedot: ; VW: GOLF V 1K1,POLO 9N_,TOURAN 1T1, 1T2,GOLF VI 5K1,PASSAT Variant 3C5,LUPO 6X1, 6E1,PASSAT 3C2,POLO 6R, 6C,TIGUAN 5N_,GOLF VII 5G1, BE1,SHARAN 7M8, 7M9, 7M6,CADDY III Kombi 2KB, 2KJ, 2CB, 2CJ,TRANSPORTER V Bus 7HB, 7HJ, 7EB, 7EJ, 7EF,TOURAN 1T3,FOX 5Z1, 5Z3,GOLF V Variant 1K5,MULTIVAN V 7HM, 7HN, 7HF, 7EF, 7EM, 7EN,CADDY III Kasten 2KA, 2KH, 2CA, 2CH,BORA 1J2,GOLF VII Kombi BA5,TRANSPORTER V Kasten 7HA, 7HH, 7EA, 7EH,NEW BEETLE 9C1, 1C1,PHAETON 3D_,BORA Kombi 1J6,CRAFTER 30-50 Kasten 2E_,NEW BEETLE Cabriolet 1Y7,JETTA III 1K2,AMAROK 2H_, S1B,CRAFTER 30-35 Bus 2E_,TRANSPORTER V Pritsche\/Fahrgestell 7JD, 7JE, 7JL, 7JY, 7JZ,,POLO Stufenheck 9A4,CRAFTER 30-50 Pritsche\/Fahrgestell 2F_,POLO VIVO Schr\u00e4gheck,LUPO 5Z1,POLO Stufenheck 9N4,POLO VIVO Stufenheck,GOLF SPORTSVAN AM1,TOURAN,TIGUAN AD1,CADDY IV Kombi SAB, SAJ,BORA,CADDY IV Kasten SAA, SAH,CRAFTER Kasten SY_,AMAROK Pritsche\/Fahrgestell S1B,GOLF ALLTRACK BA5,CADDY ALLTRACK Kasten SAA,CADDY ALLTRACK Kombi SAB,CRAFTER ; AUDI: A3 8P1,A3 8L1,A3 Sportback 8PA,A4 Avant 8ED, B7,A4 Avant 8E5, B6,A4 8E2, B6,A2 8Z0,Q5 8R,A4 Cabriolet 8H7, B6, 8HE, B7,A4 8EC, B7,A8 4E_,Q3 8U,A1 8X1, 8XF,A5 Cabriolet 8F7,A3 Cabriolet 8P7,A4 Avant 8W5, B9,A4 8W2, B9,Q5 FY,Q2 GA,A4 Allroad 8WH, B9; JEEP: COMPASS MK49,PATRIOT MK74; SKODA: OCTAVIA Combi 1Z5,FABIA Combi 6Y5,FABIA,FABIA 6Y2,OCTAVIA Combi 1U5,OCTAVIA Combi 5E5,FABIA Combi,ROOMSTER 5J,OCTAVIA 1Z3,OCTAVIA 1U2,FABIA Stufenheck 6Y3,OCTAVIA 5E3,ROOMSTER Praktik 5J,FABIA Praktik; SEAT: IBIZA IV 6L1,LEON 1P1,IBIZA V 6J5, 6P5,LEON 1M1,ALTEA 5P1,AROSA 6H,ALHAMBRA 7V8, 7V9,LEON 5F1,ALTEA XL 5P5, 5P8,LEON ST 5F8,IBIZA V ST 6J8, 6P8,ALHAMBRA 710, 711,TOLEDO II 1M2,IBIZA V SPORTCOUPE 6J1, 6P1,CORDOBA 6L2,LEON SC 5F5,TOLEDO III 5P2,TOLEDO IV KG3,ATECA KH7; CHRYSLER: SEBRING JS,SEBRING Cabriolet JS; MITSUBISHI: OUTLANDER XL II CW_W,LANCER SPORTBACK CX_A,LANCER Stufenheck CY\/Z_A; DODGE: CALIBER,JOURNEY,AVENGER; N90813201, N90813202, 68004313AA, 68004313AA, 68004313AA, MN980017, MN980254, N90813201, N90813202, N90813201, N90813202, N90813201, N90813202; \u00d6ljytulppa,Kierretulppa, \u00d6ljypohja<\/p>\n","protected":false},"excerpt":{"rendered":"<p>BLUE PRINT Kierretulppa ADV180101 \u00d6ljytulppa,Kierretulppa, \u00d6ljypohja VW,AUDI,JEEP,GOLF V 1K1,POLO 9N_,TOURAN 1T1, 1T2,GOLF VI 5K1,PASSAT Variant 3C5<\/p>\n","protected":false},"featured_media":0,"template":"","meta":{"site-sidebar-layout":"default","site-content-layout":"default","ast-global-header-display":"","ast-main-header-display":"","ast-hfb-above-header-display":"","ast-hfb-below-header-display":"","ast-hfb-mobile-header-display":"","site-post-title":"","ast-breadcrumbs-content":"","ast-featured-img":"","footer-sml-layout":"","theme-transparent-header-meta":"","adv-header-id-meta":"","stick-header-meta":"","header-above-stick-meta":"","header-main-stick-meta":"","header-below-stick-meta":""},"pwb-brand":[533],"product_cat":[40],"product_tag":[],"class_list":{"0":"post-99956","1":"product","2":"type-product","3":"status-publish","5":"pwb-brand-blue-print","6":"product_cat-kierretulppa","7":"desktop-align-left","8":"tablet-align-left","9":"mobile-align-left","11":"first","12":"instock","13":"product-type-external"},"brands":[{"id":533,"name":"Blue Print","slug":"blue-print"}],"_links":{"self":[{"href":"https:\/\/www.autonvaraosahaku.fi\/index.php?rest_route=\/wp\/v2\/product\/99956","targetHints":{"allow":["GET"]}}],"collection":[{"href":"https:\/\/www.autonvaraosahaku.fi\/index.php?rest_route=\/wp\/v2\/product"}],"about":[{"href":"https:\/\/www.autonvaraosahaku.fi\/index.php?rest_route=\/wp\/v2\/types\/product"}],"wp:attachment":[{"href":"https:\/\/www.autonvaraosahaku.fi\/index.php?rest_route=%2Fwp%2Fv2%2Fmedia&parent=99956"}],"wp:term":[{"taxonomy":"pwb-brand","embeddable":true,"href":"https:\/\/www.autonvaraosahaku.fi\/index.php?rest_route=%2Fwp%2Fv2%2Fpwb-brand&post=99956"},{"taxonomy":"product_cat","embeddable":true,"href":"https:\/\/www.autonvaraosahaku.fi\/index.php?rest_route=%2Fwp%2Fv2%2Fproduct_cat&post=99956"},{"taxonomy":"product_tag","embeddable":true,"href":"https:\/\/www.autonvaraosahaku.fi\/index.php?rest_route=%2Fwp%2Fv2%2Fproduct_tag&post=99956"}],"curies":[{"name":"wp","href":"https:\/\/api.w.org\/{rel}","templated":true}]}}