{"id":99977,"date":"2021-02-21T22:32:00","date_gmt":"2021-02-21T22:32:00","guid":{"rendered":"https:\/\/www.autonvaraosahaku.fi\/?product=blue-print-adt30309-pissapojan-pumppu"},"modified":"2021-02-21T22:32:03","modified_gmt":"2021-02-21T22:32:03","slug":"blue-print-adt30309-pissapojan-pumppu","status":"publish","type":"product","link":"https:\/\/www.autonvaraosahaku.fi\/?product=blue-print-adt30309-pissapojan-pumppu","title":{"rendered":"Blue Print ADT30309 Pissapojan pumppu"},"content":{"rendered":"<p>Pumpputyyppi: Pumppu, (monopumppu); J\u00e4nnite (V): 12; Liittimi\u00e4: 2, 2; Paino [kg]: 0,12, 0,12; Varusteet: f\u00fcr Fahrzeuge ohne Heckscheibenwischer; MERCEDES-BENZ: CITAN Kasten 415,CITAN Kombi 415,CITAN Mixto 415; OPEL: VIVARO Kasten F7,VIVARO Combi J7,MOVANO Kasten F9,MOVANO B Kasten,MOVANO B Bus,MOVANO Combi J9,VIVARO Pritsche\/Fahrgestell E7,MOVANO Pritsche\/Fahrgestell U9, E9,MOVANO B Pritsche\/Fahrgestell,MOVANO Kipper H9; RENAULT: MEGANE II Coup\u00e9-Cabriolet EM0\/1_,TRAFIC II Bus JL,MASTER II Kasten FD,TRAFIC II Kasten FL,KANGOO \/ GRAND KANGOO KW0\/1_,KANGOO Express FC0\/1_,MASTER III Kasten FV,KANGOO Express FW0\/1_,MASTER II Pritsche\/Fahrgestell ED\/HD\/UD,KANGOO BE BOP KW0\/1_,MASTER II Bus JD,WIND E4M_,MASTER III Bus JV,MASTER III Pritsche\/Fahrgestell EV, HV, UV,FLUENCE L30_,THALIA I LB0\/1\/2_,SANDERO\/STEPWAY I,TRAFIC II Pritsche\/Fahrgestell EL,LOGAN I Kombi KS_,LOGAN I LS_,THALIA II LU1\/2_,LOGAN EXPRESS,LOGAN II; FIAT: SCUDO 270_,SCUDO Kasten 270_,SCUDO Kasten 220L,SCUDO Combinato 220P,SCUDO Pritsche\/Fahrgestell 270_,SCUDO Pritsche\/Fahrgestell 220_; PEUGEOT: 307 SW 3H,207 CC WD_,307 CC 3B,407 SW 6E_,307 3A\/C,107,307 Break 3E,607 9D, 9U,407 6D_,PARTNER Tepee,RCZ,308 CC,PARTNER Combispace 5F,PARTNER Kasten 5,508,407 Coupe 6C_,EXPERT Tepee VF3V_,EXPERT Kasten VF3A_, VF3U_, VF3X_,307 Stufenheck,PARTNER Kasten,EXPERT Kasten 222,EXPERT 224,301,EXPERT Pritsche\/Fahrgestell 223,EXPERT Pritsche\/Fahrgestell,PARTNER Pritsche\/Fahrgestell; TOYOTA: AYGO WNB1_, KGB1_; CITRO\u00cbN: C1 PM_, PN_,BERLINGO MF,C4 I LC_,BERLINGO Kasten M_,C5 I DC_,C5 III RD_,C4 Coupe LA_,C3 Pluriel HB_,C4 II B7,C5 II RC_,JUMPY,C6 TD_,JUMPY Kasten,EVASION 22, U6,C4 Stufenheck L,JUMPY U6U,JUMPY Kasten BS_, BT_, BY_, BZ_,JUMPY Pritsche\/Fahrgestell BU_, BV_, BW_, BX_,C-ELYSEE,JUMPY Pritsche\/Fahrgestell; NISSAN: PRIMASTAR Bus X83,PRIMASTAR Kasten X83,PRIMASTAR Pritsche\/Fahrgestell; DACIA: SANDERO,DOKKER,LOGAN LS_,DOKKER Express,LOGAN II; RENAULT TRUCKS: MASCOTT Pritsche\/Fahrgestell; 1609688180, 643471, 643476, 643497, 6434F5, 9632984980, 9801242180, B000642880, 286203634R, 7700428390, 9632984980, 9641553880, 4158690021, A4158690021, 2749000QAD, 4401904, 4409867, 4410723, 1609688180, 643471, 643476, 643497, 6434F5, 9632984980, 9801242180, B000642880, 286203634R, 6001545616, 6001549443, 7700428390, 8200031805, 8200246091, 853300H010, 853300H020, 093160099, 093160294, 93160099, 93160294; Pesurin Pumppu,Lasinpesurin Pumppu,Pesunestepumppu, Lasinpesu<\/p>\n","protected":false},"excerpt":{"rendered":"<p>BLUE PRINT Pissapojan Pumppu ADT30309 Pesurin Pumppu,Lasinpesurin Pumppu MERCEDES-BENZ,OPEL,RENAULT,CITAN Kasten 415,CITAN Kombi 415,CITAN Mixto 415<\/p>\n","protected":false},"featured_media":0,"template":"","meta":{"site-sidebar-layout":"default","site-content-layout":"default","ast-global-header-display":"","ast-main-header-display":"","ast-hfb-above-header-display":"","ast-hfb-below-header-display":"","ast-hfb-mobile-header-display":"","site-post-title":"","ast-breadcrumbs-content":"","ast-featured-img":"","footer-sml-layout":"","theme-transparent-header-meta":"","adv-header-id-meta":"","stick-header-meta":"","header-above-stick-meta":"","header-main-stick-meta":"","header-below-stick-meta":""},"pwb-brand":[533],"product_cat":[182],"product_tag":[],"class_list":{"0":"post-99977","1":"product","2":"type-product","3":"status-publish","5":"pwb-brand-blue-print","6":"product_cat-pissapojan-pumppu","7":"desktop-align-left","8":"tablet-align-left","9":"mobile-align-left","11":"first","12":"instock","13":"product-type-external"},"brands":[{"id":533,"name":"Blue Print","slug":"blue-print"}],"_links":{"self":[{"href":"https:\/\/www.autonvaraosahaku.fi\/index.php?rest_route=\/wp\/v2\/product\/99977","targetHints":{"allow":["GET"]}}],"collection":[{"href":"https:\/\/www.autonvaraosahaku.fi\/index.php?rest_route=\/wp\/v2\/product"}],"about":[{"href":"https:\/\/www.autonvaraosahaku.fi\/index.php?rest_route=\/wp\/v2\/types\/product"}],"wp:attachment":[{"href":"https:\/\/www.autonvaraosahaku.fi\/index.php?rest_route=%2Fwp%2Fv2%2Fmedia&parent=99977"}],"wp:term":[{"taxonomy":"pwb-brand","embeddable":true,"href":"https:\/\/www.autonvaraosahaku.fi\/index.php?rest_route=%2Fwp%2Fv2%2Fpwb-brand&post=99977"},{"taxonomy":"product_cat","embeddable":true,"href":"https:\/\/www.autonvaraosahaku.fi\/index.php?rest_route=%2Fwp%2Fv2%2Fproduct_cat&post=99977"},{"taxonomy":"product_tag","embeddable":true,"href":"https:\/\/www.autonvaraosahaku.fi\/index.php?rest_route=%2Fwp%2Fv2%2Fproduct_tag&post=99977"}],"curies":[{"name":"wp","href":"https:\/\/api.w.org\/{rel}","templated":true}]}}